-- -------------------------------------------------------------
-- TablePlus 7.1.0(710)
--
-- https://tableplus.com/
--
-- Database: sahne
-- -------------------------------------------------------------



CREATE TABLE `check_ins` (
  `id` bigint unsigned NOT NULL AUTO_INCREMENT,
  `ticket_id` bigint unsigned NOT NULL,
  `checked_by` bigint unsigned DEFAULT NULL,
  `checked_in_at` datetime NOT NULL,
  `device_info` varchar(255) COLLATE utf8mb4_unicode_ci DEFAULT NULL,
  `created_at` timestamp NULL DEFAULT NULL,
  `updated_at` timestamp NULL DEFAULT NULL,
  PRIMARY KEY (`id`),
  KEY `check_ins_checked_by_foreign` (`checked_by`),
  KEY `check_ins_ticket_id_checked_in_at_index` (`ticket_id`,`checked_in_at`),
  CONSTRAINT `check_ins_checked_by_foreign` FOREIGN KEY (`checked_by`) REFERENCES `users` (`id`) ON DELETE SET NULL,
  CONSTRAINT `check_ins_ticket_id_foreign` FOREIGN KEY (`ticket_id`) REFERENCES `tickets` (`id`) ON DELETE CASCADE
) ENGINE=InnoDB DEFAULT CHARSET=utf8mb4 COLLATE=utf8mb4_unicode_ci;

CREATE TABLE `events` (
  `id` bigint unsigned NOT NULL AUTO_INCREMENT,
  `title` varchar(255) COLLATE utf8mb4_unicode_ci NOT NULL,
  `slug` varchar(255) COLLATE utf8mb4_unicode_ci NOT NULL,
  `description` text COLLATE utf8mb4_unicode_ci,
  `event_date` datetime NOT NULL,
  `venue_id` bigint unsigned NOT NULL,
  `is_active` tinyint(1) NOT NULL DEFAULT '1',
  `reservation_minutes` int NOT NULL DEFAULT '10',
  `max_seats_per_user` int DEFAULT NULL,
  `created_at` timestamp NULL DEFAULT NULL,
  `updated_at` timestamp NULL DEFAULT NULL,
  PRIMARY KEY (`id`),
  UNIQUE KEY `events_slug_unique` (`slug`),
  KEY `events_slug_index` (`slug`),
  KEY `events_venue_id_is_active_index` (`venue_id`,`is_active`),
  CONSTRAINT `events_venue_id_foreign` FOREIGN KEY (`venue_id`) REFERENCES `venues` (`id`) ON DELETE CASCADE
) ENGINE=InnoDB AUTO_INCREMENT=3 DEFAULT CHARSET=utf8mb4 COLLATE=utf8mb4_unicode_ci;

CREATE TABLE `failed_jobs` (
  `id` bigint unsigned NOT NULL AUTO_INCREMENT,
  `uuid` varchar(255) COLLATE utf8mb4_unicode_ci NOT NULL,
  `connection` varchar(255) COLLATE utf8mb4_unicode_ci NOT NULL,
  `queue` varchar(255) COLLATE utf8mb4_unicode_ci NOT NULL,
  `payload` longtext COLLATE utf8mb4_unicode_ci NOT NULL,
  `exception` longtext COLLATE utf8mb4_unicode_ci NOT NULL,
  `failed_at` timestamp NOT NULL DEFAULT CURRENT_TIMESTAMP,
  PRIMARY KEY (`id`),
  UNIQUE KEY `failed_jobs_uuid_unique` (`uuid`),
  KEY `failed_jobs_connection_queue_failed_at_index` (`connection`,`queue`,`failed_at`)
) ENGINE=InnoDB DEFAULT CHARSET=utf8mb4 COLLATE=utf8mb4_unicode_ci;

CREATE TABLE `job_batches` (
  `id` varchar(255) COLLATE utf8mb4_unicode_ci NOT NULL,
  `name` varchar(255) COLLATE utf8mb4_unicode_ci NOT NULL,
  `total_jobs` int NOT NULL,
  `pending_jobs` int NOT NULL,
  `failed_jobs` int NOT NULL,
  `failed_job_ids` longtext COLLATE utf8mb4_unicode_ci NOT NULL,
  `options` mediumtext COLLATE utf8mb4_unicode_ci,
  `cancelled_at` int DEFAULT NULL,
  `created_at` int NOT NULL,
  `finished_at` int DEFAULT NULL,
  PRIMARY KEY (`id`)
) ENGINE=InnoDB DEFAULT CHARSET=utf8mb4 COLLATE=utf8mb4_unicode_ci;

CREATE TABLE `jobs` (
  `id` bigint unsigned NOT NULL AUTO_INCREMENT,
  `queue` varchar(255) COLLATE utf8mb4_unicode_ci NOT NULL,
  `payload` longtext COLLATE utf8mb4_unicode_ci NOT NULL,
  `attempts` smallint unsigned NOT NULL,
  `reserved_at` int unsigned DEFAULT NULL,
  `available_at` int unsigned NOT NULL,
  `created_at` int unsigned NOT NULL,
  PRIMARY KEY (`id`),
  KEY `jobs_queue_index` (`queue`)
) ENGINE=InnoDB DEFAULT CHARSET=utf8mb4 COLLATE=utf8mb4_unicode_ci;

CREATE TABLE `migrations` (
  `id` int unsigned NOT NULL AUTO_INCREMENT,
  `migration` varchar(255) COLLATE utf8mb4_unicode_ci NOT NULL,
  `batch` int NOT NULL,
  PRIMARY KEY (`id`)
) ENGINE=InnoDB AUTO_INCREMENT=23 DEFAULT CHARSET=utf8mb4 COLLATE=utf8mb4_unicode_ci;

CREATE TABLE `payments` (
  `id` bigint unsigned NOT NULL AUTO_INCREMENT,
  `reservation_id` bigint unsigned NOT NULL,
  `provider` varchar(255) COLLATE utf8mb4_unicode_ci NOT NULL,
  `provider_payment_id` varchar(255) COLLATE utf8mb4_unicode_ci DEFAULT NULL,
  `status` enum('pending','successful','failed','refunded') COLLATE utf8mb4_unicode_ci NOT NULL DEFAULT 'pending',
  `amount` decimal(10,2) NOT NULL,
  `paid_at` datetime DEFAULT NULL,
  `raw_response` json DEFAULT NULL,
  `created_at` timestamp NULL DEFAULT NULL,
  `updated_at` timestamp NULL DEFAULT NULL,
  PRIMARY KEY (`id`),
  KEY `payments_reservation_id_status_index` (`reservation_id`,`status`),
  KEY `payments_provider_provider_payment_id_index` (`provider`,`provider_payment_id`),
  CONSTRAINT `payments_reservation_id_foreign` FOREIGN KEY (`reservation_id`) REFERENCES `reservations` (`id`) ON DELETE CASCADE
) ENGINE=InnoDB DEFAULT CHARSET=utf8mb4 COLLATE=utf8mb4_unicode_ci;

CREATE TABLE `reservation_seats` (
  `id` bigint unsigned NOT NULL AUTO_INCREMENT,
  `reservation_id` bigint unsigned NOT NULL,
  `seat_id` bigint unsigned NOT NULL,
  `price` decimal(10,2) NOT NULL,
  `attendee_name` varchar(255) COLLATE utf8mb4_unicode_ci DEFAULT NULL,
  `attendee_tc` varchar(11) COLLATE utf8mb4_unicode_ci DEFAULT NULL,
  `created_at` timestamp NULL DEFAULT NULL,
  `updated_at` timestamp NULL DEFAULT NULL,
  PRIMARY KEY (`id`),
  UNIQUE KEY `reservation_seats_seat_id_reservation_id_unique` (`seat_id`,`reservation_id`),
  KEY `reservation_seats_reservation_id_foreign` (`reservation_id`),
  KEY `reservation_seats_seat_id_reservation_id_index` (`seat_id`,`reservation_id`),
  CONSTRAINT `reservation_seats_reservation_id_foreign` FOREIGN KEY (`reservation_id`) REFERENCES `reservations` (`id`) ON DELETE CASCADE,
  CONSTRAINT `reservation_seats_seat_id_foreign` FOREIGN KEY (`seat_id`) REFERENCES `seats` (`id`) ON DELETE CASCADE
) ENGINE=InnoDB AUTO_INCREMENT=30 DEFAULT CHARSET=utf8mb4 COLLATE=utf8mb4_unicode_ci;

CREATE TABLE `reservations` (
  `id` bigint unsigned NOT NULL AUTO_INCREMENT,
  `user_id` bigint unsigned NOT NULL,
  `event_id` bigint unsigned NOT NULL,
  `status` enum('pending','paid','expired','cancelled') COLLATE utf8mb4_unicode_ci NOT NULL DEFAULT 'pending',
  `expires_at` datetime DEFAULT NULL,
  `total_price` decimal(10,2) NOT NULL DEFAULT '0.00',
  `payment_started_at` datetime DEFAULT NULL,
  `created_at` timestamp NULL DEFAULT NULL,
  `updated_at` timestamp NULL DEFAULT NULL,
  PRIMARY KEY (`id`),
  KEY `reservations_user_id_event_id_status_index` (`user_id`,`event_id`,`status`),
  KEY `reservations_event_id_status_index` (`event_id`,`status`),
  KEY `reservations_status_expires_at_index` (`status`,`expires_at`),
  CONSTRAINT `reservations_event_id_foreign` FOREIGN KEY (`event_id`) REFERENCES `events` (`id`) ON DELETE CASCADE,
  CONSTRAINT `reservations_user_id_foreign` FOREIGN KEY (`user_id`) REFERENCES `users` (`id`) ON DELETE CASCADE
) ENGINE=InnoDB AUTO_INCREMENT=13 DEFAULT CHARSET=utf8mb4 COLLATE=utf8mb4_unicode_ci;

CREATE TABLE `seats` (
  `id` bigint unsigned NOT NULL AUTO_INCREMENT,
  `venue_id` bigint unsigned NOT NULL,
  `section_id` bigint unsigned DEFAULT NULL,
  `row_label` varchar(255) COLLATE utf8mb4_unicode_ci NOT NULL,
  `seat_number` int DEFAULT NULL,
  `label` varchar(255) COLLATE utf8mb4_unicode_ci DEFAULT NULL,
  `x_position` int NOT NULL,
  `y_position` int NOT NULL,
  `price` decimal(10,2) DEFAULT NULL,
  `type` enum('standard','vip','disabled','protocol') COLLATE utf8mb4_unicode_ci NOT NULL DEFAULT 'standard',
  `is_gap` tinyint(1) NOT NULL DEFAULT '0',
  `status` enum('available','blocked','sold') COLLATE utf8mb4_unicode_ci NOT NULL DEFAULT 'available',
  `created_at` timestamp NULL DEFAULT NULL,
  `updated_at` timestamp NULL DEFAULT NULL,
  PRIMARY KEY (`id`),
  KEY `seats_section_id_foreign` (`section_id`),
  KEY `seats_venue_id_section_id_status_index` (`venue_id`,`section_id`,`status`),
  KEY `seats_venue_id_status_index` (`venue_id`,`status`),
  CONSTRAINT `seats_section_id_foreign` FOREIGN KEY (`section_id`) REFERENCES `sections` (`id`) ON DELETE SET NULL,
  CONSTRAINT `seats_venue_id_foreign` FOREIGN KEY (`venue_id`) REFERENCES `venues` (`id`) ON DELETE CASCADE
) ENGINE=InnoDB AUTO_INCREMENT=709 DEFAULT CHARSET=utf8mb4 COLLATE=utf8mb4_unicode_ci;

CREATE TABLE `sections` (
  `id` bigint unsigned NOT NULL AUTO_INCREMENT,
  `venue_id` bigint unsigned NOT NULL,
  `name` varchar(255) COLLATE utf8mb4_unicode_ci NOT NULL,
  `sort_order` int NOT NULL DEFAULT '0',
  `created_at` timestamp NULL DEFAULT NULL,
  `updated_at` timestamp NULL DEFAULT NULL,
  PRIMARY KEY (`id`),
  KEY `sections_venue_id_sort_order_index` (`venue_id`,`sort_order`),
  CONSTRAINT `sections_venue_id_foreign` FOREIGN KEY (`venue_id`) REFERENCES `venues` (`id`) ON DELETE CASCADE
) ENGINE=InnoDB AUTO_INCREMENT=5 DEFAULT CHARSET=utf8mb4 COLLATE=utf8mb4_unicode_ci;

CREATE TABLE `sessions` (
  `id` varchar(255) COLLATE utf8mb4_unicode_ci NOT NULL,
  `user_id` bigint unsigned DEFAULT NULL,
  `ip_address` varchar(45) COLLATE utf8mb4_unicode_ci DEFAULT NULL,
  `user_agent` text COLLATE utf8mb4_unicode_ci,
  `payload` longtext COLLATE utf8mb4_unicode_ci NOT NULL,
  `last_activity` int NOT NULL,
  PRIMARY KEY (`id`),
  KEY `sessions_user_id_index` (`user_id`),
  KEY `sessions_last_activity_index` (`last_activity`)
) ENGINE=InnoDB DEFAULT CHARSET=utf8mb4 COLLATE=utf8mb4_unicode_ci;

CREATE TABLE `tickets` (
  `id` bigint unsigned NOT NULL AUTO_INCREMENT,
  `reservation_id` bigint unsigned NOT NULL,
  `user_id` bigint unsigned NOT NULL,
  `event_id` bigint unsigned NOT NULL,
  `ticket_code` varchar(255) COLLATE utf8mb4_unicode_ci NOT NULL,
  `qr_code_path` varchar(255) COLLATE utf8mb4_unicode_ci DEFAULT NULL,
  `status` enum('active','used','cancelled') COLLATE utf8mb4_unicode_ci NOT NULL DEFAULT 'active',
  `attendee_name` varchar(255) COLLATE utf8mb4_unicode_ci DEFAULT NULL,
  `attendee_tc` varchar(11) COLLATE utf8mb4_unicode_ci DEFAULT NULL,
  `checked_in_at` datetime DEFAULT NULL,
  `created_at` timestamp NULL DEFAULT NULL,
  `updated_at` timestamp NULL DEFAULT NULL,
  PRIMARY KEY (`id`),
  UNIQUE KEY `tickets_ticket_code_unique` (`ticket_code`),
  KEY `tickets_reservation_id_foreign` (`reservation_id`),
  KEY `tickets_ticket_code_status_index` (`ticket_code`,`status`),
  KEY `tickets_user_id_event_id_index` (`user_id`,`event_id`),
  KEY `tickets_event_id_status_index` (`event_id`,`status`),
  CONSTRAINT `tickets_event_id_foreign` FOREIGN KEY (`event_id`) REFERENCES `events` (`id`) ON DELETE CASCADE,
  CONSTRAINT `tickets_reservation_id_foreign` FOREIGN KEY (`reservation_id`) REFERENCES `reservations` (`id`) ON DELETE CASCADE,
  CONSTRAINT `tickets_user_id_foreign` FOREIGN KEY (`user_id`) REFERENCES `users` (`id`) ON DELETE CASCADE
) ENGINE=InnoDB AUTO_INCREMENT=7 DEFAULT CHARSET=utf8mb4 COLLATE=utf8mb4_unicode_ci;

CREATE TABLE `venues` (
  `id` bigint unsigned NOT NULL AUTO_INCREMENT,
  `name` varchar(255) COLLATE utf8mb4_unicode_ci NOT NULL,
  `address` text COLLATE utf8mb4_unicode_ci,
  `map_image` varchar(255) COLLATE utf8mb4_unicode_ci DEFAULT NULL,
  `created_at` timestamp NULL DEFAULT NULL,
  `updated_at` timestamp NULL DEFAULT NULL,
  PRIMARY KEY (`id`)
) ENGINE=InnoDB AUTO_INCREMENT=2 DEFAULT CHARSET=utf8mb4 COLLATE=utf8mb4_unicode_ci;

INSERT INTO `events` (`id`, `title`, `slug`, `description`, `event_date`, `venue_id`, `is_active`, `reservation_minutes`, `max_seats_per_user`, `created_at`, `updated_at`) VALUES
(1, 'Ilkogretim Mezuniyet Toreni - Renkli Gece', 'ilkogretim-mezuniyet-2026', 'Terakki Vakfi Ozel Sisli Terakki Lisesi Ilkogretim 2026 Mezuniyet Toreni', '2026-06-22 18:00:00', 1, 1, 30, 5, '2026-06-15 10:27:28', '2026-06-15 10:27:28'),
(2, 'Lise Mezuniyet Toreni - Beyaz Gece', 'lise-mezuniyet-2026', 'Terakki Vakfi Ozel Sisli Terakki Lisesi Lise 2026 Mezuniyet Toreni', '2026-06-23 18:00:00', 1, 1, 30, 5, '2026-06-15 10:27:28', '2026-06-15 10:27:28');

INSERT INTO `migrations` (`id`, `migration`, `batch`) VALUES
(1, '0001_01_01_000000_create_users_table', 1),
(2, '0001_01_01_000001_create_cache_table', 1),
(3, '0001_01_01_000002_create_jobs_table', 1),
(4, '2026_05_15_151711_modify_users_table', 1),
(5, '2026_05_15_151800_create_venues_table', 1),
(6, '2026_05_15_151810_create_sections_table', 1),
(7, '2026_05_15_151820_create_seats_table', 1),
(8, '2026_05_15_151822_create_events_table', 1),
(9, '2026_05_15_151825_create_reservations_table', 1),
(10, '2026_05_15_151830_create_reservation_seats_table', 1),
(11, '2026_05_15_151840_create_tickets_table', 1),
(12, '2026_05_15_151850_create_check_ins_table', 1),
(13, '2026_05_15_151855_create_payments_table', 1),
(14, '2026_05_15_165739_create_personal_access_tokens_table', 1),
(15, '2026_05_17_202556_make_seat_number_and_label_nullable', 1),
(16, '2026_05_17_202701_remove_seat_unique_constraint', 1),
(17, '2026_05_18_103751_add_attendee_name_to_reservation_seats', 1),
(18, '2026_05_18_103833_make_seats_price_nullable', 1),
(19, '2026_05_18_105039_add_attendee_name_to_tickets', 1),
(20, '2026_05_21_154132_add_is_gap_to_seats', 1),
(21, '2026_06_02_000001_add_attendee_tc_to_reservation_seats_and_tickets', 1),
(22, '2026_06_15_125759_update_users_role_enum', 2);

INSERT INTO `reservation_seats` (`id`, `reservation_id`, `seat_id`, `price`, `attendee_name`, `attendee_tc`, `created_at`, `updated_at`) VALUES
(1, 8, 457, 0.00, 'Yusuf Sinan Akpınar', '42541495914', '2026-06-15 10:27:47', '2026-06-15 10:28:22'),
(5, 9, 426, 0.00, NULL, NULL, '2026-06-15 10:30:01', '2026-06-15 10:30:01'),
(9, 9, 400, 0.00, NULL, NULL, '2026-06-15 10:49:50', '2026-06-15 10:49:50'),
(10, 9, 401, 0.00, NULL, NULL, '2026-06-15 10:49:51', '2026-06-15 10:49:51'),
(11, 9, 313, 0.00, NULL, NULL, '2026-06-15 10:51:04', '2026-06-15 10:51:04'),
(12, 10, 163, 0.00, NULL, NULL, '2026-06-15 11:34:13', '2026-06-15 11:34:13'),
(18, 10, 94, 0.00, NULL, NULL, '2026-06-15 11:41:58', '2026-06-15 11:41:58'),
(19, 10, 455, 0.00, NULL, NULL, '2026-06-15 11:46:07', '2026-06-15 11:46:07'),
(20, 10, 456, 0.00, NULL, NULL, '2026-06-15 11:46:08', '2026-06-15 11:46:08'),
(21, 10, 428, 0.00, NULL, NULL, '2026-06-15 11:46:09', '2026-06-15 11:46:09'),
(27, 11, 411, 0.00, 'deneme', '42541495914', '2026-06-15 12:40:09', '2026-06-15 12:40:19'),
(28, 12, 375, 0.00, 'Yusuf Sinan', '42541495914', '2026-06-15 12:42:55', '2026-06-15 12:45:29');

INSERT INTO `reservations` (`id`, `user_id`, `event_id`, `status`, `expires_at`, `total_price`, `payment_started_at`, `created_at`, `updated_at`) VALUES
(1, 1, 1, 'pending', '2026-06-15 09:35:38', 500.00, NULL, '2026-06-15 09:25:38', '2026-06-15 09:25:38'),
(2, 2, 1, 'paid', '2026-06-15 09:35:58', 1000.00, NULL, '2026-06-15 09:25:57', '2026-06-15 09:26:39'),
(6, 2, 1, 'paid', '2026-06-15 10:43:17', 0.00, NULL, '2026-06-15 10:13:17', '2026-06-15 10:13:28'),
(7, 2, 1, 'pending', '2026-06-15 10:45:24', 0.00, NULL, '2026-06-15 10:14:37', '2026-06-15 10:15:24'),
(8, 1, 1, 'paid', '2026-06-15 10:57:59', 0.00, NULL, '2026-06-15 10:17:46', '2026-06-15 10:28:22'),
(9, 1, 1, 'pending', '2026-06-15 11:21:04', 0.00, NULL, '2026-06-15 10:29:55', '2026-06-15 10:51:04'),
(10, 2, 1, 'pending', '2026-06-15 12:16:09', 0.00, NULL, '2026-06-15 11:34:13', '2026-06-15 11:46:09'),
(11, 2, 1, 'paid', '2026-06-15 13:10:09', 0.00, NULL, '2026-06-15 12:22:15', '2026-06-15 12:40:19'),
(12, 2, 1, 'paid', '2026-06-15 13:14:44', 0.00, NULL, '2026-06-15 12:42:55', '2026-06-15 12:45:29');

INSERT INTO `seats` (`id`, `venue_id`, `section_id`, `row_label`, `seat_number`, `label`, `x_position`, `y_position`, `price`, `type`, `is_gap`, `status`, `created_at`, `updated_at`) VALUES
(1, 1, 1, 'A', 1, 'A1', -24, 150, 0.00, 'standard', 0, 'available', '2026-06-15 10:27:28', '2026-06-15 10:27:28'),
(2, 1, 1, 'A', 2, 'A2', 8, 150, 0.00, 'standard', 0, 'available', '2026-06-15 10:27:28', '2026-06-15 10:27:28'),
(3, 1, 1, 'A', 3, 'A3', 40, 150, 0.00, 'standard', 0, 'available', '2026-06-15 10:27:28', '2026-06-15 10:27:28'),
(4, 1, 1, 'A', 4, 'A4', 72, 150, 0.00, 'standard', 0, 'available', '2026-06-15 10:27:28', '2026-06-15 10:27:28'),
(5, 1, 1, 'A', 5, 'A5', 104, 150, 0.00, 'standard', 0, 'available', '2026-06-15 10:27:28', '2026-06-15 10:27:28'),
(6, 1, 1, 'A', 6, 'A6', 136, 150, 0.00, 'standard', 0, 'available', '2026-06-15 10:27:28', '2026-06-15 10:27:28'),
(7, 1, 1, 'A', 7, 'A7', 168, 150, 0.00, 'standard', 0, 'available', '2026-06-15 10:27:28', '2026-06-15 10:27:28'),
(8, 1, 1, 'A', 8, 'A8', 200, 150, 0.00, 'standard', 0, 'available', '2026-06-15 10:27:28', '2026-06-15 10:27:28'),
(9, 1, 1, 'A', 9, 'A9', 232, 150, 0.00, 'standard', 0, 'available', '2026-06-15 10:27:28', '2026-06-15 10:27:28'),
(10, 1, 1, 'A', 10, 'A10', 264, 150, 0.00, 'standard', 0, 'available', '2026-06-15 10:27:28', '2026-06-15 10:27:28'),
(11, 1, 1, 'A', 11, 'A11', 296, 150, 0.00, 'standard', 0, 'available', '2026-06-15 10:27:28', '2026-06-15 10:27:28'),
(12, 1, 1, 'A', 12, 'A12', 328, 150, 0.00, 'standard', 0, 'available', '2026-06-15 10:27:28', '2026-06-15 10:27:28'),
(13, 1, 1, 'A', 13, 'A13', 360, 150, 0.00, 'standard', 0, 'available', '2026-06-15 10:27:28', '2026-06-15 10:27:28'),
(14, 1, 1, 'A', 14, 'A14', 392, 150, 0.00, 'standard', 0, 'available', '2026-06-15 10:27:28', '2026-06-15 10:27:28'),
(15, 1, 1, 'A', 15, 'A15', 424, 150, 0.00, 'standard', 0, 'available', '2026-06-15 10:27:28', '2026-06-15 10:27:28'),
(16, 1, 1, 'A', 16, 'A16', 456, 150, 0.00, 'standard', 0, 'available', '2026-06-15 10:27:28', '2026-06-15 10:27:28'),
(17, 1, 1, 'A', 17, 'A17', 488, 150, 0.00, 'standard', 0, 'available', '2026-06-15 10:27:28', '2026-06-15 10:27:28'),
(18, 1, 1, 'A', 18, 'A18', 520, 150, 0.00, 'standard', 0, 'available', '2026-06-15 10:27:28', '2026-06-15 10:27:28'),
(19, 1, 1, 'A', 19, 'A19', 552, 150, 0.00, 'standard', 0, 'available', '2026-06-15 10:27:28', '2026-06-15 10:27:28'),
(20, 1, 1, 'A', 20, 'A20', 584, 150, 0.00, 'standard', 0, 'available', '2026-06-15 10:27:28', '2026-06-15 10:27:28'),
(21, 1, 1, 'A', 21, 'A21', 616, 150, 0.00, 'standard', 0, 'available', '2026-06-15 10:27:28', '2026-06-15 10:27:28'),
(22, 1, 1, 'A', 22, 'A22', 648, 150, 0.00, 'standard', 0, 'available', '2026-06-15 10:27:28', '2026-06-15 10:27:28'),
(23, 1, 1, 'A', 23, 'A23', 680, 150, 0.00, 'standard', 0, 'available', '2026-06-15 10:27:28', '2026-06-15 10:27:28'),
(24, 1, 1, 'A', 24, 'A24', 712, 150, 0.00, 'standard', 0, 'available', '2026-06-15 10:27:28', '2026-06-15 10:27:28'),
(25, 1, 1, 'B', 1, 'B1', -24, 186, 0.00, 'standard', 0, 'available', '2026-06-15 10:27:28', '2026-06-15 10:27:28'),
(26, 1, 1, 'B', 2, 'B2', 8, 186, 0.00, 'standard', 0, 'available', '2026-06-15 10:27:28', '2026-06-15 10:27:28'),
(27, 1, 1, 'B', 3, 'B3', 40, 186, 0.00, 'standard', 0, 'available', '2026-06-15 10:27:28', '2026-06-15 10:27:28'),
(28, 1, 1, 'B', 4, 'B4', 72, 186, 0.00, 'standard', 0, 'available', '2026-06-15 10:27:28', '2026-06-15 10:27:28'),
(29, 1, 1, 'B', 5, 'B5', 104, 186, 0.00, 'standard', 0, 'available', '2026-06-15 10:27:28', '2026-06-15 10:27:28'),
(30, 1, 1, 'B', 6, 'B6', 136, 186, 0.00, 'standard', 0, 'available', '2026-06-15 10:27:28', '2026-06-15 10:27:28'),
(31, 1, 1, 'B', 7, 'B7', 168, 186, 0.00, 'standard', 0, 'available', '2026-06-15 10:27:28', '2026-06-15 10:27:28'),
(32, 1, 1, 'B', 8, 'B8', 200, 186, 0.00, 'standard', 0, 'available', '2026-06-15 10:27:28', '2026-06-15 10:27:28'),
(33, 1, 1, 'B', 9, 'B9', 232, 186, 0.00, 'standard', 0, 'available', '2026-06-15 10:27:28', '2026-06-15 10:27:28'),
(34, 1, 1, 'B', 10, 'B10', 264, 186, 0.00, 'standard', 0, 'available', '2026-06-15 10:27:28', '2026-06-15 10:27:28'),
(35, 1, 1, 'B', 11, 'B11', 296, 186, 0.00, 'standard', 0, 'available', '2026-06-15 10:27:28', '2026-06-15 10:27:28'),
(36, 1, 1, 'B', 12, 'B12', 328, 186, 0.00, 'standard', 0, 'available', '2026-06-15 10:27:28', '2026-06-15 10:27:28'),
(37, 1, 1, 'B', 13, 'B13', 360, 186, 0.00, 'standard', 0, 'available', '2026-06-15 10:27:28', '2026-06-15 10:27:28'),
(38, 1, 1, 'B', 14, 'B14', 392, 186, 0.00, 'standard', 0, 'available', '2026-06-15 10:27:28', '2026-06-15 10:27:28'),
(39, 1, 1, 'B', 15, 'B15', 424, 186, 0.00, 'standard', 0, 'available', '2026-06-15 10:27:28', '2026-06-15 10:27:28'),
(40, 1, 1, 'B', 16, 'B16', 456, 186, 0.00, 'standard', 0, 'available', '2026-06-15 10:27:28', '2026-06-15 10:27:28'),
(41, 1, 1, 'B', 17, 'B17', 488, 186, 0.00, 'standard', 0, 'available', '2026-06-15 10:27:28', '2026-06-15 10:27:28'),
(42, 1, 1, 'B', 18, 'B18', 520, 186, 0.00, 'standard', 0, 'available', '2026-06-15 10:27:28', '2026-06-15 10:27:28'),
(43, 1, 1, 'B', 19, 'B19', 552, 186, 0.00, 'standard', 0, 'available', '2026-06-15 10:27:28', '2026-06-15 10:27:28'),
(44, 1, 1, 'B', 20, 'B20', 584, 186, 0.00, 'standard', 0, 'available', '2026-06-15 10:27:28', '2026-06-15 10:27:28'),
(45, 1, 1, 'B', 21, 'B21', 616, 186, 0.00, 'standard', 0, 'available', '2026-06-15 10:27:28', '2026-06-15 10:27:28'),
(46, 1, 1, 'B', 22, 'B22', 648, 186, 0.00, 'standard', 0, 'available', '2026-06-15 10:27:28', '2026-06-15 10:27:28'),
(47, 1, 1, 'B', 23, 'B23', 680, 186, 0.00, 'standard', 0, 'available', '2026-06-15 10:27:28', '2026-06-15 10:27:28'),
(48, 1, 1, 'B', 24, 'B24', 712, 186, 0.00, 'standard', 0, 'available', '2026-06-15 10:27:28', '2026-06-15 10:27:28'),
(49, 1, 1, 'C', 1, 'C1', -24, 222, 0.00, 'standard', 0, 'available', '2026-06-15 10:27:28', '2026-06-15 10:27:28'),
(50, 1, 1, 'C', 2, 'C2', 8, 222, 0.00, 'standard', 0, 'available', '2026-06-15 10:27:28', '2026-06-15 10:27:28'),
(51, 1, 1, 'C', 3, 'C3', 40, 222, 0.00, 'standard', 0, 'available', '2026-06-15 10:27:28', '2026-06-15 10:27:28'),
(52, 1, 1, 'C', 4, 'C4', 72, 222, 0.00, 'standard', 0, 'available', '2026-06-15 10:27:28', '2026-06-15 10:27:28'),
(53, 1, 1, 'C', 5, 'C5', 104, 222, 0.00, 'standard', 0, 'available', '2026-06-15 10:27:28', '2026-06-15 10:27:28'),
(54, 1, 1, 'C', 6, 'C6', 136, 222, 0.00, 'standard', 0, 'available', '2026-06-15 10:27:28', '2026-06-15 10:27:28'),
(55, 1, 1, 'C', 7, 'C7', 168, 222, 0.00, 'standard', 0, 'available', '2026-06-15 10:27:28', '2026-06-15 10:27:28'),
(56, 1, 1, 'C', 8, 'C8', 200, 222, 0.00, 'standard', 0, 'available', '2026-06-15 10:27:28', '2026-06-15 10:27:28'),
(57, 1, 1, 'C', 9, 'C9', 232, 222, 0.00, 'standard', 0, 'available', '2026-06-15 10:27:28', '2026-06-15 10:27:28'),
(58, 1, 1, 'C', 10, 'C10', 264, 222, 0.00, 'standard', 0, 'available', '2026-06-15 10:27:28', '2026-06-15 10:27:28'),
(59, 1, 1, 'C', 11, 'C11', 296, 222, 0.00, 'standard', 0, 'available', '2026-06-15 10:27:28', '2026-06-15 10:27:28'),
(60, 1, 1, 'C', 12, 'C12', 328, 222, 0.00, 'standard', 0, 'available', '2026-06-15 10:27:28', '2026-06-15 10:27:28'),
(61, 1, 1, 'C', 13, 'C13', 360, 222, 0.00, 'standard', 0, 'available', '2026-06-15 10:27:28', '2026-06-15 10:27:28'),
(62, 1, 1, 'C', 14, 'C14', 392, 222, 0.00, 'standard', 0, 'available', '2026-06-15 10:27:28', '2026-06-15 10:27:28'),
(63, 1, 1, 'C', 15, 'C15', 424, 222, 0.00, 'standard', 0, 'available', '2026-06-15 10:27:28', '2026-06-15 10:27:28'),
(64, 1, 1, 'C', 16, 'C16', 456, 222, 0.00, 'standard', 0, 'available', '2026-06-15 10:27:28', '2026-06-15 10:27:28'),
(65, 1, 1, 'C', 17, 'C17', 488, 222, 0.00, 'standard', 0, 'available', '2026-06-15 10:27:28', '2026-06-15 10:27:28'),
(66, 1, 1, 'C', 18, 'C18', 520, 222, 0.00, 'standard', 0, 'available', '2026-06-15 10:27:28', '2026-06-15 10:27:28'),
(67, 1, 1, 'C', 19, 'C19', 552, 222, 0.00, 'standard', 0, 'available', '2026-06-15 10:27:28', '2026-06-15 10:27:28'),
(68, 1, 1, 'C', 20, 'C20', 584, 222, 0.00, 'standard', 0, 'available', '2026-06-15 10:27:28', '2026-06-15 10:27:28'),
(69, 1, 1, 'C', 21, 'C21', 616, 222, 0.00, 'standard', 0, 'available', '2026-06-15 10:27:28', '2026-06-15 10:27:28'),
(70, 1, 1, 'C', 22, 'C22', 648, 222, 0.00, 'standard', 0, 'available', '2026-06-15 10:27:28', '2026-06-15 10:27:28'),
(71, 1, 1, 'C', 23, 'C23', 680, 222, 0.00, 'standard', 0, 'available', '2026-06-15 10:27:28', '2026-06-15 10:27:28'),
(72, 1, 1, 'C', 24, 'C24', 712, 222, 0.00, 'standard', 0, 'available', '2026-06-15 10:27:28', '2026-06-15 10:27:28'),
(73, 1, 1, 'D', 1, 'D1', -24, 258, 0.00, 'standard', 0, 'available', '2026-06-15 10:27:28', '2026-06-15 10:27:28'),
(74, 1, 1, 'D', 2, 'D2', 8, 258, 0.00, 'standard', 0, 'available', '2026-06-15 10:27:28', '2026-06-15 10:27:28'),
(75, 1, 1, 'D', 3, 'D3', 40, 258, 0.00, 'standard', 0, 'available', '2026-06-15 10:27:28', '2026-06-15 10:27:28'),
(76, 1, 1, 'D', 4, 'D4', 72, 258, 0.00, 'standard', 0, 'available', '2026-06-15 10:27:28', '2026-06-15 10:27:28'),
(77, 1, 1, 'D', 5, 'D5', 104, 258, 0.00, 'standard', 0, 'available', '2026-06-15 10:27:28', '2026-06-15 10:27:28'),
(78, 1, 1, 'D', 6, 'D6', 136, 258, 0.00, 'standard', 0, 'available', '2026-06-15 10:27:28', '2026-06-15 10:27:28'),
(79, 1, 1, 'D', 7, 'D7', 168, 258, 0.00, 'standard', 0, 'available', '2026-06-15 10:27:28', '2026-06-15 10:27:28'),
(80, 1, 1, 'D', 8, 'D8', 200, 258, 0.00, 'standard', 0, 'available', '2026-06-15 10:27:28', '2026-06-15 10:27:28'),
(81, 1, 1, 'D', 9, 'D9', 232, 258, 0.00, 'standard', 0, 'available', '2026-06-15 10:27:28', '2026-06-15 10:27:28'),
(82, 1, 1, 'D', 10, 'D10', 264, 258, 0.00, 'standard', 0, 'available', '2026-06-15 10:27:28', '2026-06-15 10:27:28'),
(83, 1, 1, 'D', 11, 'D11', 296, 258, 0.00, 'standard', 0, 'available', '2026-06-15 10:27:28', '2026-06-15 10:27:28'),
(84, 1, 1, 'D', 12, 'D12', 328, 258, 0.00, 'standard', 0, 'available', '2026-06-15 10:27:28', '2026-06-15 10:27:28'),
(85, 1, 1, 'D', 13, 'D13', 360, 258, 0.00, 'standard', 0, 'available', '2026-06-15 10:27:28', '2026-06-15 10:27:28'),
(86, 1, 1, 'D', 14, 'D14', 392, 258, 0.00, 'standard', 0, 'available', '2026-06-15 10:27:28', '2026-06-15 10:27:28'),
(87, 1, 1, 'D', 15, 'D15', 424, 258, 0.00, 'standard', 0, 'available', '2026-06-15 10:27:28', '2026-06-15 10:27:28'),
(88, 1, 1, 'D', 16, 'D16', 456, 258, 0.00, 'standard', 0, 'available', '2026-06-15 10:27:28', '2026-06-15 10:27:28'),
(89, 1, 1, 'D', 17, 'D17', 488, 258, 0.00, 'standard', 0, 'available', '2026-06-15 10:27:28', '2026-06-15 10:27:28'),
(90, 1, 1, 'D', 18, 'D18', 520, 258, 0.00, 'standard', 0, 'available', '2026-06-15 10:27:28', '2026-06-15 10:27:28'),
(91, 1, 1, 'D', 19, 'D19', 552, 258, 0.00, 'standard', 0, 'available', '2026-06-15 10:27:28', '2026-06-15 10:27:28'),
(92, 1, 1, 'D', 20, 'D20', 584, 258, 0.00, 'standard', 0, 'available', '2026-06-15 10:27:28', '2026-06-15 10:27:28'),
(93, 1, 1, 'D', 21, 'D21', 616, 258, 0.00, 'standard', 0, 'available', '2026-06-15 10:27:28', '2026-06-15 10:27:28'),
(94, 1, 1, 'D', 22, 'D22', 648, 258, 0.00, 'standard', 0, 'available', '2026-06-15 10:27:28', '2026-06-15 10:27:28'),
(95, 1, 1, 'D', 23, 'D23', 680, 258, 0.00, 'standard', 0, 'available', '2026-06-15 10:27:28', '2026-06-15 10:27:28'),
(96, 1, 1, 'D', 24, 'D24', 712, 258, 0.00, 'standard', 0, 'available', '2026-06-15 10:27:28', '2026-06-15 10:27:28'),
(97, 1, 1, 'E', 1, 'E1', -24, 294, 0.00, 'standard', 0, 'available', '2026-06-15 10:27:28', '2026-06-15 10:27:28'),
(98, 1, 1, 'E', 2, 'E2', 8, 294, 0.00, 'standard', 0, 'available', '2026-06-15 10:27:28', '2026-06-15 10:27:28'),
(99, 1, 1, 'E', 3, 'E3', 40, 294, 0.00, 'standard', 0, 'available', '2026-06-15 10:27:28', '2026-06-15 10:27:28'),
(100, 1, 1, 'E', 4, 'E4', 72, 294, 0.00, 'standard', 0, 'available', '2026-06-15 10:27:28', '2026-06-15 10:27:28'),
(101, 1, 1, 'E', 5, 'E5', 104, 294, 0.00, 'standard', 0, 'available', '2026-06-15 10:27:28', '2026-06-15 10:27:28'),
(102, 1, 1, 'E', 6, 'E6', 136, 294, 0.00, 'standard', 0, 'available', '2026-06-15 10:27:28', '2026-06-15 10:27:28'),
(103, 1, 1, 'E', 7, 'E7', 168, 294, 0.00, 'standard', 0, 'available', '2026-06-15 10:27:28', '2026-06-15 10:27:28'),
(104, 1, 1, 'E', 8, 'E8', 200, 294, 0.00, 'standard', 0, 'available', '2026-06-15 10:27:28', '2026-06-15 10:27:28'),
(105, 1, 1, 'E', 9, 'E9', 232, 294, 0.00, 'standard', 0, 'available', '2026-06-15 10:27:28', '2026-06-15 10:27:28'),
(106, 1, 1, 'E', 10, 'E10', 264, 294, 0.00, 'standard', 0, 'available', '2026-06-15 10:27:28', '2026-06-15 10:27:28'),
(107, 1, 1, 'E', 11, 'E11', 296, 294, 0.00, 'standard', 0, 'available', '2026-06-15 10:27:28', '2026-06-15 10:27:28'),
(108, 1, 1, 'E', 12, 'E12', 328, 294, 0.00, 'standard', 0, 'available', '2026-06-15 10:27:28', '2026-06-15 10:27:28'),
(109, 1, 1, 'E', 13, 'E13', 360, 294, 0.00, 'standard', 0, 'available', '2026-06-15 10:27:28', '2026-06-15 10:27:28'),
(110, 1, 1, 'E', 14, 'E14', 392, 294, 0.00, 'standard', 0, 'available', '2026-06-15 10:27:28', '2026-06-15 10:27:28'),
(111, 1, 1, 'E', 15, 'E15', 424, 294, 0.00, 'standard', 0, 'available', '2026-06-15 10:27:28', '2026-06-15 10:27:28'),
(112, 1, 1, 'E', 16, 'E16', 456, 294, 0.00, 'standard', 0, 'available', '2026-06-15 10:27:28', '2026-06-15 10:27:28'),
(113, 1, 1, 'E', 17, 'E17', 488, 294, 0.00, 'standard', 0, 'available', '2026-06-15 10:27:28', '2026-06-15 10:27:28'),
(114, 1, 1, 'E', 18, 'E18', 520, 294, 0.00, 'standard', 0, 'available', '2026-06-15 10:27:28', '2026-06-15 10:27:28'),
(115, 1, 1, 'E', 19, 'E19', 552, 294, 0.00, 'standard', 0, 'available', '2026-06-15 10:27:28', '2026-06-15 10:27:28'),
(116, 1, 1, 'E', 20, 'E20', 584, 294, 0.00, 'standard', 0, 'available', '2026-06-15 10:27:28', '2026-06-15 10:27:28'),
(117, 1, 1, 'E', 21, 'E21', 616, 294, 0.00, 'standard', 0, 'available', '2026-06-15 10:27:28', '2026-06-15 10:27:28'),
(118, 1, 1, 'E', 22, 'E22', 648, 294, 0.00, 'standard', 0, 'available', '2026-06-15 10:27:28', '2026-06-15 10:27:28'),
(119, 1, 1, 'E', 23, 'E23', 680, 294, 0.00, 'standard', 0, 'available', '2026-06-15 10:27:28', '2026-06-15 10:27:28'),
(120, 1, 1, 'E', 24, 'E24', 712, 294, 0.00, 'standard', 0, 'available', '2026-06-15 10:27:28', '2026-06-15 10:27:28'),
(121, 1, 1, 'F', 1, 'F1', -24, 330, 0.00, 'standard', 0, 'available', '2026-06-15 10:27:28', '2026-06-15 10:27:28'),
(122, 1, 1, 'F', 2, 'F2', 8, 330, 0.00, 'standard', 0, 'available', '2026-06-15 10:27:28', '2026-06-15 10:27:28'),
(123, 1, 1, 'F', 3, 'F3', 40, 330, 0.00, 'standard', 0, 'available', '2026-06-15 10:27:28', '2026-06-15 10:27:28'),
(124, 1, 1, 'F', 4, 'F4', 72, 330, 0.00, 'standard', 0, 'available', '2026-06-15 10:27:28', '2026-06-15 10:27:28'),
(125, 1, 1, 'F', 5, 'F5', 104, 330, 0.00, 'standard', 0, 'available', '2026-06-15 10:27:28', '2026-06-15 10:27:28'),
(126, 1, 1, 'F', 6, 'F6', 136, 330, 0.00, 'standard', 0, 'available', '2026-06-15 10:27:28', '2026-06-15 10:27:28'),
(127, 1, 1, 'F', 7, 'F7', 168, 330, 0.00, 'standard', 0, 'available', '2026-06-15 10:27:28', '2026-06-15 10:27:28'),
(128, 1, 1, 'F', 8, 'F8', 200, 330, 0.00, 'standard', 0, 'available', '2026-06-15 10:27:28', '2026-06-15 10:27:28'),
(129, 1, 1, 'F', 9, 'F9', 232, 330, 0.00, 'standard', 0, 'available', '2026-06-15 10:27:28', '2026-06-15 10:27:28'),
(130, 1, 1, 'F', 10, 'F10', 264, 330, 0.00, 'standard', 0, 'available', '2026-06-15 10:27:28', '2026-06-15 10:27:28'),
(131, 1, 1, 'F', 11, 'F11', 296, 330, 0.00, 'standard', 0, 'available', '2026-06-15 10:27:28', '2026-06-15 10:27:28'),
(132, 1, 1, 'F', 12, 'F12', 328, 330, 0.00, 'standard', 0, 'available', '2026-06-15 10:27:28', '2026-06-15 10:27:28'),
(133, 1, 1, 'F', 13, 'F13', 360, 330, 0.00, 'standard', 0, 'available', '2026-06-15 10:27:28', '2026-06-15 10:27:28'),
(134, 1, 1, 'F', 14, 'F14', 392, 330, 0.00, 'standard', 0, 'available', '2026-06-15 10:27:28', '2026-06-15 10:27:28'),
(135, 1, 1, 'F', 15, 'F15', 424, 330, 0.00, 'standard', 0, 'available', '2026-06-15 10:27:28', '2026-06-15 10:27:28'),
(136, 1, 1, 'F', 16, 'F16', 456, 330, 0.00, 'standard', 0, 'available', '2026-06-15 10:27:28', '2026-06-15 10:27:28'),
(137, 1, 1, 'F', 17, 'F17', 488, 330, 0.00, 'standard', 0, 'available', '2026-06-15 10:27:28', '2026-06-15 10:27:28'),
(138, 1, 1, 'F', 18, 'F18', 520, 330, 0.00, 'standard', 0, 'available', '2026-06-15 10:27:28', '2026-06-15 10:27:28'),
(139, 1, 1, 'F', 19, 'F19', 552, 330, 0.00, 'standard', 0, 'available', '2026-06-15 10:27:28', '2026-06-15 10:27:28'),
(140, 1, 1, 'F', 20, 'F20', 584, 330, 0.00, 'standard', 0, 'available', '2026-06-15 10:27:28', '2026-06-15 10:27:28'),
(141, 1, 1, 'F', 21, 'F21', 616, 330, 0.00, 'standard', 0, 'available', '2026-06-15 10:27:28', '2026-06-15 10:27:28'),
(142, 1, 1, 'F', 22, 'F22', 648, 330, 0.00, 'standard', 0, 'available', '2026-06-15 10:27:28', '2026-06-15 10:27:28'),
(143, 1, 1, 'F', 23, 'F23', 680, 330, 0.00, 'standard', 0, 'available', '2026-06-15 10:27:28', '2026-06-15 10:27:28'),
(144, 1, 1, 'F', 24, 'F24', 712, 330, 0.00, 'standard', 0, 'available', '2026-06-15 10:27:28', '2026-06-15 10:27:28'),
(145, 1, 1, 'G', 1, 'G1', -24, 366, 0.00, 'standard', 0, 'available', '2026-06-15 10:27:28', '2026-06-15 10:27:28'),
(146, 1, 1, 'G', 2, 'G2', 8, 366, 0.00, 'standard', 0, 'available', '2026-06-15 10:27:28', '2026-06-15 10:27:28'),
(147, 1, 1, 'G', 3, 'G3', 40, 366, 0.00, 'standard', 0, 'available', '2026-06-15 10:27:28', '2026-06-15 10:27:28'),
(148, 1, 1, 'G', 4, 'G4', 72, 366, 0.00, 'standard', 0, 'available', '2026-06-15 10:27:28', '2026-06-15 10:27:28'),
(149, 1, 1, 'G', 5, 'G5', 104, 366, 0.00, 'standard', 0, 'available', '2026-06-15 10:27:28', '2026-06-15 10:27:28'),
(150, 1, 1, 'G', 6, 'G6', 136, 366, 0.00, 'standard', 0, 'available', '2026-06-15 10:27:28', '2026-06-15 10:27:28'),
(151, 1, 1, 'G', 7, 'G7', 168, 366, 0.00, 'standard', 0, 'available', '2026-06-15 10:27:28', '2026-06-15 10:27:28'),
(152, 1, 1, 'G', 8, 'G8', 200, 366, 0.00, 'standard', 0, 'available', '2026-06-15 10:27:28', '2026-06-15 10:27:28'),
(153, 1, 1, 'G', 9, 'G9', 232, 366, 0.00, 'standard', 0, 'available', '2026-06-15 10:27:28', '2026-06-15 10:27:28'),
(154, 1, 1, 'G', 10, 'G10', 264, 366, 0.00, 'standard', 0, 'available', '2026-06-15 10:27:28', '2026-06-15 10:27:28'),
(155, 1, 1, 'G', 11, 'G11', 296, 366, 0.00, 'standard', 0, 'available', '2026-06-15 10:27:28', '2026-06-15 10:27:28'),
(156, 1, 1, 'G', 12, 'G12', 328, 366, 0.00, 'standard', 0, 'available', '2026-06-15 10:27:28', '2026-06-15 10:27:28'),
(157, 1, 1, 'G', 13, 'G13', 360, 366, 0.00, 'standard', 0, 'available', '2026-06-15 10:27:28', '2026-06-15 10:27:28'),
(158, 1, 1, 'G', 14, 'G14', 392, 366, 0.00, 'standard', 0, 'available', '2026-06-15 10:27:28', '2026-06-15 10:27:28'),
(159, 1, 1, 'G', 15, 'G15', 424, 366, 0.00, 'standard', 0, 'available', '2026-06-15 10:27:28', '2026-06-15 10:27:28'),
(160, 1, 1, 'G', 16, 'G16', 456, 366, 0.00, 'standard', 0, 'available', '2026-06-15 10:27:28', '2026-06-15 10:27:28'),
(161, 1, 1, 'G', 17, 'G17', 488, 366, 0.00, 'standard', 0, 'available', '2026-06-15 10:27:28', '2026-06-15 10:27:28'),
(162, 1, 1, 'G', 18, 'G18', 520, 366, 0.00, 'standard', 0, 'available', '2026-06-15 10:27:28', '2026-06-15 10:27:28'),
(163, 1, 1, 'G', 19, 'G19', 552, 366, 0.00, 'standard', 0, 'available', '2026-06-15 10:27:28', '2026-06-15 10:27:28'),
(164, 1, 1, 'G', 20, 'G20', 584, 366, 0.00, 'standard', 0, 'available', '2026-06-15 10:27:28', '2026-06-15 10:27:28'),
(165, 1, 1, 'G', 21, 'G21', 616, 366, 0.00, 'standard', 0, 'available', '2026-06-15 10:27:28', '2026-06-15 10:27:28'),
(166, 1, 1, 'G', 22, 'G22', 648, 366, 0.00, 'standard', 0, 'available', '2026-06-15 10:27:28', '2026-06-15 10:27:28'),
(167, 1, 1, 'G', 23, 'G23', 680, 366, 0.00, 'standard', 0, 'available', '2026-06-15 10:27:28', '2026-06-15 10:27:28'),
(168, 1, 1, 'G', 24, 'G24', 712, 366, 0.00, 'standard', 0, 'available', '2026-06-15 10:27:28', '2026-06-15 10:27:28'),
(169, 1, 1, 'H', 1, 'H1', -24, 402, 0.00, 'standard', 0, 'available', '2026-06-15 10:27:28', '2026-06-15 10:27:28'),
(170, 1, 1, 'H', 2, 'H2', 8, 402, 0.00, 'standard', 0, 'available', '2026-06-15 10:27:28', '2026-06-15 10:27:28'),
(171, 1, 1, 'H', 3, 'H3', 40, 402, 0.00, 'standard', 0, 'available', '2026-06-15 10:27:28', '2026-06-15 10:27:28'),
(172, 1, 1, 'H', 4, 'H4', 72, 402, 0.00, 'standard', 0, 'available', '2026-06-15 10:27:28', '2026-06-15 10:27:28'),
(173, 1, 1, 'H', 5, 'H5', 104, 402, 0.00, 'standard', 0, 'available', '2026-06-15 10:27:28', '2026-06-15 10:27:28'),
(174, 1, 1, 'H', 6, 'H6', 136, 402, 0.00, 'standard', 0, 'available', '2026-06-15 10:27:28', '2026-06-15 10:27:28'),
(175, 1, 1, 'H', 7, 'H7', 168, 402, 0.00, 'standard', 0, 'available', '2026-06-15 10:27:28', '2026-06-15 10:27:28'),
(176, 1, 1, 'H', 8, 'H8', 200, 402, 0.00, 'standard', 0, 'available', '2026-06-15 10:27:28', '2026-06-15 10:27:28'),
(177, 1, 1, 'H', 9, 'H9', 232, 402, 0.00, 'standard', 0, 'available', '2026-06-15 10:27:28', '2026-06-15 10:27:28'),
(178, 1, 1, 'H', 10, 'H10', 264, 402, 0.00, 'standard', 0, 'available', '2026-06-15 10:27:28', '2026-06-15 10:27:28'),
(179, 1, 1, 'H', 11, 'H11', 296, 402, 0.00, 'standard', 0, 'available', '2026-06-15 10:27:28', '2026-06-15 10:27:28'),
(180, 1, 1, 'H', 12, 'H12', 328, 402, 0.00, 'standard', 0, 'available', '2026-06-15 10:27:28', '2026-06-15 10:27:28'),
(181, 1, 1, 'H', 13, 'H13', 360, 402, 0.00, 'standard', 0, 'available', '2026-06-15 10:27:28', '2026-06-15 10:27:28'),
(182, 1, 1, 'H', 14, 'H14', 392, 402, 0.00, 'standard', 0, 'available', '2026-06-15 10:27:28', '2026-06-15 10:27:28'),
(183, 1, 1, 'H', 15, 'H15', 424, 402, 0.00, 'standard', 0, 'available', '2026-06-15 10:27:28', '2026-06-15 10:27:28'),
(184, 1, 1, 'H', 16, 'H16', 456, 402, 0.00, 'standard', 0, 'available', '2026-06-15 10:27:28', '2026-06-15 10:27:28'),
(185, 1, 1, 'H', 17, 'H17', 488, 402, 0.00, 'standard', 0, 'available', '2026-06-15 10:27:28', '2026-06-15 10:27:28'),
(186, 1, 1, 'H', 18, 'H18', 520, 402, 0.00, 'standard', 0, 'available', '2026-06-15 10:27:28', '2026-06-15 10:27:28'),
(187, 1, 1, 'H', 19, 'H19', 552, 402, 0.00, 'standard', 0, 'available', '2026-06-15 10:27:28', '2026-06-15 10:27:28'),
(188, 1, 1, 'H', 20, 'H20', 584, 402, 0.00, 'standard', 0, 'available', '2026-06-15 10:27:28', '2026-06-15 10:27:28'),
(189, 1, 1, 'H', 21, 'H21', 616, 402, 0.00, 'standard', 0, 'available', '2026-06-15 10:27:28', '2026-06-15 10:27:28'),
(190, 1, 1, 'H', 22, 'H22', 648, 402, 0.00, 'standard', 0, 'available', '2026-06-15 10:27:28', '2026-06-15 10:27:28'),
(191, 1, 1, 'H', 23, 'H23', 680, 402, 0.00, 'standard', 0, 'available', '2026-06-15 10:27:28', '2026-06-15 10:27:28'),
(192, 1, 1, 'H', 24, 'H24', 712, 402, 0.00, 'standard', 0, 'available', '2026-06-15 10:27:28', '2026-06-15 10:27:28'),
(193, 1, 1, 'I', 1, 'I1', -24, 438, 0.00, 'standard', 0, 'available', '2026-06-15 10:27:28', '2026-06-15 10:27:28'),
(194, 1, 1, 'I', 2, 'I2', 8, 438, 0.00, 'standard', 0, 'available', '2026-06-15 10:27:28', '2026-06-15 10:27:28'),
(195, 1, 1, 'I', 3, 'I3', 40, 438, 0.00, 'standard', 0, 'available', '2026-06-15 10:27:28', '2026-06-15 10:27:28'),
(196, 1, 1, 'I', 4, 'I4', 72, 438, 0.00, 'standard', 0, 'available', '2026-06-15 10:27:28', '2026-06-15 10:27:28'),
(197, 1, 1, 'I', 5, 'I5', 104, 438, 0.00, 'standard', 0, 'available', '2026-06-15 10:27:28', '2026-06-15 10:27:28'),
(198, 1, 1, 'I', 6, 'I6', 136, 438, 0.00, 'standard', 0, 'available', '2026-06-15 10:27:28', '2026-06-15 10:27:28'),
(199, 1, 1, 'I', 7, 'I7', 168, 438, 0.00, 'standard', 0, 'available', '2026-06-15 10:27:28', '2026-06-15 10:27:28'),
(200, 1, 1, 'I', 8, 'I8', 200, 438, 0.00, 'standard', 0, 'available', '2026-06-15 10:27:28', '2026-06-15 10:27:28'),
(201, 1, 1, 'I', 9, 'I9', 232, 438, 0.00, 'standard', 0, 'available', '2026-06-15 10:27:28', '2026-06-15 10:27:28'),
(202, 1, 1, 'I', 10, 'I10', 264, 438, 0.00, 'standard', 0, 'available', '2026-06-15 10:27:28', '2026-06-15 10:27:28'),
(203, 1, 1, 'I', 11, 'I11', 296, 438, 0.00, 'standard', 0, 'available', '2026-06-15 10:27:28', '2026-06-15 10:27:28'),
(204, 1, 1, 'I', 12, 'I12', 328, 438, 0.00, 'standard', 0, 'available', '2026-06-15 10:27:28', '2026-06-15 10:27:28'),
(205, 1, 1, 'I', 13, 'I13', 360, 438, 0.00, 'standard', 0, 'available', '2026-06-15 10:27:28', '2026-06-15 10:27:28'),
(206, 1, 1, 'I', 14, 'I14', 392, 438, 0.00, 'standard', 0, 'available', '2026-06-15 10:27:28', '2026-06-15 10:27:28'),
(207, 1, 1, 'I', 15, 'I15', 424, 438, 0.00, 'standard', 0, 'available', '2026-06-15 10:27:28', '2026-06-15 10:27:28'),
(208, 1, 1, 'I', 16, 'I16', 456, 438, 0.00, 'standard', 0, 'available', '2026-06-15 10:27:28', '2026-06-15 10:27:28'),
(209, 1, 1, 'I', 17, 'I17', 488, 438, 0.00, 'standard', 0, 'available', '2026-06-15 10:27:28', '2026-06-15 10:27:28'),
(210, 1, 1, 'I', 18, 'I18', 520, 438, 0.00, 'standard', 0, 'available', '2026-06-15 10:27:28', '2026-06-15 10:27:28'),
(211, 1, 1, 'I', 19, 'I19', 552, 438, 0.00, 'standard', 0, 'available', '2026-06-15 10:27:28', '2026-06-15 10:27:28'),
(212, 1, 1, 'I', 20, 'I20', 584, 438, 0.00, 'standard', 0, 'available', '2026-06-15 10:27:28', '2026-06-15 10:27:28'),
(213, 1, 1, 'I', 21, 'I21', 616, 438, 0.00, 'standard', 0, 'available', '2026-06-15 10:27:28', '2026-06-15 10:27:28'),
(214, 1, 1, 'I', 22, 'I22', 648, 438, 0.00, 'standard', 0, 'available', '2026-06-15 10:27:28', '2026-06-15 10:27:28'),
(215, 1, 1, 'I', 23, 'I23', 680, 438, 0.00, 'standard', 0, 'available', '2026-06-15 10:27:28', '2026-06-15 10:27:28'),
(216, 1, 1, 'I', 24, 'I24', 712, 438, 0.00, 'standard', 0, 'available', '2026-06-15 10:27:28', '2026-06-15 10:27:28'),
(217, 1, 1, 'J', 1, 'J1', -24, 474, 0.00, 'standard', 0, 'available', '2026-06-15 10:27:28', '2026-06-15 10:27:28'),
(218, 1, 1, 'J', 2, 'J2', 8, 474, 0.00, 'standard', 0, 'available', '2026-06-15 10:27:28', '2026-06-15 10:27:28'),
(219, 1, 1, 'J', 3, 'J3', 40, 474, 0.00, 'standard', 0, 'available', '2026-06-15 10:27:28', '2026-06-15 10:27:28'),
(220, 1, 1, 'J', 4, 'J4', 72, 474, 0.00, 'standard', 0, 'available', '2026-06-15 10:27:28', '2026-06-15 10:27:28'),
(221, 1, 1, 'J', 5, 'J5', 104, 474, 0.00, 'standard', 0, 'available', '2026-06-15 10:27:28', '2026-06-15 10:27:28'),
(222, 1, 1, 'J', 6, 'J6', 136, 474, 0.00, 'standard', 0, 'available', '2026-06-15 10:27:28', '2026-06-15 10:27:28'),
(223, 1, 1, 'J', 7, 'J7', 168, 474, 0.00, 'standard', 0, 'available', '2026-06-15 10:27:28', '2026-06-15 10:27:28'),
(224, 1, 1, 'J', 8, 'J8', 200, 474, 0.00, 'standard', 0, 'available', '2026-06-15 10:27:28', '2026-06-15 10:27:28'),
(225, 1, 1, 'J', 9, 'J9', 232, 474, 0.00, 'standard', 0, 'available', '2026-06-15 10:27:28', '2026-06-15 10:27:28'),
(226, 1, 1, 'J', 10, 'J10', 264, 474, 0.00, 'standard', 0, 'available', '2026-06-15 10:27:28', '2026-06-15 10:27:28'),
(227, 1, 1, 'J', 11, 'J11', 296, 474, 0.00, 'standard', 0, 'available', '2026-06-15 10:27:28', '2026-06-15 10:27:28'),
(228, 1, 1, 'J', 12, 'J12', 328, 474, 0.00, 'standard', 0, 'available', '2026-06-15 10:27:28', '2026-06-15 10:27:28'),
(229, 1, 1, 'J', 13, 'J13', 360, 474, 0.00, 'standard', 0, 'available', '2026-06-15 10:27:28', '2026-06-15 10:27:28'),
(230, 1, 1, 'J', 14, 'J14', 392, 474, 0.00, 'standard', 0, 'available', '2026-06-15 10:27:28', '2026-06-15 10:27:28'),
(231, 1, 1, 'J', 15, 'J15', 424, 474, 0.00, 'standard', 0, 'available', '2026-06-15 10:27:28', '2026-06-15 10:27:28'),
(232, 1, 1, 'J', 16, 'J16', 456, 474, 0.00, 'standard', 0, 'available', '2026-06-15 10:27:28', '2026-06-15 10:27:28'),
(233, 1, 1, 'J', 17, 'J17', 488, 474, 0.00, 'standard', 0, 'available', '2026-06-15 10:27:28', '2026-06-15 10:27:28'),
(234, 1, 1, 'J', 18, 'J18', 520, 474, 0.00, 'standard', 0, 'available', '2026-06-15 10:27:28', '2026-06-15 10:27:28'),
(235, 1, 1, 'J', 19, 'J19', 552, 474, 0.00, 'standard', 0, 'available', '2026-06-15 10:27:28', '2026-06-15 10:27:28'),
(236, 1, 1, 'J', 20, 'J20', 584, 474, 0.00, 'standard', 0, 'available', '2026-06-15 10:27:28', '2026-06-15 10:27:28'),
(237, 1, 1, 'J', 21, 'J21', 616, 474, 0.00, 'standard', 0, 'available', '2026-06-15 10:27:28', '2026-06-15 10:27:28'),
(238, 1, 1, 'J', 22, 'J22', 648, 474, 0.00, 'standard', 0, 'available', '2026-06-15 10:27:28', '2026-06-15 10:27:28'),
(239, 1, 1, 'J', 23, 'J23', 680, 474, 0.00, 'standard', 0, 'available', '2026-06-15 10:27:28', '2026-06-15 10:27:28'),
(240, 1, 1, 'J', 24, 'J24', 712, 474, 0.00, 'standard', 0, 'available', '2026-06-15 10:27:28', '2026-06-15 10:27:28'),
(241, 1, 1, 'K', 1, 'K1', -24, 510, 0.00, 'standard', 0, 'available', '2026-06-15 10:27:28', '2026-06-15 10:27:28'),
(242, 1, 1, 'K', 2, 'K2', 8, 510, 0.00, 'standard', 0, 'available', '2026-06-15 10:27:28', '2026-06-15 10:27:28'),
(243, 1, 1, 'K', 3, 'K3', 40, 510, 0.00, 'standard', 0, 'available', '2026-06-15 10:27:28', '2026-06-15 10:27:28'),
(244, 1, 1, 'K', 4, 'K4', 72, 510, 0.00, 'standard', 0, 'available', '2026-06-15 10:27:28', '2026-06-15 10:27:28'),
(245, 1, 1, 'K', 5, 'K5', 104, 510, 0.00, 'standard', 0, 'available', '2026-06-15 10:27:28', '2026-06-15 10:27:28'),
(246, 1, 1, 'K', 6, 'K6', 136, 510, 0.00, 'standard', 0, 'available', '2026-06-15 10:27:28', '2026-06-15 10:27:28'),
(247, 1, 1, 'K', 7, 'K7', 168, 510, 0.00, 'standard', 0, 'available', '2026-06-15 10:27:28', '2026-06-15 10:27:28'),
(248, 1, 1, 'K', 8, 'K8', 200, 510, 0.00, 'standard', 0, 'available', '2026-06-15 10:27:28', '2026-06-15 10:27:28'),
(249, 1, 1, 'K', 9, 'K9', 232, 510, 0.00, 'standard', 0, 'available', '2026-06-15 10:27:28', '2026-06-15 10:27:28'),
(250, 1, 1, 'K', 10, 'K10', 264, 510, 0.00, 'standard', 0, 'available', '2026-06-15 10:27:28', '2026-06-15 10:27:28'),
(251, 1, 1, 'K', 11, 'K11', 296, 510, 0.00, 'standard', 0, 'available', '2026-06-15 10:27:28', '2026-06-15 10:27:28'),
(252, 1, 1, 'K', 12, 'K12', 328, 510, 0.00, 'standard', 0, 'available', '2026-06-15 10:27:28', '2026-06-15 10:27:28'),
(253, 1, 1, 'K', 13, 'K13', 360, 510, 0.00, 'standard', 0, 'available', '2026-06-15 10:27:28', '2026-06-15 10:27:28'),
(254, 1, 1, 'K', 14, 'K14', 392, 510, 0.00, 'standard', 0, 'available', '2026-06-15 10:27:28', '2026-06-15 10:27:28'),
(255, 1, 1, 'K', 15, 'K15', 424, 510, 0.00, 'standard', 0, 'available', '2026-06-15 10:27:28', '2026-06-15 10:27:28'),
(256, 1, 1, 'K', 16, 'K16', 456, 510, 0.00, 'standard', 0, 'available', '2026-06-15 10:27:28', '2026-06-15 10:27:28'),
(257, 1, 1, 'K', 17, 'K17', 488, 510, 0.00, 'standard', 0, 'available', '2026-06-15 10:27:28', '2026-06-15 10:27:28'),
(258, 1, 1, 'K', 18, 'K18', 520, 510, 0.00, 'standard', 0, 'available', '2026-06-15 10:27:28', '2026-06-15 10:27:28'),
(259, 1, 1, 'K', 19, 'K19', 552, 510, 0.00, 'standard', 0, 'available', '2026-06-15 10:27:28', '2026-06-15 10:27:28'),
(260, 1, 1, 'K', 20, 'K20', 584, 510, 0.00, 'standard', 0, 'available', '2026-06-15 10:27:28', '2026-06-15 10:27:28'),
(261, 1, 1, 'K', 21, 'K21', 616, 510, 0.00, 'standard', 0, 'available', '2026-06-15 10:27:28', '2026-06-15 10:27:28'),
(262, 1, 1, 'K', 22, 'K22', 648, 510, 0.00, 'standard', 0, 'available', '2026-06-15 10:27:28', '2026-06-15 10:27:28'),
(263, 1, 1, 'K', 23, 'K23', 680, 510, 0.00, 'standard', 0, 'available', '2026-06-15 10:27:28', '2026-06-15 10:27:28'),
(264, 1, 1, 'K', 24, 'K24', 712, 510, 0.00, 'standard', 0, 'available', '2026-06-15 10:27:28', '2026-06-15 10:27:28'),
(265, 1, 1, 'L', 1, 'L1', -24, 546, 0.00, 'standard', 0, 'available', '2026-06-15 10:27:28', '2026-06-15 10:27:28'),
(266, 1, 1, 'L', 2, 'L2', 8, 546, 0.00, 'standard', 0, 'available', '2026-06-15 10:27:28', '2026-06-15 10:27:28'),
(267, 1, 1, 'L', 3, 'L3', 40, 546, 0.00, 'standard', 0, 'available', '2026-06-15 10:27:28', '2026-06-15 10:27:28'),
(268, 1, 1, 'L', 4, 'L4', 72, 546, 0.00, 'standard', 0, 'available', '2026-06-15 10:27:28', '2026-06-15 10:27:28'),
(269, 1, 1, 'L', 5, 'L5', 104, 546, 0.00, 'standard', 0, 'available', '2026-06-15 10:27:28', '2026-06-15 10:27:28'),
(270, 1, 1, 'L', 6, 'L6', 136, 546, 0.00, 'standard', 0, 'available', '2026-06-15 10:27:28', '2026-06-15 10:27:28'),
(271, 1, 1, 'L', 7, 'L7', 168, 546, 0.00, 'standard', 0, 'available', '2026-06-15 10:27:28', '2026-06-15 10:27:28'),
(272, 1, 1, 'L', 8, 'L8', 200, 546, 0.00, 'standard', 0, 'available', '2026-06-15 10:27:28', '2026-06-15 10:27:28'),
(273, 1, 1, 'L', 9, 'L9', 232, 546, 0.00, 'standard', 0, 'available', '2026-06-15 10:27:28', '2026-06-15 10:27:28'),
(274, 1, 1, 'L', 10, 'L10', 264, 546, 0.00, 'standard', 0, 'available', '2026-06-15 10:27:28', '2026-06-15 10:27:28'),
(275, 1, 1, 'L', 11, 'L11', 296, 546, 0.00, 'standard', 0, 'available', '2026-06-15 10:27:28', '2026-06-15 10:27:28'),
(276, 1, 1, 'L', 12, 'L12', 328, 546, 0.00, 'standard', 0, 'available', '2026-06-15 10:27:28', '2026-06-15 10:27:28'),
(277, 1, 1, 'L', 13, 'L13', 360, 546, 0.00, 'standard', 0, 'available', '2026-06-15 10:27:28', '2026-06-15 10:27:28'),
(278, 1, 1, 'L', 14, 'L14', 392, 546, 0.00, 'standard', 0, 'available', '2026-06-15 10:27:28', '2026-06-15 10:27:28'),
(279, 1, 1, 'L', 15, 'L15', 424, 546, 0.00, 'standard', 0, 'available', '2026-06-15 10:27:28', '2026-06-15 10:27:28'),
(280, 1, 1, 'L', 16, 'L16', 456, 546, 0.00, 'standard', 0, 'available', '2026-06-15 10:27:28', '2026-06-15 10:27:28'),
(281, 1, 1, 'L', 17, 'L17', 488, 546, 0.00, 'standard', 0, 'available', '2026-06-15 10:27:28', '2026-06-15 10:27:28'),
(282, 1, 1, 'L', 18, 'L18', 520, 546, 0.00, 'standard', 0, 'available', '2026-06-15 10:27:28', '2026-06-15 10:27:28'),
(283, 1, 1, 'L', 19, 'L19', 552, 546, 0.00, 'standard', 0, 'available', '2026-06-15 10:27:28', '2026-06-15 10:27:28'),
(284, 1, 1, 'L', 20, 'L20', 584, 546, 0.00, 'standard', 0, 'available', '2026-06-15 10:27:28', '2026-06-15 10:27:28'),
(285, 1, 1, 'L', 21, 'L21', 616, 546, 0.00, 'standard', 0, 'available', '2026-06-15 10:27:28', '2026-06-15 10:27:28'),
(286, 1, 1, 'L', 22, 'L22', 648, 546, 0.00, 'standard', 0, 'available', '2026-06-15 10:27:28', '2026-06-15 10:27:28'),
(287, 1, 1, 'L', 23, 'L23', 680, 546, 0.00, 'standard', 0, 'available', '2026-06-15 10:27:28', '2026-06-15 10:27:28'),
(288, 1, 1, 'L', 24, 'L24', 712, 546, 0.00, 'standard', 0, 'available', '2026-06-15 10:27:28', '2026-06-15 10:27:28'),
(289, 1, 1, 'M', 1, 'M1', -24, 582, 0.00, 'standard', 0, 'available', '2026-06-15 10:27:28', '2026-06-15 10:27:28'),
(290, 1, 1, 'M', 2, 'M2', 8, 582, 0.00, 'standard', 0, 'available', '2026-06-15 10:27:28', '2026-06-15 10:27:28'),
(291, 1, 1, 'M', 3, 'M3', 40, 582, 0.00, 'standard', 0, 'available', '2026-06-15 10:27:28', '2026-06-15 10:27:28'),
(292, 1, 1, 'M', 4, 'M4', 72, 582, 0.00, 'standard', 0, 'available', '2026-06-15 10:27:28', '2026-06-15 10:27:28'),
(293, 1, 1, 'M', 5, 'M5', 104, 582, 0.00, 'standard', 0, 'available', '2026-06-15 10:27:28', '2026-06-15 10:27:28'),
(294, 1, 1, 'M', 6, 'M6', 136, 582, 0.00, 'standard', 0, 'available', '2026-06-15 10:27:28', '2026-06-15 10:27:28'),
(295, 1, 1, 'M', 7, 'M7', 168, 582, 0.00, 'standard', 0, 'available', '2026-06-15 10:27:28', '2026-06-15 10:27:28'),
(296, 1, 1, 'M', 8, 'M8', 200, 582, 0.00, 'standard', 0, 'available', '2026-06-15 10:27:28', '2026-06-15 10:27:28'),
(297, 1, 1, 'M', 9, 'M9', 232, 582, 0.00, 'standard', 0, 'available', '2026-06-15 10:27:28', '2026-06-15 10:27:28'),
(298, 1, 1, 'M', 10, 'M10', 264, 582, 0.00, 'standard', 0, 'available', '2026-06-15 10:27:28', '2026-06-15 10:27:28'),
(299, 1, 1, 'M', 11, 'M11', 296, 582, 0.00, 'standard', 0, 'available', '2026-06-15 10:27:28', '2026-06-15 10:27:28'),
(300, 1, 1, 'M', 12, 'M12', 328, 582, 0.00, 'standard', 0, 'available', '2026-06-15 10:27:28', '2026-06-15 10:27:28'),
(301, 1, 1, 'M', 13, 'M13', 360, 582, 0.00, 'standard', 0, 'available', '2026-06-15 10:27:28', '2026-06-15 10:27:28'),
(302, 1, 1, 'M', 14, 'M14', 392, 582, 0.00, 'standard', 0, 'available', '2026-06-15 10:27:28', '2026-06-15 10:27:28'),
(303, 1, 1, 'M', 15, 'M15', 424, 582, 0.00, 'standard', 0, 'available', '2026-06-15 10:27:28', '2026-06-15 10:27:28'),
(304, 1, 1, 'M', 16, 'M16', 456, 582, 0.00, 'standard', 0, 'available', '2026-06-15 10:27:28', '2026-06-15 10:27:28'),
(305, 1, 1, 'M', 17, 'M17', 488, 582, 0.00, 'standard', 0, 'available', '2026-06-15 10:27:28', '2026-06-15 10:27:28'),
(306, 1, 1, 'M', 18, 'M18', 520, 582, 0.00, 'standard', 0, 'available', '2026-06-15 10:27:28', '2026-06-15 10:27:28'),
(307, 1, 1, 'M', 19, 'M19', 552, 582, 0.00, 'standard', 0, 'available', '2026-06-15 10:27:28', '2026-06-15 10:27:28'),
(308, 1, 1, 'M', 20, 'M20', 584, 582, 0.00, 'standard', 0, 'available', '2026-06-15 10:27:28', '2026-06-15 10:27:28'),
(309, 1, 1, 'M', 21, 'M21', 616, 582, 0.00, 'standard', 0, 'available', '2026-06-15 10:27:28', '2026-06-15 10:27:28'),
(310, 1, 1, 'M', 22, 'M22', 648, 582, 0.00, 'standard', 0, 'available', '2026-06-15 10:27:28', '2026-06-15 10:27:28'),
(311, 1, 1, 'M', 23, 'M23', 680, 582, 0.00, 'standard', 0, 'available', '2026-06-15 10:27:28', '2026-06-15 10:27:28'),
(312, 1, 1, 'M', 24, 'M24', 712, 582, 0.00, 'standard', 0, 'available', '2026-06-15 10:27:28', '2026-06-15 10:27:28'),
(313, 1, 2, 'A', 1, 'A25', 860, 150, 0.00, 'standard', 0, 'available', '2026-06-15 10:27:28', '2026-06-15 10:27:28'),
(314, 1, 2, 'A', 2, 'A26', 892, 150, 0.00, 'standard', 0, 'available', '2026-06-15 10:27:28', '2026-06-15 10:27:28'),
(315, 1, 2, 'A', 3, 'A27', 924, 150, 0.00, 'standard', 0, 'available', '2026-06-15 10:27:28', '2026-06-15 10:27:28'),
(316, 1, 2, 'A', 4, 'A28', 956, 150, 0.00, 'standard', 0, 'available', '2026-06-15 10:27:28', '2026-06-15 10:27:28'),
(317, 1, 2, 'A', 5, 'A29', 988, 150, 0.00, 'standard', 0, 'available', '2026-06-15 10:27:28', '2026-06-15 10:27:28'),
(318, 1, 2, 'A', 6, 'A30', 1020, 150, 0.00, 'standard', 0, 'available', '2026-06-15 10:27:28', '2026-06-15 10:27:28'),
(319, 1, 2, 'A', 7, 'A31', 1052, 150, 0.00, 'standard', 0, 'available', '2026-06-15 10:27:28', '2026-06-15 10:27:28'),
(320, 1, 2, 'A', 8, 'A32', 1084, 150, 0.00, 'standard', 0, 'available', '2026-06-15 10:27:28', '2026-06-15 10:27:28'),
(321, 1, 2, 'A', 9, 'A33', 1116, 150, 0.00, 'standard', 0, 'available', '2026-06-15 10:27:28', '2026-06-15 10:27:28'),
(322, 1, 2, 'A', 10, 'A34', 1148, 150, 0.00, 'standard', 0, 'available', '2026-06-15 10:27:28', '2026-06-15 10:27:28'),
(323, 1, 2, 'A', 11, 'A35', 1180, 150, 0.00, 'standard', 0, 'available', '2026-06-15 10:27:28', '2026-06-15 10:27:28'),
(324, 1, 2, 'A', 12, 'A36', 1212, 150, 0.00, 'standard', 0, 'available', '2026-06-15 10:27:28', '2026-06-15 10:27:28'),
(325, 1, 2, 'A', 13, 'A37', 1244, 150, 0.00, 'standard', 0, 'available', '2026-06-15 10:27:28', '2026-06-15 10:27:28'),
(326, 1, 2, 'A', 14, 'A38', 1276, 150, 0.00, 'standard', 0, 'available', '2026-06-15 10:27:28', '2026-06-15 10:27:28'),
(327, 1, 2, 'A', 15, 'A39', 1308, 150, 0.00, 'standard', 0, 'available', '2026-06-15 10:27:28', '2026-06-15 10:27:28'),
(328, 1, 2, 'A', 16, 'A40', 1340, 150, 0.00, 'standard', 0, 'available', '2026-06-15 10:27:28', '2026-06-15 10:27:28'),
(329, 1, 2, 'A', 17, 'A41', 1372, 150, 0.00, 'standard', 0, 'available', '2026-06-15 10:27:28', '2026-06-15 10:27:28'),
(330, 1, 2, 'A', 18, 'A42', 1404, 150, 0.00, 'standard', 0, 'available', '2026-06-15 10:27:28', '2026-06-15 10:27:28'),
(331, 1, 2, 'A', 19, 'A43', 1436, 150, 0.00, 'standard', 0, 'available', '2026-06-15 10:27:28', '2026-06-15 10:27:28'),
(332, 1, 2, 'A', 20, 'A44', 1468, 150, 0.00, 'standard', 0, 'available', '2026-06-15 10:27:28', '2026-06-15 10:27:28'),
(333, 1, 2, 'A', 21, 'A45', 1500, 150, 0.00, 'standard', 0, 'available', '2026-06-15 10:27:28', '2026-06-15 10:27:28'),
(334, 1, 2, 'A', 22, 'A46', 1532, 150, 0.00, 'standard', 0, 'available', '2026-06-15 10:27:28', '2026-06-15 10:27:28'),
(335, 1, 2, 'A', 23, 'A47', 1564, 150, 0.00, 'standard', 0, 'available', '2026-06-15 10:27:28', '2026-06-15 10:27:28'),
(336, 1, 2, 'A', 24, 'A48', 1596, 150, 0.00, 'standard', 0, 'available', '2026-06-15 10:27:28', '2026-06-15 10:27:28'),
(337, 1, 2, 'A', 25, 'A49', 1628, 150, 0.00, 'standard', 0, 'available', '2026-06-15 10:27:28', '2026-06-15 10:27:28'),
(338, 1, 2, 'A', 26, 'A50', 1660, 150, 0.00, 'standard', 0, 'available', '2026-06-15 10:27:28', '2026-06-15 10:27:28'),
(339, 1, 2, 'A', 27, 'A51', 1692, 150, 0.00, 'standard', 0, 'available', '2026-06-15 10:27:28', '2026-06-15 10:27:28'),
(340, 1, 2, 'A', 28, 'A52', 1724, 150, 0.00, 'standard', 0, 'available', '2026-06-15 10:27:28', '2026-06-15 10:27:28'),
(341, 1, 2, 'B', 1, 'B25', 860, 186, 0.00, 'standard', 0, 'available', '2026-06-15 10:27:28', '2026-06-15 10:27:28'),
(342, 1, 2, 'B', 2, 'B26', 892, 186, 0.00, 'standard', 0, 'available', '2026-06-15 10:27:28', '2026-06-15 10:27:28'),
(343, 1, 2, 'B', 3, 'B27', 924, 186, 0.00, 'standard', 0, 'available', '2026-06-15 10:27:28', '2026-06-15 10:27:28'),
(344, 1, 2, 'B', 4, 'B28', 956, 186, 0.00, 'standard', 0, 'available', '2026-06-15 10:27:28', '2026-06-15 10:27:28'),
(345, 1, 2, 'B', 5, 'B29', 988, 186, 0.00, 'standard', 0, 'available', '2026-06-15 10:27:28', '2026-06-15 10:27:28'),
(346, 1, 2, 'B', 6, 'B30', 1020, 186, 0.00, 'standard', 0, 'available', '2026-06-15 10:27:28', '2026-06-15 10:27:28'),
(347, 1, 2, 'B', 7, 'B31', 1052, 186, 0.00, 'standard', 0, 'available', '2026-06-15 10:27:28', '2026-06-15 10:27:28'),
(348, 1, 2, 'B', 8, 'B32', 1084, 186, 0.00, 'standard', 0, 'available', '2026-06-15 10:27:28', '2026-06-15 10:27:28'),
(349, 1, 2, 'B', 9, 'B33', 1116, 186, 0.00, 'standard', 0, 'available', '2026-06-15 10:27:28', '2026-06-15 10:27:28'),
(350, 1, 2, 'B', 10, 'B34', 1148, 186, 0.00, 'standard', 0, 'available', '2026-06-15 10:27:28', '2026-06-15 10:27:28'),
(351, 1, 2, 'B', 11, 'B35', 1180, 186, 0.00, 'standard', 0, 'available', '2026-06-15 10:27:28', '2026-06-15 10:27:28'),
(352, 1, 2, 'B', 12, 'B36', 1212, 186, 0.00, 'standard', 0, 'available', '2026-06-15 10:27:28', '2026-06-15 10:27:28'),
(353, 1, 2, 'B', 13, 'B37', 1244, 186, 0.00, 'standard', 0, 'available', '2026-06-15 10:27:28', '2026-06-15 10:27:28'),
(354, 1, 2, 'B', 14, 'B38', 1276, 186, 0.00, 'standard', 0, 'available', '2026-06-15 10:27:28', '2026-06-15 10:27:28'),
(355, 1, 2, 'B', 15, 'B39', 1308, 186, 0.00, 'standard', 0, 'available', '2026-06-15 10:27:28', '2026-06-15 10:27:28'),
(356, 1, 2, 'B', 16, 'B40', 1340, 186, 0.00, 'standard', 0, 'available', '2026-06-15 10:27:28', '2026-06-15 10:27:28'),
(357, 1, 2, 'B', 17, 'B41', 1372, 186, 0.00, 'standard', 0, 'available', '2026-06-15 10:27:28', '2026-06-15 10:27:28'),
(358, 1, 2, 'B', 18, 'B42', 1404, 186, 0.00, 'standard', 0, 'available', '2026-06-15 10:27:28', '2026-06-15 10:27:28'),
(359, 1, 2, 'B', 19, 'B43', 1436, 186, 0.00, 'standard', 0, 'available', '2026-06-15 10:27:28', '2026-06-15 10:27:28'),
(360, 1, 2, 'B', 20, 'B44', 1468, 186, 0.00, 'standard', 0, 'available', '2026-06-15 10:27:28', '2026-06-15 10:27:28'),
(361, 1, 2, 'B', 21, 'B45', 1500, 186, 0.00, 'standard', 0, 'available', '2026-06-15 10:27:28', '2026-06-15 10:27:28'),
(362, 1, 2, 'B', 22, 'B46', 1532, 186, 0.00, 'standard', 0, 'available', '2026-06-15 10:27:28', '2026-06-15 10:27:28'),
(363, 1, 2, 'B', 23, 'B47', 1564, 186, 0.00, 'standard', 0, 'available', '2026-06-15 10:27:28', '2026-06-15 10:27:28'),
(364, 1, 2, 'B', 24, 'B48', 1596, 186, 0.00, 'standard', 0, 'available', '2026-06-15 10:27:28', '2026-06-15 10:27:28'),
(365, 1, 2, 'B', 25, 'B49', 1628, 186, 0.00, 'standard', 0, 'available', '2026-06-15 10:27:28', '2026-06-15 10:27:28'),
(366, 1, 2, 'B', 26, 'B50', 1660, 186, 0.00, 'standard', 0, 'available', '2026-06-15 10:27:28', '2026-06-15 10:27:28'),
(367, 1, 2, 'B', 27, 'B51', 1692, 186, 0.00, 'standard', 0, 'available', '2026-06-15 10:27:28', '2026-06-15 10:27:28'),
(368, 1, 2, 'B', 28, 'B52', 1724, 186, 0.00, 'standard', 0, 'available', '2026-06-15 10:27:28', '2026-06-15 10:27:28'),
(369, 1, 2, 'C', 1, 'C25', 860, 222, 0.00, 'standard', 0, 'available', '2026-06-15 10:27:28', '2026-06-15 10:27:28'),
(370, 1, 2, 'C', 2, 'C26', 892, 222, 0.00, 'standard', 0, 'available', '2026-06-15 10:27:28', '2026-06-15 10:27:28'),
(371, 1, 2, 'C', 3, 'C27', 924, 222, 0.00, 'standard', 0, 'available', '2026-06-15 10:27:28', '2026-06-15 10:27:28'),
(372, 1, 2, 'C', 4, 'C28', 956, 222, 0.00, 'standard', 0, 'available', '2026-06-15 10:27:28', '2026-06-15 10:27:28'),
(373, 1, 2, 'C', 5, 'C29', 988, 222, 0.00, 'standard', 0, 'available', '2026-06-15 10:27:28', '2026-06-15 10:27:28'),
(374, 1, 2, 'C', 6, 'C30', 1020, 222, 0.00, 'standard', 0, 'available', '2026-06-15 10:27:28', '2026-06-15 10:27:28'),
(375, 1, 2, 'C', 7, 'C31', 1052, 222, 0.00, 'standard', 0, 'sold', '2026-06-15 10:27:28', '2026-06-15 12:45:29'),
(376, 1, 2, 'C', 8, 'C32', 1084, 222, 0.00, 'standard', 0, 'available', '2026-06-15 10:27:28', '2026-06-15 10:27:28'),
(377, 1, 2, 'C', 9, 'C33', 1116, 222, 0.00, 'standard', 0, 'available', '2026-06-15 10:27:28', '2026-06-15 10:27:28'),
(378, 1, 2, 'C', 10, 'C34', 1148, 222, 0.00, 'standard', 0, 'available', '2026-06-15 10:27:28', '2026-06-15 10:27:28'),
(379, 1, 2, 'C', 11, 'C35', 1180, 222, 0.00, 'standard', 0, 'available', '2026-06-15 10:27:28', '2026-06-15 10:27:28'),
(380, 1, 2, 'C', 12, 'C36', 1212, 222, 0.00, 'standard', 0, 'available', '2026-06-15 10:27:28', '2026-06-15 10:27:28'),
(381, 1, 2, 'C', 13, 'C37', 1244, 222, 0.00, 'standard', 0, 'available', '2026-06-15 10:27:28', '2026-06-15 10:27:28'),
(382, 1, 2, 'C', 14, 'C38', 1276, 222, 0.00, 'standard', 0, 'available', '2026-06-15 10:27:28', '2026-06-15 10:27:28'),
(383, 1, 2, 'C', 15, 'C39', 1308, 222, 0.00, 'standard', 0, 'available', '2026-06-15 10:27:28', '2026-06-15 10:27:28'),
(384, 1, 2, 'C', 16, 'C40', 1340, 222, 0.00, 'standard', 0, 'available', '2026-06-15 10:27:28', '2026-06-15 10:27:28'),
(385, 1, 2, 'C', 17, 'C41', 1372, 222, 0.00, 'standard', 0, 'available', '2026-06-15 10:27:28', '2026-06-15 10:27:28'),
(386, 1, 2, 'C', 18, 'C42', 1404, 222, 0.00, 'standard', 0, 'available', '2026-06-15 10:27:28', '2026-06-15 10:27:28'),
(387, 1, 2, 'C', 19, 'C43', 1436, 222, 0.00, 'standard', 0, 'available', '2026-06-15 10:27:28', '2026-06-15 10:27:28'),
(388, 1, 2, 'C', 20, 'C44', 1468, 222, 0.00, 'standard', 0, 'available', '2026-06-15 10:27:28', '2026-06-15 10:27:28'),
(389, 1, 2, 'C', 21, 'C45', 1500, 222, 0.00, 'standard', 0, 'available', '2026-06-15 10:27:28', '2026-06-15 10:27:28'),
(390, 1, 2, 'C', 22, 'C46', 1532, 222, 0.00, 'standard', 0, 'available', '2026-06-15 10:27:28', '2026-06-15 10:27:28'),
(391, 1, 2, 'C', 23, 'C47', 1564, 222, 0.00, 'standard', 0, 'available', '2026-06-15 10:27:28', '2026-06-15 10:27:28'),
(392, 1, 2, 'C', 24, 'C48', 1596, 222, 0.00, 'standard', 0, 'available', '2026-06-15 10:27:28', '2026-06-15 10:27:28'),
(393, 1, 2, 'C', 25, 'C49', 1628, 222, 0.00, 'standard', 0, 'available', '2026-06-15 10:27:28', '2026-06-15 10:27:28'),
(394, 1, 2, 'C', 26, 'C50', 1660, 222, 0.00, 'standard', 0, 'available', '2026-06-15 10:27:28', '2026-06-15 10:27:28'),
(395, 1, 2, 'C', 27, 'C51', 1692, 222, 0.00, 'standard', 0, 'available', '2026-06-15 10:27:28', '2026-06-15 10:27:28'),
(396, 1, 2, 'C', 28, 'C52', 1724, 222, 0.00, 'standard', 0, 'available', '2026-06-15 10:27:28', '2026-06-15 10:27:28'),
(397, 1, 2, 'D', 1, 'D25', 860, 258, 0.00, 'standard', 0, 'available', '2026-06-15 10:27:28', '2026-06-15 10:27:28'),
(398, 1, 2, 'D', 2, 'D26', 892, 258, 0.00, 'standard', 0, 'available', '2026-06-15 10:27:28', '2026-06-15 10:27:28'),
(399, 1, 2, 'D', 3, 'D27', 924, 258, 0.00, 'standard', 0, 'available', '2026-06-15 10:27:28', '2026-06-15 10:27:28'),
(400, 1, 2, 'D', 4, 'D28', 956, 258, 0.00, 'standard', 0, 'available', '2026-06-15 10:27:28', '2026-06-15 10:27:28'),
(401, 1, 2, 'D', 5, 'D29', 988, 258, 0.00, 'standard', 0, 'available', '2026-06-15 10:27:28', '2026-06-15 10:27:28'),
(402, 1, 2, 'D', 6, 'D30', 1020, 258, 0.00, 'standard', 0, 'available', '2026-06-15 10:27:28', '2026-06-15 10:27:28'),
(403, 1, 2, 'D', 7, 'D31', 1052, 258, 0.00, 'standard', 0, 'available', '2026-06-15 10:27:28', '2026-06-15 10:27:28'),
(404, 1, 2, 'D', 8, 'D32', 1084, 258, 0.00, 'standard', 0, 'available', '2026-06-15 10:27:28', '2026-06-15 10:27:28'),
(405, 1, 2, 'D', 9, 'D33', 1116, 258, 0.00, 'standard', 0, 'available', '2026-06-15 10:27:28', '2026-06-15 10:27:28'),
(406, 1, 2, 'D', 10, 'D34', 1148, 258, 0.00, 'standard', 0, 'available', '2026-06-15 10:27:28', '2026-06-15 10:27:28'),
(407, 1, 2, 'D', 11, 'D35', 1180, 258, 0.00, 'standard', 0, 'available', '2026-06-15 10:27:28', '2026-06-15 10:27:28'),
(408, 1, 2, 'D', 12, 'D36', 1212, 258, 0.00, 'standard', 0, 'available', '2026-06-15 10:27:28', '2026-06-15 10:27:28'),
(409, 1, 2, 'D', 13, 'D37', 1244, 258, 0.00, 'standard', 0, 'available', '2026-06-15 10:27:28', '2026-06-15 10:27:28'),
(410, 1, 2, 'D', 14, 'D38', 1276, 258, 0.00, 'standard', 0, 'available', '2026-06-15 10:27:28', '2026-06-15 10:27:28'),
(411, 1, 2, 'D', 15, 'D39', 1308, 258, 0.00, 'standard', 0, 'sold', '2026-06-15 10:27:28', '2026-06-15 12:40:19'),
(412, 1, 2, 'D', 16, 'D40', 1340, 258, 0.00, 'standard', 0, 'available', '2026-06-15 10:27:28', '2026-06-15 10:27:28'),
(413, 1, 2, 'D', 17, 'D41', 1372, 258, 0.00, 'standard', 0, 'available', '2026-06-15 10:27:28', '2026-06-15 10:27:28'),
(414, 1, 2, 'D', 18, 'D42', 1404, 258, 0.00, 'standard', 0, 'available', '2026-06-15 10:27:28', '2026-06-15 10:27:28'),
(415, 1, 2, 'D', 19, 'D43', 1436, 258, 0.00, 'standard', 0, 'available', '2026-06-15 10:27:28', '2026-06-15 10:27:28'),
(416, 1, 2, 'D', 20, 'D44', 1468, 258, 0.00, 'standard', 0, 'available', '2026-06-15 10:27:28', '2026-06-15 10:27:28'),
(417, 1, 2, 'D', 21, 'D45', 1500, 258, 0.00, 'standard', 0, 'available', '2026-06-15 10:27:28', '2026-06-15 10:27:28'),
(418, 1, 2, 'D', 22, 'D46', 1532, 258, 0.00, 'standard', 0, 'available', '2026-06-15 10:27:28', '2026-06-15 10:27:28'),
(419, 1, 2, 'D', 23, 'D47', 1564, 258, 0.00, 'standard', 0, 'available', '2026-06-15 10:27:28', '2026-06-15 10:27:28'),
(420, 1, 2, 'D', 24, 'D48', 1596, 258, 0.00, 'standard', 0, 'available', '2026-06-15 10:27:28', '2026-06-15 10:27:28'),
(421, 1, 2, 'D', 25, 'D49', 1628, 258, 0.00, 'standard', 0, 'available', '2026-06-15 10:27:28', '2026-06-15 10:27:28'),
(422, 1, 2, 'D', 26, 'D50', 1660, 258, 0.00, 'standard', 0, 'available', '2026-06-15 10:27:28', '2026-06-15 10:27:28'),
(423, 1, 2, 'D', 27, 'D51', 1692, 258, 0.00, 'standard', 0, 'available', '2026-06-15 10:27:28', '2026-06-15 10:27:28'),
(424, 1, 2, 'D', 28, 'D52', 1724, 258, 0.00, 'standard', 0, 'available', '2026-06-15 10:27:28', '2026-06-15 10:27:28'),
(425, 1, 2, 'E', 1, 'E25', 860, 294, 0.00, 'standard', 0, 'available', '2026-06-15 10:27:28', '2026-06-15 10:27:28'),
(426, 1, 2, 'E', 2, 'E26', 892, 294, 0.00, 'standard', 0, 'available', '2026-06-15 10:27:28', '2026-06-15 10:27:28'),
(427, 1, 2, 'E', 3, 'E27', 924, 294, 0.00, 'standard', 0, 'available', '2026-06-15 10:27:28', '2026-06-15 10:27:28'),
(428, 1, 2, 'E', 4, 'E28', 956, 294, 0.00, 'standard', 0, 'available', '2026-06-15 10:27:28', '2026-06-15 10:27:28'),
(429, 1, 2, 'E', 5, 'E29', 988, 294, 0.00, 'standard', 0, 'available', '2026-06-15 10:27:28', '2026-06-15 10:27:28'),
(430, 1, 2, 'E', 6, 'E30', 1020, 294, 0.00, 'standard', 0, 'available', '2026-06-15 10:27:28', '2026-06-15 10:27:28'),
(431, 1, 2, 'E', 7, 'E31', 1052, 294, 0.00, 'standard', 0, 'available', '2026-06-15 10:27:28', '2026-06-15 10:27:28'),
(432, 1, 2, 'E', 8, 'E32', 1084, 294, 0.00, 'standard', 0, 'available', '2026-06-15 10:27:28', '2026-06-15 10:27:28'),
(433, 1, 2, 'E', 9, 'E33', 1116, 294, 0.00, 'standard', 0, 'available', '2026-06-15 10:27:28', '2026-06-15 10:27:28'),
(434, 1, 2, 'E', 10, 'E34', 1148, 294, 0.00, 'standard', 0, 'available', '2026-06-15 10:27:28', '2026-06-15 10:27:28'),
(435, 1, 2, 'E', 11, 'E35', 1180, 294, 0.00, 'standard', 0, 'available', '2026-06-15 10:27:28', '2026-06-15 10:27:28'),
(436, 1, 2, 'E', 12, 'E36', 1212, 294, 0.00, 'standard', 0, 'available', '2026-06-15 10:27:28', '2026-06-15 10:27:28'),
(437, 1, 2, 'E', 13, 'E37', 1244, 294, 0.00, 'standard', 0, 'available', '2026-06-15 10:27:28', '2026-06-15 10:27:28'),
(438, 1, 2, 'E', 14, 'E38', 1276, 294, 0.00, 'standard', 0, 'available', '2026-06-15 10:27:28', '2026-06-15 10:27:28'),
(439, 1, 2, 'E', 15, 'E39', 1308, 294, 0.00, 'standard', 0, 'available', '2026-06-15 10:27:28', '2026-06-15 10:27:28'),
(440, 1, 2, 'E', 16, 'E40', 1340, 294, 0.00, 'standard', 0, 'available', '2026-06-15 10:27:28', '2026-06-15 10:27:28'),
(441, 1, 2, 'E', 17, 'E41', 1372, 294, 0.00, 'standard', 0, 'available', '2026-06-15 10:27:28', '2026-06-15 10:27:28'),
(442, 1, 2, 'E', 18, 'E42', 1404, 294, 0.00, 'standard', 0, 'available', '2026-06-15 10:27:28', '2026-06-15 10:27:28'),
(443, 1, 2, 'E', 19, 'E43', 1436, 294, 0.00, 'standard', 0, 'available', '2026-06-15 10:27:28', '2026-06-15 10:27:28'),
(444, 1, 2, 'E', 20, 'E44', 1468, 294, 0.00, 'standard', 0, 'available', '2026-06-15 10:27:28', '2026-06-15 10:27:28'),
(445, 1, 2, 'E', 21, 'E45', 1500, 294, 0.00, 'standard', 0, 'available', '2026-06-15 10:27:28', '2026-06-15 10:27:28'),
(446, 1, 2, 'E', 22, 'E46', 1532, 294, 0.00, 'standard', 0, 'available', '2026-06-15 10:27:28', '2026-06-15 10:27:28'),
(447, 1, 2, 'E', 23, 'E47', 1564, 294, 0.00, 'standard', 0, 'available', '2026-06-15 10:27:28', '2026-06-15 10:27:28'),
(448, 1, 2, 'E', 24, 'E48', 1596, 294, 0.00, 'standard', 0, 'available', '2026-06-15 10:27:28', '2026-06-15 10:27:28'),
(449, 1, 2, 'E', 25, 'E49', 1628, 294, 0.00, 'standard', 0, 'available', '2026-06-15 10:27:28', '2026-06-15 10:27:28'),
(450, 1, 2, 'E', 26, 'E50', 1660, 294, 0.00, 'standard', 0, 'available', '2026-06-15 10:27:28', '2026-06-15 10:27:28'),
(451, 1, 2, 'E', 27, 'E51', 1692, 294, 0.00, 'standard', 0, 'available', '2026-06-15 10:27:28', '2026-06-15 10:27:28'),
(452, 1, 2, 'E', 28, 'E52', 1724, 294, 0.00, 'standard', 0, 'available', '2026-06-15 10:27:28', '2026-06-15 10:27:28'),
(453, 1, 2, 'F', 1, 'F25', 860, 330, 0.00, 'standard', 0, 'available', '2026-06-15 10:27:28', '2026-06-15 10:27:28'),
(454, 1, 2, 'F', 2, 'F26', 892, 330, 0.00, 'standard', 0, 'available', '2026-06-15 10:27:28', '2026-06-15 10:27:28'),
(455, 1, 2, 'F', 3, 'F27', 924, 330, 0.00, 'standard', 0, 'available', '2026-06-15 10:27:28', '2026-06-15 10:27:28'),
(456, 1, 2, 'F', 4, 'F28', 956, 330, 0.00, 'standard', 0, 'available', '2026-06-15 10:27:28', '2026-06-15 10:27:28'),
(457, 1, 2, 'F', 5, 'F29', 988, 330, 0.00, 'standard', 0, 'sold', '2026-06-15 10:27:28', '2026-06-15 10:28:22'),
(458, 1, 2, 'F', 6, 'F30', 1020, 330, 0.00, 'standard', 0, 'available', '2026-06-15 10:27:28', '2026-06-15 10:27:28'),
(459, 1, 2, 'F', 7, 'F31', 1052, 330, 0.00, 'standard', 0, 'available', '2026-06-15 10:27:28', '2026-06-15 10:27:28'),
(460, 1, 2, 'F', 8, 'F32', 1084, 330, 0.00, 'standard', 0, 'available', '2026-06-15 10:27:28', '2026-06-15 10:27:28'),
(461, 1, 2, 'F', 9, 'F33', 1116, 330, 0.00, 'standard', 0, 'available', '2026-06-15 10:27:28', '2026-06-15 10:27:28'),
(462, 1, 2, 'F', 10, 'F34', 1148, 330, 0.00, 'standard', 0, 'available', '2026-06-15 10:27:28', '2026-06-15 10:27:28'),
(463, 1, 2, 'F', 11, 'F35', 1180, 330, 0.00, 'standard', 0, 'available', '2026-06-15 10:27:28', '2026-06-15 10:27:28'),
(464, 1, 2, 'F', 12, 'F36', 1212, 330, 0.00, 'standard', 0, 'available', '2026-06-15 10:27:28', '2026-06-15 10:27:28'),
(465, 1, 2, 'F', 13, 'F37', 1244, 330, 0.00, 'standard', 0, 'available', '2026-06-15 10:27:28', '2026-06-15 10:27:28'),
(466, 1, 2, 'F', 14, 'F38', 1276, 330, 0.00, 'standard', 0, 'available', '2026-06-15 10:27:28', '2026-06-15 10:27:28'),
(467, 1, 2, 'F', 15, 'F39', 1308, 330, 0.00, 'standard', 0, 'available', '2026-06-15 10:27:28', '2026-06-15 10:27:28'),
(468, 1, 2, 'F', 16, 'F40', 1340, 330, 0.00, 'standard', 0, 'available', '2026-06-15 10:27:28', '2026-06-15 10:27:28'),
(469, 1, 2, 'F', 17, 'F41', 1372, 330, 0.00, 'standard', 0, 'available', '2026-06-15 10:27:28', '2026-06-15 10:27:28'),
(470, 1, 2, 'F', 18, 'F42', 1404, 330, 0.00, 'standard', 0, 'available', '2026-06-15 10:27:28', '2026-06-15 10:27:28'),
(471, 1, 2, 'F', 19, 'F43', 1436, 330, 0.00, 'standard', 0, 'available', '2026-06-15 10:27:28', '2026-06-15 10:27:28'),
(472, 1, 2, 'F', 20, 'F44', 1468, 330, 0.00, 'standard', 0, 'available', '2026-06-15 10:27:28', '2026-06-15 10:27:28'),
(473, 1, 2, 'F', 21, 'F45', 1500, 330, 0.00, 'standard', 0, 'available', '2026-06-15 10:27:28', '2026-06-15 10:27:28'),
(474, 1, 2, 'F', 22, 'F46', 1532, 330, 0.00, 'standard', 0, 'available', '2026-06-15 10:27:28', '2026-06-15 10:27:28'),
(475, 1, 2, 'F', 23, 'F47', 1564, 330, 0.00, 'standard', 0, 'available', '2026-06-15 10:27:28', '2026-06-15 10:27:28'),
(476, 1, 2, 'F', 24, 'F48', 1596, 330, 0.00, 'standard', 0, 'available', '2026-06-15 10:27:28', '2026-06-15 10:27:28'),
(477, 1, 2, 'F', 25, 'F49', 1628, 330, 0.00, 'standard', 0, 'available', '2026-06-15 10:27:28', '2026-06-15 10:27:28'),
(478, 1, 2, 'F', 26, 'F50', 1660, 330, 0.00, 'standard', 0, 'available', '2026-06-15 10:27:28', '2026-06-15 10:27:28'),
(479, 1, 2, 'F', 27, 'F51', 1692, 330, 0.00, 'standard', 0, 'available', '2026-06-15 10:27:28', '2026-06-15 10:27:28'),
(480, 1, 2, 'F', 28, 'F52', 1724, 330, 0.00, 'standard', 0, 'available', '2026-06-15 10:27:28', '2026-06-15 10:27:28'),
(481, 1, 2, 'G', 1, 'G25', 860, 366, 0.00, 'standard', 0, 'available', '2026-06-15 10:27:28', '2026-06-15 10:27:28'),
(482, 1, 2, 'G', 2, 'G26', 892, 366, 0.00, 'standard', 0, 'available', '2026-06-15 10:27:28', '2026-06-15 10:27:28'),
(483, 1, 2, 'G', 3, 'G27', 924, 366, 0.00, 'standard', 0, 'available', '2026-06-15 10:27:28', '2026-06-15 10:27:28'),
(484, 1, 2, 'G', 4, 'G28', 956, 366, 0.00, 'standard', 0, 'available', '2026-06-15 10:27:28', '2026-06-15 10:27:28'),
(485, 1, 2, 'G', 5, 'G29', 988, 366, 0.00, 'standard', 0, 'available', '2026-06-15 10:27:28', '2026-06-15 10:27:28'),
(486, 1, 2, 'G', 6, 'G30', 1020, 366, 0.00, 'standard', 0, 'available', '2026-06-15 10:27:28', '2026-06-15 10:27:28'),
(487, 1, 2, 'G', 7, 'G31', 1052, 366, 0.00, 'standard', 0, 'available', '2026-06-15 10:27:28', '2026-06-15 10:27:28'),
(488, 1, 2, 'G', 8, 'G32', 1084, 366, 0.00, 'standard', 0, 'available', '2026-06-15 10:27:28', '2026-06-15 10:27:28'),
(489, 1, 2, 'G', 9, 'G33', 1116, 366, 0.00, 'standard', 0, 'available', '2026-06-15 10:27:28', '2026-06-15 10:27:28'),
(490, 1, 2, 'G', 10, 'G34', 1148, 366, 0.00, 'standard', 0, 'available', '2026-06-15 10:27:28', '2026-06-15 10:27:28'),
(491, 1, 2, 'G', 11, 'G35', 1180, 366, 0.00, 'standard', 0, 'available', '2026-06-15 10:27:28', '2026-06-15 10:27:28'),
(492, 1, 2, 'G', 12, 'G36', 1212, 366, 0.00, 'standard', 0, 'available', '2026-06-15 10:27:28', '2026-06-15 10:27:28'),
(493, 1, 2, 'G', 13, 'G37', 1244, 366, 0.00, 'standard', 0, 'available', '2026-06-15 10:27:28', '2026-06-15 10:27:28'),
(494, 1, 2, 'G', 14, 'G38', 1276, 366, 0.00, 'standard', 0, 'available', '2026-06-15 10:27:28', '2026-06-15 10:27:28'),
(495, 1, 2, 'G', 15, 'G39', 1308, 366, 0.00, 'standard', 0, 'available', '2026-06-15 10:27:28', '2026-06-15 10:27:28'),
(496, 1, 2, 'G', 16, 'G40', 1340, 366, 0.00, 'standard', 0, 'available', '2026-06-15 10:27:28', '2026-06-15 10:27:28'),
(497, 1, 2, 'G', 17, 'G41', 1372, 366, 0.00, 'standard', 0, 'available', '2026-06-15 10:27:28', '2026-06-15 10:27:28'),
(498, 1, 2, 'G', 18, 'G42', 1404, 366, 0.00, 'standard', 0, 'available', '2026-06-15 10:27:28', '2026-06-15 10:27:28'),
(499, 1, 2, 'G', 19, 'G43', 1436, 366, 0.00, 'standard', 0, 'available', '2026-06-15 10:27:28', '2026-06-15 10:27:28'),
(500, 1, 2, 'G', 20, 'G44', 1468, 366, 0.00, 'standard', 0, 'available', '2026-06-15 10:27:28', '2026-06-15 10:27:28');

INSERT INTO `seats` (`id`, `venue_id`, `section_id`, `row_label`, `seat_number`, `label`, `x_position`, `y_position`, `price`, `type`, `is_gap`, `status`, `created_at`, `updated_at`) VALUES
(501, 1, 2, 'G', 21, 'G45', 1500, 366, 0.00, 'standard', 0, 'available', '2026-06-15 10:27:28', '2026-06-15 10:27:28'),
(502, 1, 2, 'G', 22, 'G46', 1532, 366, 0.00, 'standard', 0, 'available', '2026-06-15 10:27:28', '2026-06-15 10:27:28'),
(503, 1, 2, 'G', 23, 'G47', 1564, 366, 0.00, 'standard', 0, 'available', '2026-06-15 10:27:28', '2026-06-15 10:27:28'),
(504, 1, 2, 'G', 24, 'G48', 1596, 366, 0.00, 'standard', 0, 'available', '2026-06-15 10:27:28', '2026-06-15 10:27:28'),
(505, 1, 2, 'G', 25, 'G49', 1628, 366, 0.00, 'standard', 0, 'available', '2026-06-15 10:27:28', '2026-06-15 10:27:28'),
(506, 1, 2, 'G', 26, 'G50', 1660, 366, 0.00, 'standard', 0, 'available', '2026-06-15 10:27:28', '2026-06-15 10:27:28'),
(507, 1, 2, 'G', 27, 'G51', 1692, 366, 0.00, 'standard', 0, 'available', '2026-06-15 10:27:28', '2026-06-15 10:27:28'),
(508, 1, 2, 'G', 28, 'G52', 1724, 366, 0.00, 'standard', 0, 'available', '2026-06-15 10:27:28', '2026-06-15 10:27:28'),
(509, 1, 2, 'H', 1, 'H25', 860, 402, 0.00, 'standard', 0, 'available', '2026-06-15 10:27:28', '2026-06-15 10:27:28'),
(510, 1, 2, 'H', 2, 'H26', 892, 402, 0.00, 'standard', 0, 'available', '2026-06-15 10:27:28', '2026-06-15 10:27:28'),
(511, 1, 2, 'H', 3, 'H27', 924, 402, 0.00, 'standard', 0, 'available', '2026-06-15 10:27:28', '2026-06-15 10:27:28'),
(512, 1, 2, 'H', 4, 'H28', 956, 402, 0.00, 'standard', 0, 'available', '2026-06-15 10:27:28', '2026-06-15 10:27:28'),
(513, 1, 2, 'H', 5, 'H29', 988, 402, 0.00, 'standard', 0, 'available', '2026-06-15 10:27:28', '2026-06-15 10:27:28'),
(514, 1, 2, 'H', 6, 'H30', 1020, 402, 0.00, 'standard', 0, 'available', '2026-06-15 10:27:28', '2026-06-15 10:27:28'),
(515, 1, 2, 'H', 7, 'H31', 1052, 402, 0.00, 'standard', 0, 'available', '2026-06-15 10:27:28', '2026-06-15 10:27:28'),
(516, 1, 2, 'H', 8, 'H32', 1084, 402, 0.00, 'standard', 0, 'available', '2026-06-15 10:27:28', '2026-06-15 10:27:28'),
(517, 1, 2, 'H', 9, 'H33', 1116, 402, 0.00, 'standard', 0, 'available', '2026-06-15 10:27:28', '2026-06-15 10:27:28'),
(518, 1, 2, 'H', 10, 'H34', 1148, 402, 0.00, 'standard', 0, 'available', '2026-06-15 10:27:28', '2026-06-15 10:27:28'),
(519, 1, 2, 'H', 11, 'H35', 1180, 402, 0.00, 'standard', 0, 'available', '2026-06-15 10:27:28', '2026-06-15 10:27:28'),
(520, 1, 2, 'H', 12, 'H36', 1212, 402, 0.00, 'standard', 0, 'available', '2026-06-15 10:27:28', '2026-06-15 10:27:28'),
(521, 1, 2, 'H', 13, 'H37', 1244, 402, 0.00, 'standard', 0, 'available', '2026-06-15 10:27:28', '2026-06-15 10:27:28'),
(522, 1, 2, 'H', 14, 'H38', 1276, 402, 0.00, 'standard', 0, 'available', '2026-06-15 10:27:28', '2026-06-15 10:27:28'),
(523, 1, 2, 'H', 15, 'H39', 1308, 402, 0.00, 'standard', 0, 'available', '2026-06-15 10:27:28', '2026-06-15 10:27:28'),
(524, 1, 2, 'H', 16, 'H40', 1340, 402, 0.00, 'standard', 0, 'available', '2026-06-15 10:27:28', '2026-06-15 10:27:28'),
(525, 1, 2, 'H', 17, 'H41', 1372, 402, 0.00, 'standard', 0, 'available', '2026-06-15 10:27:28', '2026-06-15 10:27:28'),
(526, 1, 2, 'H', 18, 'H42', 1404, 402, 0.00, 'standard', 0, 'available', '2026-06-15 10:27:28', '2026-06-15 10:27:28'),
(527, 1, 2, 'H', 19, 'H43', 1436, 402, 0.00, 'standard', 0, 'available', '2026-06-15 10:27:28', '2026-06-15 10:27:28'),
(528, 1, 2, 'H', 20, 'H44', 1468, 402, 0.00, 'standard', 0, 'available', '2026-06-15 10:27:28', '2026-06-15 10:27:28'),
(529, 1, 2, 'H', 21, 'H45', 1500, 402, 0.00, 'standard', 0, 'available', '2026-06-15 10:27:28', '2026-06-15 10:27:28'),
(530, 1, 2, 'H', 22, 'H46', 1532, 402, 0.00, 'standard', 0, 'available', '2026-06-15 10:27:28', '2026-06-15 10:27:28'),
(531, 1, 2, 'H', 23, 'H47', 1564, 402, 0.00, 'standard', 0, 'available', '2026-06-15 10:27:28', '2026-06-15 10:27:28'),
(532, 1, 2, 'H', 24, 'H48', 1596, 402, 0.00, 'standard', 0, 'available', '2026-06-15 10:27:28', '2026-06-15 10:27:28'),
(533, 1, 2, 'H', 25, 'H49', 1628, 402, 0.00, 'standard', 0, 'available', '2026-06-15 10:27:28', '2026-06-15 10:27:28'),
(534, 1, 2, 'H', 26, 'H50', 1660, 402, 0.00, 'standard', 0, 'available', '2026-06-15 10:27:28', '2026-06-15 10:27:28'),
(535, 1, 2, 'H', 27, 'H51', 1692, 402, 0.00, 'standard', 0, 'available', '2026-06-15 10:27:28', '2026-06-15 10:27:28'),
(536, 1, 2, 'H', 28, 'H52', 1724, 402, 0.00, 'standard', 0, 'available', '2026-06-15 10:27:28', '2026-06-15 10:27:28'),
(537, 1, 2, 'I', 1, 'I25', 860, 438, 0.00, 'standard', 0, 'available', '2026-06-15 10:27:28', '2026-06-15 10:27:28'),
(538, 1, 2, 'I', 2, 'I26', 892, 438, 0.00, 'standard', 0, 'available', '2026-06-15 10:27:28', '2026-06-15 10:27:28'),
(539, 1, 2, 'I', 3, 'I27', 924, 438, 0.00, 'standard', 0, 'available', '2026-06-15 10:27:28', '2026-06-15 10:27:28'),
(540, 1, 2, 'I', 4, 'I28', 956, 438, 0.00, 'standard', 0, 'available', '2026-06-15 10:27:28', '2026-06-15 10:27:28'),
(541, 1, 2, 'I', 5, 'I29', 988, 438, 0.00, 'standard', 0, 'available', '2026-06-15 10:27:28', '2026-06-15 10:27:28'),
(542, 1, 2, 'I', 6, 'I30', 1020, 438, 0.00, 'standard', 0, 'available', '2026-06-15 10:27:28', '2026-06-15 10:27:28'),
(543, 1, 2, 'I', 7, 'I31', 1052, 438, 0.00, 'standard', 0, 'available', '2026-06-15 10:27:28', '2026-06-15 10:27:28'),
(544, 1, 2, 'I', 8, 'I32', 1084, 438, 0.00, 'standard', 0, 'available', '2026-06-15 10:27:28', '2026-06-15 10:27:28'),
(545, 1, 2, 'I', 9, 'I33', 1116, 438, 0.00, 'standard', 0, 'available', '2026-06-15 10:27:28', '2026-06-15 10:27:28'),
(546, 1, 2, 'I', 10, 'I34', 1148, 438, 0.00, 'standard', 0, 'available', '2026-06-15 10:27:28', '2026-06-15 10:27:28'),
(547, 1, 2, 'I', 11, 'I35', 1180, 438, 0.00, 'standard', 0, 'available', '2026-06-15 10:27:28', '2026-06-15 10:27:28'),
(548, 1, 2, 'I', 12, 'I36', 1212, 438, 0.00, 'standard', 0, 'available', '2026-06-15 10:27:28', '2026-06-15 10:27:28'),
(549, 1, 2, 'I', 13, 'I37', 1244, 438, 0.00, 'standard', 0, 'available', '2026-06-15 10:27:28', '2026-06-15 10:27:28'),
(550, 1, 2, 'I', 14, 'I38', 1276, 438, 0.00, 'standard', 0, 'available', '2026-06-15 10:27:28', '2026-06-15 10:27:28'),
(551, 1, 2, 'I', 15, 'I39', 1308, 438, 0.00, 'standard', 0, 'available', '2026-06-15 10:27:28', '2026-06-15 10:27:28'),
(552, 1, 2, 'I', 16, 'I40', 1340, 438, 0.00, 'standard', 0, 'available', '2026-06-15 10:27:28', '2026-06-15 10:27:28'),
(553, 1, 2, 'I', 17, 'I41', 1372, 438, 0.00, 'standard', 0, 'available', '2026-06-15 10:27:28', '2026-06-15 10:27:28'),
(554, 1, 2, 'I', 18, 'I42', 1404, 438, 0.00, 'standard', 0, 'available', '2026-06-15 10:27:28', '2026-06-15 10:27:28'),
(555, 1, 2, 'I', 19, 'I43', 1436, 438, 0.00, 'standard', 0, 'available', '2026-06-15 10:27:28', '2026-06-15 10:27:28'),
(556, 1, 2, 'I', 20, 'I44', 1468, 438, 0.00, 'standard', 0, 'available', '2026-06-15 10:27:28', '2026-06-15 10:27:28'),
(557, 1, 2, 'I', 21, 'I45', 1500, 438, 0.00, 'standard', 0, 'available', '2026-06-15 10:27:28', '2026-06-15 10:27:28'),
(558, 1, 2, 'I', 22, 'I46', 1532, 438, 0.00, 'standard', 0, 'available', '2026-06-15 10:27:28', '2026-06-15 10:27:28'),
(559, 1, 2, 'I', 23, 'I47', 1564, 438, 0.00, 'standard', 0, 'available', '2026-06-15 10:27:28', '2026-06-15 10:27:28'),
(560, 1, 2, 'I', 24, 'I48', 1596, 438, 0.00, 'standard', 0, 'available', '2026-06-15 10:27:28', '2026-06-15 10:27:28'),
(561, 1, 2, 'I', 25, 'I49', 1628, 438, 0.00, 'standard', 0, 'available', '2026-06-15 10:27:28', '2026-06-15 10:27:28'),
(562, 1, 2, 'I', 26, 'I50', 1660, 438, 0.00, 'standard', 0, 'available', '2026-06-15 10:27:28', '2026-06-15 10:27:28'),
(563, 1, 2, 'I', 27, 'I51', 1692, 438, 0.00, 'standard', 0, 'available', '2026-06-15 10:27:28', '2026-06-15 10:27:28'),
(564, 1, 2, 'I', 28, 'I52', 1724, 438, 0.00, 'standard', 0, 'available', '2026-06-15 10:27:28', '2026-06-15 10:27:28'),
(565, 1, 2, 'J', 1, 'J25', 860, 474, 0.00, 'standard', 0, 'available', '2026-06-15 10:27:28', '2026-06-15 10:27:28'),
(566, 1, 2, 'J', 2, 'J26', 892, 474, 0.00, 'standard', 0, 'available', '2026-06-15 10:27:28', '2026-06-15 10:27:28'),
(567, 1, 2, 'J', 3, 'J27', 924, 474, 0.00, 'standard', 0, 'available', '2026-06-15 10:27:28', '2026-06-15 10:27:28'),
(568, 1, 2, 'J', 4, 'J28', 956, 474, 0.00, 'standard', 0, 'available', '2026-06-15 10:27:28', '2026-06-15 10:27:28'),
(569, 1, 2, 'J', 5, 'J29', 988, 474, 0.00, 'standard', 0, 'available', '2026-06-15 10:27:28', '2026-06-15 10:27:28'),
(570, 1, 2, 'J', 6, 'J30', 1020, 474, 0.00, 'standard', 0, 'available', '2026-06-15 10:27:28', '2026-06-15 10:27:28'),
(571, 1, 2, 'J', 7, 'J31', 1052, 474, 0.00, 'standard', 0, 'available', '2026-06-15 10:27:28', '2026-06-15 10:27:28'),
(572, 1, 2, 'J', 8, 'J32', 1084, 474, 0.00, 'standard', 0, 'available', '2026-06-15 10:27:28', '2026-06-15 10:27:28'),
(573, 1, 2, 'J', 9, 'J33', 1116, 474, 0.00, 'standard', 0, 'available', '2026-06-15 10:27:28', '2026-06-15 10:27:28'),
(574, 1, 2, 'J', 10, 'J34', 1148, 474, 0.00, 'standard', 0, 'available', '2026-06-15 10:27:28', '2026-06-15 10:27:28'),
(575, 1, 2, 'J', 11, 'J35', 1180, 474, 0.00, 'standard', 0, 'available', '2026-06-15 10:27:28', '2026-06-15 10:27:28'),
(576, 1, 2, 'J', 12, 'J36', 1212, 474, 0.00, 'standard', 0, 'available', '2026-06-15 10:27:28', '2026-06-15 10:27:28'),
(577, 1, 2, 'J', 13, 'J37', 1244, 474, 0.00, 'standard', 0, 'available', '2026-06-15 10:27:28', '2026-06-15 10:27:28'),
(578, 1, 2, 'J', 14, 'J38', 1276, 474, 0.00, 'standard', 0, 'available', '2026-06-15 10:27:28', '2026-06-15 10:27:28'),
(579, 1, 2, 'J', 15, 'J39', 1308, 474, 0.00, 'standard', 0, 'available', '2026-06-15 10:27:28', '2026-06-15 10:27:28'),
(580, 1, 2, 'J', 16, 'J40', 1340, 474, 0.00, 'standard', 0, 'available', '2026-06-15 10:27:28', '2026-06-15 10:27:28'),
(581, 1, 2, 'J', 17, 'J41', 1372, 474, 0.00, 'standard', 0, 'available', '2026-06-15 10:27:28', '2026-06-15 10:27:28'),
(582, 1, 2, 'J', 18, 'J42', 1404, 474, 0.00, 'standard', 0, 'available', '2026-06-15 10:27:28', '2026-06-15 10:27:28'),
(583, 1, 2, 'J', 19, 'J43', 1436, 474, 0.00, 'standard', 0, 'available', '2026-06-15 10:27:28', '2026-06-15 10:27:28'),
(584, 1, 2, 'J', 20, 'J44', 1468, 474, 0.00, 'standard', 0, 'available', '2026-06-15 10:27:28', '2026-06-15 10:27:28'),
(585, 1, 2, 'J', 21, 'J45', 1500, 474, 0.00, 'standard', 0, 'available', '2026-06-15 10:27:28', '2026-06-15 10:27:28'),
(586, 1, 2, 'J', 22, 'J46', 1532, 474, 0.00, 'standard', 0, 'available', '2026-06-15 10:27:28', '2026-06-15 10:27:28'),
(587, 1, 2, 'J', 23, 'J47', 1564, 474, 0.00, 'standard', 0, 'available', '2026-06-15 10:27:28', '2026-06-15 10:27:28'),
(588, 1, 2, 'J', 24, 'J48', 1596, 474, 0.00, 'standard', 0, 'available', '2026-06-15 10:27:28', '2026-06-15 10:27:28'),
(589, 1, 2, 'J', 25, 'J49', 1628, 474, 0.00, 'standard', 0, 'available', '2026-06-15 10:27:28', '2026-06-15 10:27:28'),
(590, 1, 2, 'J', 26, 'J50', 1660, 474, 0.00, 'standard', 0, 'available', '2026-06-15 10:27:28', '2026-06-15 10:27:28'),
(591, 1, 2, 'J', 27, 'J51', 1692, 474, 0.00, 'standard', 0, 'available', '2026-06-15 10:27:28', '2026-06-15 10:27:28'),
(592, 1, 2, 'J', 28, 'J52', 1724, 474, 0.00, 'standard', 0, 'available', '2026-06-15 10:27:28', '2026-06-15 10:27:28'),
(593, 1, 2, 'K', 1, 'K25', 860, 510, 0.00, 'standard', 0, 'available', '2026-06-15 10:27:28', '2026-06-15 10:27:28'),
(594, 1, 2, 'K', 2, 'K26', 892, 510, 0.00, 'standard', 0, 'available', '2026-06-15 10:27:28', '2026-06-15 10:27:28'),
(595, 1, 2, 'K', 3, 'K27', 924, 510, 0.00, 'standard', 0, 'available', '2026-06-15 10:27:28', '2026-06-15 10:27:28'),
(596, 1, 2, 'K', 4, 'K28', 956, 510, 0.00, 'standard', 0, 'available', '2026-06-15 10:27:28', '2026-06-15 10:27:28'),
(597, 1, 2, 'K', 5, 'K29', 988, 510, 0.00, 'standard', 0, 'available', '2026-06-15 10:27:28', '2026-06-15 10:27:28'),
(598, 1, 2, 'K', 6, 'K30', 1020, 510, 0.00, 'standard', 0, 'available', '2026-06-15 10:27:28', '2026-06-15 10:27:28'),
(599, 1, 2, 'K', 7, 'K31', 1052, 510, 0.00, 'standard', 0, 'available', '2026-06-15 10:27:28', '2026-06-15 10:27:28'),
(600, 1, 2, 'K', 8, 'K32', 1084, 510, 0.00, 'standard', 0, 'available', '2026-06-15 10:27:28', '2026-06-15 10:27:28'),
(601, 1, 2, 'K', 9, 'K33', 1116, 510, 0.00, 'standard', 0, 'available', '2026-06-15 10:27:28', '2026-06-15 10:27:28'),
(602, 1, 2, 'K', 10, 'K34', 1148, 510, 0.00, 'standard', 0, 'available', '2026-06-15 10:27:28', '2026-06-15 10:27:28'),
(603, 1, 2, 'K', 11, 'K35', 1180, 510, 0.00, 'standard', 0, 'available', '2026-06-15 10:27:28', '2026-06-15 10:27:28'),
(604, 1, 2, 'K', 12, 'K36', 1212, 510, 0.00, 'standard', 0, 'available', '2026-06-15 10:27:28', '2026-06-15 10:27:28'),
(605, 1, 2, 'K', 13, 'K37', 1244, 510, 0.00, 'standard', 0, 'available', '2026-06-15 10:27:28', '2026-06-15 10:27:28'),
(606, 1, 2, 'K', 14, 'K38', 1276, 510, 0.00, 'standard', 0, 'available', '2026-06-15 10:27:28', '2026-06-15 10:27:28'),
(607, 1, 2, 'K', 15, 'K39', 1308, 510, 0.00, 'standard', 0, 'available', '2026-06-15 10:27:28', '2026-06-15 10:27:28'),
(608, 1, 2, 'K', 16, 'K40', 1340, 510, 0.00, 'standard', 0, 'available', '2026-06-15 10:27:28', '2026-06-15 10:27:28'),
(609, 1, 2, 'K', 17, 'K41', 1372, 510, 0.00, 'standard', 0, 'available', '2026-06-15 10:27:28', '2026-06-15 10:27:28'),
(610, 1, 2, 'K', 18, 'K42', 1404, 510, 0.00, 'standard', 0, 'available', '2026-06-15 10:27:28', '2026-06-15 10:27:28'),
(611, 1, 2, 'K', 19, 'K43', 1436, 510, 0.00, 'standard', 0, 'available', '2026-06-15 10:27:28', '2026-06-15 10:27:28'),
(612, 1, 2, 'K', 20, 'K44', 1468, 510, 0.00, 'standard', 0, 'available', '2026-06-15 10:27:28', '2026-06-15 10:27:28'),
(613, 1, 2, 'K', 21, 'K45', 1500, 510, 0.00, 'standard', 0, 'available', '2026-06-15 10:27:28', '2026-06-15 10:27:28'),
(614, 1, 2, 'K', 22, 'K46', 1532, 510, 0.00, 'standard', 0, 'available', '2026-06-15 10:27:28', '2026-06-15 10:27:28'),
(615, 1, 2, 'K', 23, 'K47', 1564, 510, 0.00, 'standard', 0, 'available', '2026-06-15 10:27:28', '2026-06-15 10:27:28'),
(616, 1, 2, 'K', 24, 'K48', 1596, 510, 0.00, 'standard', 0, 'available', '2026-06-15 10:27:28', '2026-06-15 10:27:28'),
(617, 1, 2, 'K', 25, 'K49', 1628, 510, 0.00, 'standard', 0, 'available', '2026-06-15 10:27:28', '2026-06-15 10:27:28'),
(618, 1, 2, 'K', 26, 'K50', 1660, 510, 0.00, 'standard', 0, 'available', '2026-06-15 10:27:28', '2026-06-15 10:27:28'),
(619, 1, 2, 'K', 27, 'K51', 1692, 510, 0.00, 'standard', 0, 'available', '2026-06-15 10:27:28', '2026-06-15 10:27:28'),
(620, 1, 2, 'K', 28, 'K52', 1724, 510, 0.00, 'standard', 0, 'available', '2026-06-15 10:27:28', '2026-06-15 10:27:28'),
(621, 1, 2, 'L', 1, 'L25', 860, 546, 0.00, 'standard', 0, 'available', '2026-06-15 10:27:28', '2026-06-15 10:27:28'),
(622, 1, 2, 'L', 2, 'L26', 892, 546, 0.00, 'standard', 0, 'available', '2026-06-15 10:27:28', '2026-06-15 10:27:28'),
(623, 1, 2, 'L', 3, 'L27', 924, 546, 0.00, 'standard', 0, 'available', '2026-06-15 10:27:28', '2026-06-15 10:27:28'),
(624, 1, 2, 'L', 4, 'L28', 956, 546, 0.00, 'standard', 0, 'available', '2026-06-15 10:27:28', '2026-06-15 10:27:28'),
(625, 1, 2, 'L', 5, 'L29', 988, 546, 0.00, 'standard', 0, 'available', '2026-06-15 10:27:28', '2026-06-15 10:27:28'),
(626, 1, 2, 'L', 6, 'L30', 1020, 546, 0.00, 'standard', 0, 'available', '2026-06-15 10:27:28', '2026-06-15 10:27:28'),
(627, 1, 2, 'L', 7, 'L31', 1052, 546, 0.00, 'standard', 0, 'available', '2026-06-15 10:27:28', '2026-06-15 10:27:28'),
(628, 1, 2, 'L', 8, 'L32', 1084, 546, 0.00, 'standard', 0, 'available', '2026-06-15 10:27:28', '2026-06-15 10:27:28'),
(629, 1, 2, 'L', 9, 'L33', 1116, 546, 0.00, 'standard', 0, 'available', '2026-06-15 10:27:28', '2026-06-15 10:27:28'),
(630, 1, 2, 'L', 10, 'L34', 1148, 546, 0.00, 'standard', 0, 'available', '2026-06-15 10:27:28', '2026-06-15 10:27:28'),
(631, 1, 2, 'L', 11, 'L35', 1180, 546, 0.00, 'standard', 0, 'available', '2026-06-15 10:27:28', '2026-06-15 10:27:28'),
(632, 1, 2, 'L', 12, 'L36', 1212, 546, 0.00, 'standard', 0, 'available', '2026-06-15 10:27:28', '2026-06-15 10:27:28'),
(633, 1, 2, 'L', 13, 'L37', 1244, 546, 0.00, 'standard', 0, 'available', '2026-06-15 10:27:28', '2026-06-15 10:27:28'),
(634, 1, 2, 'L', 14, 'L38', 1276, 546, 0.00, 'standard', 0, 'available', '2026-06-15 10:27:28', '2026-06-15 10:27:28'),
(635, 1, 2, 'L', 15, 'L39', 1308, 546, 0.00, 'standard', 0, 'available', '2026-06-15 10:27:28', '2026-06-15 10:27:28'),
(636, 1, 2, 'L', 16, 'L40', 1340, 546, 0.00, 'standard', 0, 'available', '2026-06-15 10:27:28', '2026-06-15 10:27:28'),
(637, 1, 2, 'L', 17, 'L41', 1372, 546, 0.00, 'standard', 0, 'available', '2026-06-15 10:27:28', '2026-06-15 10:27:28'),
(638, 1, 2, 'L', 18, 'L42', 1404, 546, 0.00, 'standard', 0, 'available', '2026-06-15 10:27:28', '2026-06-15 10:27:28'),
(639, 1, 2, 'L', 19, 'L43', 1436, 546, 0.00, 'standard', 0, 'available', '2026-06-15 10:27:28', '2026-06-15 10:27:28'),
(640, 1, 2, 'L', 20, 'L44', 1468, 546, 0.00, 'standard', 0, 'available', '2026-06-15 10:27:28', '2026-06-15 10:27:28'),
(641, 1, 2, 'L', 21, 'L45', 1500, 546, 0.00, 'standard', 0, 'available', '2026-06-15 10:27:28', '2026-06-15 10:27:28'),
(642, 1, 2, 'L', 22, 'L46', 1532, 546, 0.00, 'standard', 0, 'available', '2026-06-15 10:27:28', '2026-06-15 10:27:28'),
(643, 1, 2, 'L', 23, 'L47', 1564, 546, 0.00, 'standard', 0, 'available', '2026-06-15 10:27:28', '2026-06-15 10:27:28'),
(644, 1, 2, 'L', 24, 'L48', 1596, 546, 0.00, 'standard', 0, 'available', '2026-06-15 10:27:28', '2026-06-15 10:27:28'),
(645, 1, 2, 'L', 25, 'L49', 1628, 546, 0.00, 'standard', 0, 'available', '2026-06-15 10:27:28', '2026-06-15 10:27:28'),
(646, 1, 2, 'L', 26, 'L50', 1660, 546, 0.00, 'standard', 0, 'available', '2026-06-15 10:27:28', '2026-06-15 10:27:28'),
(647, 1, 2, 'L', 27, 'L51', 1692, 546, 0.00, 'standard', 0, 'available', '2026-06-15 10:27:28', '2026-06-15 10:27:28'),
(648, 1, 2, 'L', 28, 'L52', 1724, 546, 0.00, 'standard', 0, 'available', '2026-06-15 10:27:28', '2026-06-15 10:27:28'),
(649, 1, 2, 'M', 1, 'M25', 860, 582, 0.00, 'standard', 0, 'available', '2026-06-15 10:27:28', '2026-06-15 10:27:28'),
(650, 1, 2, 'M', 2, 'M26', 892, 582, 0.00, 'standard', 0, 'available', '2026-06-15 10:27:28', '2026-06-15 10:27:28'),
(651, 1, 2, 'M', 3, 'M27', 924, 582, 0.00, 'standard', 0, 'available', '2026-06-15 10:27:28', '2026-06-15 10:27:28'),
(652, 1, 2, 'M', 4, 'M28', 956, 582, 0.00, 'standard', 0, 'available', '2026-06-15 10:27:28', '2026-06-15 10:27:28'),
(653, 1, 2, 'M', 5, 'M29', 988, 582, 0.00, 'standard', 0, 'available', '2026-06-15 10:27:28', '2026-06-15 10:27:28'),
(654, 1, 2, 'M', 6, 'M30', 1020, 582, 0.00, 'standard', 0, 'available', '2026-06-15 10:27:28', '2026-06-15 10:27:28'),
(655, 1, 2, 'M', 7, 'M31', 1052, 582, 0.00, 'standard', 0, 'available', '2026-06-15 10:27:28', '2026-06-15 10:27:28'),
(656, 1, 2, 'M', 8, 'M32', 1084, 582, 0.00, 'standard', 0, 'available', '2026-06-15 10:27:28', '2026-06-15 10:27:28'),
(657, 1, 2, 'M', 9, 'M33', 1116, 582, 0.00, 'standard', 0, 'available', '2026-06-15 10:27:28', '2026-06-15 10:27:28'),
(658, 1, 2, 'M', 10, 'M34', 1148, 582, 0.00, 'standard', 0, 'available', '2026-06-15 10:27:28', '2026-06-15 10:27:28'),
(659, 1, 2, 'M', 11, 'M35', 1180, 582, 0.00, 'standard', 0, 'available', '2026-06-15 10:27:28', '2026-06-15 10:27:28'),
(660, 1, 2, 'M', 12, 'M36', 1212, 582, 0.00, 'standard', 0, 'available', '2026-06-15 10:27:28', '2026-06-15 10:27:28'),
(661, 1, 2, 'M', 13, 'M37', 1244, 582, 0.00, 'standard', 0, 'available', '2026-06-15 10:27:28', '2026-06-15 10:27:28'),
(662, 1, 2, 'M', 14, 'M38', 1276, 582, 0.00, 'standard', 0, 'available', '2026-06-15 10:27:28', '2026-06-15 10:27:28'),
(663, 1, 2, 'M', 15, 'M39', 1308, 582, 0.00, 'standard', 0, 'available', '2026-06-15 10:27:28', '2026-06-15 10:27:28'),
(664, 1, 2, 'M', 16, 'M40', 1340, 582, 0.00, 'standard', 0, 'available', '2026-06-15 10:27:28', '2026-06-15 10:27:28'),
(665, 1, 2, 'M', 17, 'M41', 1372, 582, 0.00, 'standard', 0, 'available', '2026-06-15 10:27:28', '2026-06-15 10:27:28'),
(666, 1, 2, 'M', 18, 'M42', 1404, 582, 0.00, 'standard', 0, 'available', '2026-06-15 10:27:28', '2026-06-15 10:27:28'),
(667, 1, 2, 'M', 19, 'M43', 1436, 582, 0.00, 'standard', 0, 'available', '2026-06-15 10:27:28', '2026-06-15 10:27:28'),
(668, 1, 2, 'M', 20, 'M44', 1468, 582, 0.00, 'standard', 0, 'available', '2026-06-15 10:27:28', '2026-06-15 10:27:28'),
(669, 1, 2, 'M', 21, 'M45', 1500, 582, 0.00, 'standard', 0, 'available', '2026-06-15 10:27:28', '2026-06-15 10:27:28'),
(670, 1, 2, 'M', 22, 'M46', 1532, 582, 0.00, 'standard', 0, 'available', '2026-06-15 10:27:28', '2026-06-15 10:27:28'),
(671, 1, 2, 'M', 23, 'M47', 1564, 582, 0.00, 'standard', 0, 'available', '2026-06-15 10:27:28', '2026-06-15 10:27:28'),
(672, 1, 2, 'M', 24, 'M48', 1596, 582, 0.00, 'standard', 0, 'available', '2026-06-15 10:27:28', '2026-06-15 10:27:28'),
(673, 1, 2, 'M', 25, 'M49', 1628, 582, 0.00, 'standard', 0, 'available', '2026-06-15 10:27:28', '2026-06-15 10:27:28'),
(674, 1, 2, 'M', 26, 'M50', 1660, 582, 0.00, 'standard', 0, 'available', '2026-06-15 10:27:28', '2026-06-15 10:27:28'),
(675, 1, 2, 'M', 27, 'M51', 1692, 582, 0.00, 'standard', 0, 'available', '2026-06-15 10:27:28', '2026-06-15 10:27:28'),
(676, 1, 2, 'M', 28, 'M52', 1724, 582, 0.00, 'standard', 0, 'available', '2026-06-15 10:27:28', '2026-06-15 10:27:28'),
(677, 1, 4, 'HALI', 1, NULL, 760, 150, 0.00, 'disabled', 0, 'blocked', '2026-06-15 10:27:28', '2026-06-15 10:27:28'),
(678, 1, 4, 'HALI', 1, NULL, 760, 180, 0.00, 'disabled', 0, 'blocked', '2026-06-15 10:27:28', '2026-06-15 10:27:28'),
(679, 1, 4, 'HALI', 1, NULL, 760, 210, 0.00, 'disabled', 0, 'blocked', '2026-06-15 10:27:28', '2026-06-15 10:27:28'),
(680, 1, 4, 'HALI', 1, NULL, 760, 240, 0.00, 'disabled', 0, 'blocked', '2026-06-15 10:27:28', '2026-06-15 10:27:28'),
(681, 1, 4, 'HALI', 1, NULL, 760, 270, 0.00, 'disabled', 0, 'blocked', '2026-06-15 10:27:28', '2026-06-15 10:27:28'),
(682, 1, 4, 'HALI', 1, NULL, 760, 300, 0.00, 'disabled', 0, 'blocked', '2026-06-15 10:27:28', '2026-06-15 10:27:28'),
(683, 1, 4, 'HALI', 1, NULL, 760, 330, 0.00, 'disabled', 0, 'blocked', '2026-06-15 10:27:28', '2026-06-15 10:27:28'),
(684, 1, 4, 'HALI', 1, NULL, 760, 360, 0.00, 'disabled', 0, 'blocked', '2026-06-15 10:27:28', '2026-06-15 10:27:28'),
(685, 1, 4, 'HALI', 1, NULL, 760, 390, 0.00, 'disabled', 0, 'blocked', '2026-06-15 10:27:28', '2026-06-15 10:27:28'),
(686, 1, 4, 'HALI', 1, NULL, 760, 420, 0.00, 'disabled', 0, 'blocked', '2026-06-15 10:27:28', '2026-06-15 10:27:28'),
(687, 1, 4, 'HALI', 1, NULL, 760, 450, 0.00, 'disabled', 0, 'blocked', '2026-06-15 10:27:28', '2026-06-15 10:27:28'),
(688, 1, 4, 'HALI', 1, NULL, 760, 480, 0.00, 'disabled', 0, 'blocked', '2026-06-15 10:27:28', '2026-06-15 10:27:28'),
(689, 1, 4, 'HALI', 1, NULL, 760, 510, 0.00, 'disabled', 0, 'blocked', '2026-06-15 10:27:28', '2026-06-15 10:27:28'),
(690, 1, 4, 'HALI', 1, NULL, 760, 540, 0.00, 'disabled', 0, 'blocked', '2026-06-15 10:27:28', '2026-06-15 10:27:28'),
(691, 1, 4, 'HALI', 1, NULL, 760, 570, 0.00, 'disabled', 0, 'blocked', '2026-06-15 10:27:28', '2026-06-15 10:27:28'),
(692, 1, 4, 'HALI', 1, NULL, 760, 600, 0.00, 'disabled', 0, 'blocked', '2026-06-15 10:27:28', '2026-06-15 10:27:28'),
(693, 1, 4, 'HALI', 1, NULL, 760, 630, 0.00, 'disabled', 0, 'blocked', '2026-06-15 10:27:28', '2026-06-15 10:27:28'),
(694, 1, 4, 'HALI', 1, NULL, 760, 660, 0.00, 'disabled', 0, 'blocked', '2026-06-15 10:27:28', '2026-06-15 10:27:28'),
(695, 1, 4, 'HALI', 1, NULL, 760, 690, 0.00, 'disabled', 0, 'blocked', '2026-06-15 10:27:28', '2026-06-15 10:27:28'),
(696, 1, 4, 'HALI', 1, NULL, 760, 720, 0.00, 'disabled', 0, 'blocked', '2026-06-15 10:27:28', '2026-06-15 10:27:28'),
(697, 1, 4, 'HALI', 1, NULL, 760, 750, 0.00, 'disabled', 0, 'blocked', '2026-06-15 10:27:28', '2026-06-15 10:27:28'),
(698, 1, 4, 'HALI', 1, NULL, 760, 780, 0.00, 'disabled', 0, 'blocked', '2026-06-15 10:27:28', '2026-06-15 10:27:28'),
(699, 1, 3, 'SAHNE', 1, NULL, 500, 65, 0.00, 'disabled', 0, 'blocked', '2026-06-15 10:27:28', '2026-06-15 10:27:28'),
(700, 1, 3, 'SAHNE', 1, NULL, 560, 65, 0.00, 'disabled', 0, 'blocked', '2026-06-15 10:27:28', '2026-06-15 10:27:28'),
(701, 1, 3, 'SAHNE', 1, NULL, 620, 65, 0.00, 'disabled', 0, 'blocked', '2026-06-15 10:27:28', '2026-06-15 10:27:28'),
(702, 1, 3, 'SAHNE', 1, NULL, 680, 65, 0.00, 'disabled', 0, 'blocked', '2026-06-15 10:27:28', '2026-06-15 10:27:28'),
(703, 1, 3, 'SAHNE', 1, NULL, 740, 65, 0.00, 'disabled', 0, 'blocked', '2026-06-15 10:27:28', '2026-06-15 10:27:28'),
(704, 1, 3, 'SAHNE', 1, NULL, 800, 65, 0.00, 'disabled', 0, 'blocked', '2026-06-15 10:27:28', '2026-06-15 10:27:28'),
(705, 1, 3, 'SAHNE', 1, NULL, 860, 65, 0.00, 'disabled', 0, 'blocked', '2026-06-15 10:27:28', '2026-06-15 10:27:28'),
(706, 1, 3, 'SAHNE', 1, NULL, 920, 65, 0.00, 'disabled', 0, 'blocked', '2026-06-15 10:27:28', '2026-06-15 10:27:28'),
(707, 1, 3, 'SAHNE', 1, NULL, 980, 65, 0.00, 'disabled', 0, 'blocked', '2026-06-15 10:27:28', '2026-06-15 10:27:28'),
(708, 1, 3, 'SAHNE', 1, NULL, 1040, 65, 0.00, 'disabled', 0, 'blocked', '2026-06-15 10:27:28', '2026-06-15 10:27:28');

INSERT INTO `sections` (`id`, `venue_id`, `name`, `sort_order`, `created_at`, `updated_at`) VALUES
(1, 1, 'SOL BLOK', 1, '2026-06-15 10:27:28', '2026-06-15 10:27:28'),
(2, 1, 'SAG BLOK', 2, '2026-06-15 10:27:28', '2026-06-15 10:27:28'),
(3, 1, 'SAHNE', 3, '2026-06-15 10:27:28', '2026-06-15 10:27:28'),
(4, 1, 'HALI', 4, '2026-06-15 10:27:28', '2026-06-15 10:27:28');

INSERT INTO `sessions` (`id`, `user_id`, `ip_address`, `user_agent`, `payload`, `last_activity`) VALUES
('CszWMLy1b55yIYaWlvVVoTpYtwBqFQuX0b3C86eK', 2, '127.0.0.1', 'Mozilla/5.0 (Macintosh; Intel Mac OS X 10_15_7) AppleWebKit/537.36 (KHTML, like Gecko) Chrome/149.0.0.0 Safari/537.36', 'eyJfdG9rZW4iOiJnaUpQUlpsZzV6QVBOU0NDU0Iyc0M2dDVuY3A2MUFZdEVVMnZvN0xiIiwiX2ZsYXNoIjp7Im9sZCI6W10sIm5ldyI6W119LCJfcHJldmlvdXMiOnsidXJsIjoiaHR0cDpcL1wvMTI3LjAuMC4xOjgwMDBcL2V2ZW50c1wvaWxrb2dyZXRpbS1tZXp1bml5ZXQtMjAyNiIsInJvdXRlIjoiZXZlbnRzLnNob3cifSwibG9naW5fd2ViXzU5YmEzNmFkZGMyYjJmOTQwMTU4MGYwMTRjN2Y1OGVhNGUzMDk4OWQiOjJ9', 1781529072),
('rKyfSOtGeCTfRzqxD4FipHsdO9Bb0uwyHmvi2XKf', NULL, '127.0.0.1', 'curl/8.7.1', 'eyJfdG9rZW4iOiJpOG1heFBHSTh0YXZtOGVrbGdnTlRuTUphbTJhSTR3OFVBU09DaTltIiwidXJsIjp7ImludGVuZGVkIjoiaHR0cDpcL1wvMTI3LjAuMC4xOjgwMDBcL2V2ZW50c1wvaWxrb2dyZXRpbS1tZXp1bml5ZXQtMjAyNiJ9LCJfcHJldmlvdXMiOnsidXJsIjoiaHR0cDpcL1wvMTI3LjAuMC4xOjgwMDBcL2V2ZW50c1wvaWxrb2dyZXRpbS1tZXp1bml5ZXQtMjAyNiIsInJvdXRlIjoiZXZlbnRzLnNob3cifSwiX2ZsYXNoIjp7Im9sZCI6W10sIm5ldyI6W119fQ==', 1781523268),
('Sqct8dv9iLb2suBouxLZrLTNkjJFR0cycd8wEcYJ', NULL, '127.0.0.1', 'Mozilla/5.0 (Macintosh; Intel Mac OS X 10_15_7) AppleWebKit/537.36 (KHTML, like Gecko) Code/1.122.1 Chrome/142.0.7444.265 Electron/39.8.8 Safari/537.36', 'eyJfdG9rZW4iOiJZQUJQbmRPa3p4a045RDFJOVA5cHhjUU5OcUVWRHRENHgxb1pVc0FvIiwiX3ByZXZpb3VzIjp7InVybCI6Imh0dHA6XC9cLzEyNy4wLjAuMTo4MDAwIiwicm91dGUiOiJob21lIn0sIl9mbGFzaCI6eyJvbGQiOltdLCJuZXciOltdfX0=', 1781526461),
('SxVrdZxAoKYYvChpa6fJH4ExOgoUa6CrEk9QpPnA', 4, '127.0.0.1', 'Mozilla/5.0 (Macintosh; Intel Mac OS X 10_15_7) AppleWebKit/537.36 (KHTML, like Gecko) Chrome/149.0.0.0 Safari/537.36', 'eyJfdG9rZW4iOiJEYkllWlN4RU13RUlTTmtlMDhaOUpDb1lVV0VEaXRrOUZERFkzVXpTIiwiX2ZsYXNoIjp7Im9sZCI6W10sIm5ldyI6W119LCJfcHJldmlvdXMiOnsidXJsIjoiaHR0cDpcL1wvMTI3LjAuMC4xOjgwMDBcL3NlY3VyaXR5XC90aWNrZXRzXC9TQ0FOIiwicm91dGUiOiJzZWN1cml0eS5zaG93In0sImxvZ2luX3dlYl81OWJhMzZhZGRjMmIyZjk0MDE1ODBmMDE0YzdmNThlYTRlMzA5ODlkIjo0fQ==', 1781528658);

INSERT INTO `tickets` (`id`, `reservation_id`, `user_id`, `event_id`, `ticket_code`, `qr_code_path`, `status`, `attendee_name`, `attendee_tc`, `checked_in_at`, `created_at`, `updated_at`) VALUES
(1, 2, 2, 1, 'AREL-2026-ORZEQJ', 'qrcodes/AREL-2026-ORZEQJ.svg', 'active', 'Yusuf Sinan Akpınar', '42541495914', NULL, '2026-06-15 09:26:39', '2026-06-15 09:26:39'),
(2, 2, 2, 1, 'AREL-2026-X1VO7Y', 'qrcodes/AREL-2026-X1VO7Y.svg', 'active', 'Nuriye Akpınar', '51226473550', NULL, '2026-06-15 09:26:39', '2026-06-15 09:26:39'),
(3, 6, 2, 1, 'AREL-2026-DVJWSQ', 'qrcodes/AREL-2026-DVJWSQ.svg', 'active', 'Yusuf Sinan Akpınar', '42541495914', NULL, '2026-06-15 10:13:28', '2026-06-15 10:13:28'),
(4, 8, 1, 1, 'AREL-2026-SKA3KK', 'qrcodes/AREL-2026-SKA3KK.svg', 'active', 'Yusuf Sinan Akpınar', '42541495914', NULL, '2026-06-15 10:28:22', '2026-06-15 10:28:22'),
(5, 11, 2, 1, 'AREL-2026-LVTBHD', 'qrcodes/AREL-2026-LVTBHD.svg', 'active', 'deneme', '42541495914', NULL, '2026-06-15 12:40:19', '2026-06-15 12:40:19'),
(6, 12, 2, 1, 'AREL-2026-ZQOCRV', 'qrcodes/AREL-2026-ZQOCRV.svg', 'active', 'Yusuf Sinan', '42541495914', NULL, '2026-06-15 12:45:29', '2026-06-15 12:45:29');

INSERT INTO `venues` (`id`, `name`, `address`, `map_image`, `created_at`, `updated_at`) VALUES
(1, 'Terakki Levent Kampusu - Sahne Salonu', 'Terakki Vakfi Ozel Sisli Terakki Lisesi, Levent Kampusu', NULL, '2026-06-15 10:27:28', '2026-06-15 10:27:28');



