-- -------------------------------------------------------------
-- TablePlus 7.1.0(710)
--
-- https://tableplus.com/
--
-- Database: sahne
-- -------------------------------------------------------------



CREATE TABLE `check_ins` (
  `id` bigint unsigned NOT NULL AUTO_INCREMENT,
  `ticket_id` bigint unsigned NOT NULL,
  `checked_by` bigint unsigned DEFAULT NULL,
  `checked_in_at` datetime NOT NULL,
  `device_info` varchar(255) CHARACTER SET utf8mb4 COLLATE utf8mb4_unicode_ci DEFAULT NULL,
  `created_at` timestamp NULL DEFAULT NULL,
  `updated_at` timestamp NULL DEFAULT NULL,
  PRIMARY KEY (`id`),
  KEY `check_ins_checked_by_foreign` (`checked_by`),
  KEY `check_ins_ticket_id_checked_in_at_index` (`ticket_id`,`checked_in_at`),
  CONSTRAINT `check_ins_checked_by_foreign` FOREIGN KEY (`checked_by`) REFERENCES `users` (`id`) ON DELETE SET NULL,
  CONSTRAINT `check_ins_ticket_id_foreign` FOREIGN KEY (`ticket_id`) REFERENCES `tickets` (`id`) ON DELETE CASCADE
) ENGINE=InnoDB AUTO_INCREMENT=2 DEFAULT CHARSET=utf8mb4 COLLATE=utf8mb4_unicode_ci;

CREATE TABLE `events` (
  `id` bigint unsigned NOT NULL AUTO_INCREMENT,
  `title` varchar(255) CHARACTER SET utf8mb4 COLLATE utf8mb4_unicode_ci NOT NULL,
  `slug` varchar(255) CHARACTER SET utf8mb4 COLLATE utf8mb4_unicode_ci NOT NULL,
  `description` text CHARACTER SET utf8mb4 COLLATE utf8mb4_unicode_ci,
  `event_date` datetime NOT NULL,
  `venue_id` bigint unsigned NOT NULL,
  `is_active` tinyint(1) NOT NULL DEFAULT '1',
  `reservation_minutes` int NOT NULL DEFAULT '10',
  `max_seats_per_user` int DEFAULT NULL,
  `created_at` timestamp NULL DEFAULT NULL,
  `updated_at` timestamp NULL DEFAULT NULL,
  PRIMARY KEY (`id`),
  UNIQUE KEY `events_slug_unique` (`slug`),
  KEY `events_slug_index` (`slug`),
  KEY `events_venue_id_is_active_index` (`venue_id`,`is_active`),
  CONSTRAINT `events_venue_id_foreign` FOREIGN KEY (`venue_id`) REFERENCES `venues` (`id`) ON DELETE CASCADE
) ENGINE=InnoDB AUTO_INCREMENT=3 DEFAULT CHARSET=utf8mb4 COLLATE=utf8mb4_unicode_ci;

CREATE TABLE `failed_jobs` (
  `id` bigint unsigned NOT NULL AUTO_INCREMENT,
  `uuid` varchar(255) CHARACTER SET utf8mb4 COLLATE utf8mb4_unicode_ci NOT NULL,
  `connection` varchar(255) CHARACTER SET utf8mb4 COLLATE utf8mb4_unicode_ci NOT NULL,
  `queue` varchar(255) CHARACTER SET utf8mb4 COLLATE utf8mb4_unicode_ci NOT NULL,
  `payload` longtext CHARACTER SET utf8mb4 COLLATE utf8mb4_unicode_ci NOT NULL,
  `exception` longtext CHARACTER SET utf8mb4 COLLATE utf8mb4_unicode_ci NOT NULL,
  `failed_at` timestamp NOT NULL DEFAULT CURRENT_TIMESTAMP,
  PRIMARY KEY (`id`),
  UNIQUE KEY `failed_jobs_uuid_unique` (`uuid`),
  KEY `failed_jobs_connection_queue_failed_at_index` (`connection`,`queue`,`failed_at`)
) ENGINE=InnoDB DEFAULT CHARSET=utf8mb4 COLLATE=utf8mb4_unicode_ci;

CREATE TABLE `job_batches` (
  `id` varchar(255) CHARACTER SET utf8mb4 COLLATE utf8mb4_unicode_ci NOT NULL,
  `name` varchar(255) CHARACTER SET utf8mb4 COLLATE utf8mb4_unicode_ci NOT NULL,
  `total_jobs` int NOT NULL,
  `pending_jobs` int NOT NULL,
  `failed_jobs` int NOT NULL,
  `failed_job_ids` longtext CHARACTER SET utf8mb4 COLLATE utf8mb4_unicode_ci NOT NULL,
  `options` mediumtext CHARACTER SET utf8mb4 COLLATE utf8mb4_unicode_ci,
  `cancelled_at` int DEFAULT NULL,
  `created_at` int NOT NULL,
  `finished_at` int DEFAULT NULL,
  PRIMARY KEY (`id`)
) ENGINE=InnoDB DEFAULT CHARSET=utf8mb4 COLLATE=utf8mb4_unicode_ci;

CREATE TABLE `jobs` (
  `id` bigint unsigned NOT NULL AUTO_INCREMENT,
  `queue` varchar(255) CHARACTER SET utf8mb4 COLLATE utf8mb4_unicode_ci NOT NULL,
  `payload` longtext CHARACTER SET utf8mb4 COLLATE utf8mb4_unicode_ci NOT NULL,
  `attempts` smallint unsigned NOT NULL,
  `reserved_at` int unsigned DEFAULT NULL,
  `available_at` int unsigned NOT NULL,
  `created_at` int unsigned NOT NULL,
  PRIMARY KEY (`id`),
  KEY `jobs_queue_index` (`queue`)
) ENGINE=InnoDB DEFAULT CHARSET=utf8mb4 COLLATE=utf8mb4_unicode_ci;

CREATE TABLE `migrations` (
  `id` int unsigned NOT NULL AUTO_INCREMENT,
  `migration` varchar(255) CHARACTER SET utf8mb4 COLLATE utf8mb4_unicode_ci NOT NULL,
  `batch` int NOT NULL,
  PRIMARY KEY (`id`)
) ENGINE=InnoDB AUTO_INCREMENT=24 DEFAULT CHARSET=utf8mb4 COLLATE=utf8mb4_unicode_ci;

CREATE TABLE `payments` (
  `id` bigint unsigned NOT NULL AUTO_INCREMENT,
  `reservation_id` bigint unsigned NOT NULL,
  `provider` varchar(255) CHARACTER SET utf8mb4 COLLATE utf8mb4_unicode_ci NOT NULL,
  `provider_payment_id` varchar(255) CHARACTER SET utf8mb4 COLLATE utf8mb4_unicode_ci DEFAULT NULL,
  `status` enum('pending','successful','failed','refunded') CHARACTER SET utf8mb4 COLLATE utf8mb4_unicode_ci NOT NULL DEFAULT 'pending',
  `amount` decimal(10,2) NOT NULL,
  `paid_at` datetime DEFAULT NULL,
  `raw_response` json DEFAULT NULL,
  `created_at` timestamp NULL DEFAULT NULL,
  `updated_at` timestamp NULL DEFAULT NULL,
  PRIMARY KEY (`id`),
  KEY `payments_reservation_id_status_index` (`reservation_id`,`status`),
  KEY `payments_provider_provider_payment_id_index` (`provider`,`provider_payment_id`),
  CONSTRAINT `payments_reservation_id_foreign` FOREIGN KEY (`reservation_id`) REFERENCES `reservations` (`id`) ON DELETE CASCADE
) ENGINE=InnoDB DEFAULT CHARSET=utf8mb4 COLLATE=utf8mb4_unicode_ci;

CREATE TABLE `reservation_seats` (
  `id` bigint unsigned NOT NULL AUTO_INCREMENT,
  `reservation_id` bigint unsigned NOT NULL,
  `seat_id` bigint unsigned NOT NULL,
  `price` decimal(10,2) NOT NULL,
  `attendee_name` varchar(255) CHARACTER SET utf8mb4 COLLATE utf8mb4_unicode_ci DEFAULT NULL,
  `attendee_tc` varchar(11) CHARACTER SET utf8mb4 COLLATE utf8mb4_unicode_ci DEFAULT NULL,
  `created_at` timestamp NULL DEFAULT NULL,
  `updated_at` timestamp NULL DEFAULT NULL,
  PRIMARY KEY (`id`),
  UNIQUE KEY `reservation_seats_seat_id_reservation_id_unique` (`seat_id`,`reservation_id`),
  KEY `reservation_seats_reservation_id_foreign` (`reservation_id`),
  KEY `reservation_seats_seat_id_reservation_id_index` (`seat_id`,`reservation_id`),
  CONSTRAINT `reservation_seats_reservation_id_foreign` FOREIGN KEY (`reservation_id`) REFERENCES `reservations` (`id`) ON DELETE CASCADE,
  CONSTRAINT `reservation_seats_seat_id_foreign` FOREIGN KEY (`seat_id`) REFERENCES `seats` (`id`) ON DELETE CASCADE
) ENGINE=InnoDB AUTO_INCREMENT=42 DEFAULT CHARSET=utf8mb4 COLLATE=utf8mb4_unicode_ci;

CREATE TABLE `reservations` (
  `id` bigint unsigned NOT NULL AUTO_INCREMENT,
  `user_id` bigint unsigned NOT NULL,
  `event_id` bigint unsigned NOT NULL,
  `status` enum('pending','paid','expired','cancelled') CHARACTER SET utf8mb4 COLLATE utf8mb4_unicode_ci NOT NULL DEFAULT 'pending',
  `expires_at` datetime DEFAULT NULL,
  `total_price` decimal(10,2) NOT NULL DEFAULT '0.00',
  `payment_started_at` datetime DEFAULT NULL,
  `created_at` timestamp NULL DEFAULT NULL,
  `updated_at` timestamp NULL DEFAULT NULL,
  PRIMARY KEY (`id`),
  KEY `reservations_user_id_event_id_status_index` (`user_id`,`event_id`,`status`),
  KEY `reservations_event_id_status_index` (`event_id`,`status`),
  KEY `reservations_status_expires_at_index` (`status`,`expires_at`),
  CONSTRAINT `reservations_event_id_foreign` FOREIGN KEY (`event_id`) REFERENCES `events` (`id`) ON DELETE CASCADE,
  CONSTRAINT `reservations_user_id_foreign` FOREIGN KEY (`user_id`) REFERENCES `users` (`id`) ON DELETE CASCADE
) ENGINE=InnoDB AUTO_INCREMENT=18 DEFAULT CHARSET=utf8mb4 COLLATE=utf8mb4_unicode_ci;

CREATE TABLE `seats` (
  `id` bigint unsigned NOT NULL AUTO_INCREMENT,
  `venue_id` bigint unsigned NOT NULL,
  `section_id` bigint unsigned DEFAULT NULL,
  `row_label` varchar(255) CHARACTER SET utf8mb4 COLLATE utf8mb4_unicode_ci NOT NULL,
  `seat_number` int DEFAULT NULL,
  `label` varchar(255) CHARACTER SET utf8mb4 COLLATE utf8mb4_unicode_ci DEFAULT NULL,
  `x_position` int NOT NULL,
  `y_position` int NOT NULL,
  `price` decimal(10,2) DEFAULT NULL,
  `type` enum('standard','vip','disabled','protocol') CHARACTER SET utf8mb4 COLLATE utf8mb4_unicode_ci NOT NULL DEFAULT 'standard',
  `is_gap` tinyint(1) NOT NULL DEFAULT '0',
  `status` enum('available','blocked','sold') CHARACTER SET utf8mb4 COLLATE utf8mb4_unicode_ci NOT NULL DEFAULT 'available',
  `created_at` timestamp NULL DEFAULT NULL,
  `updated_at` timestamp NULL DEFAULT NULL,
  PRIMARY KEY (`id`),
  KEY `seats_section_id_foreign` (`section_id`),
  KEY `seats_venue_id_section_id_status_index` (`venue_id`,`section_id`,`status`),
  KEY `seats_venue_id_status_index` (`venue_id`,`status`),
  CONSTRAINT `seats_section_id_foreign` FOREIGN KEY (`section_id`) REFERENCES `sections` (`id`) ON DELETE SET NULL,
  CONSTRAINT `seats_venue_id_foreign` FOREIGN KEY (`venue_id`) REFERENCES `venues` (`id`) ON DELETE CASCADE
) ENGINE=InnoDB AUTO_INCREMENT=709 DEFAULT CHARSET=utf8mb4 COLLATE=utf8mb4_unicode_ci;

CREATE TABLE `sections` (
  `id` bigint unsigned NOT NULL AUTO_INCREMENT,
  `venue_id` bigint unsigned NOT NULL,
  `name` varchar(255) CHARACTER SET utf8mb4 COLLATE utf8mb4_unicode_ci NOT NULL,
  `sort_order` int NOT NULL DEFAULT '0',
  `created_at` timestamp NULL DEFAULT NULL,
  `updated_at` timestamp NULL DEFAULT NULL,
  PRIMARY KEY (`id`),
  KEY `sections_venue_id_sort_order_index` (`venue_id`,`sort_order`),
  CONSTRAINT `sections_venue_id_foreign` FOREIGN KEY (`venue_id`) REFERENCES `venues` (`id`) ON DELETE CASCADE
) ENGINE=InnoDB AUTO_INCREMENT=5 DEFAULT CHARSET=utf8mb4 COLLATE=utf8mb4_unicode_ci;

CREATE TABLE `sessions` (
  `id` varchar(255) CHARACTER SET utf8mb4 COLLATE utf8mb4_unicode_ci NOT NULL,
  `user_id` bigint unsigned DEFAULT NULL,
  `ip_address` varchar(45) CHARACTER SET utf8mb4 COLLATE utf8mb4_unicode_ci DEFAULT NULL,
  `user_agent` text CHARACTER SET utf8mb4 COLLATE utf8mb4_unicode_ci,
  `payload` longtext CHARACTER SET utf8mb4 COLLATE utf8mb4_unicode_ci NOT NULL,
  `last_activity` int NOT NULL,
  PRIMARY KEY (`id`),
  KEY `sessions_user_id_index` (`user_id`),
  KEY `sessions_last_activity_index` (`last_activity`)
) ENGINE=InnoDB DEFAULT CHARSET=utf8mb4 COLLATE=utf8mb4_unicode_ci;

CREATE TABLE `tickets` (
  `id` bigint unsigned NOT NULL AUTO_INCREMENT,
  `reservation_id` bigint unsigned NOT NULL,
  `user_id` bigint unsigned NOT NULL,
  `event_id` bigint unsigned NOT NULL,
  `ticket_code` varchar(255) CHARACTER SET utf8mb4 COLLATE utf8mb4_unicode_ci NOT NULL,
  `qr_code_path` varchar(255) CHARACTER SET utf8mb4 COLLATE utf8mb4_unicode_ci DEFAULT NULL,
  `status` enum('active','used','cancelled') CHARACTER SET utf8mb4 COLLATE utf8mb4_unicode_ci NOT NULL DEFAULT 'active',
  `attendee_name` varchar(255) CHARACTER SET utf8mb4 COLLATE utf8mb4_unicode_ci DEFAULT NULL,
  `attendee_tc` varchar(11) CHARACTER SET utf8mb4 COLLATE utf8mb4_unicode_ci DEFAULT NULL,
  `checked_in_at` datetime DEFAULT NULL,
  `created_at` timestamp NULL DEFAULT NULL,
  `updated_at` timestamp NULL DEFAULT NULL,
  PRIMARY KEY (`id`),
  UNIQUE KEY `tickets_ticket_code_unique` (`ticket_code`),
  KEY `tickets_reservation_id_foreign` (`reservation_id`),
  KEY `tickets_ticket_code_status_index` (`ticket_code`,`status`),
  KEY `tickets_user_id_event_id_index` (`user_id`,`event_id`),
  KEY `tickets_event_id_status_index` (`event_id`,`status`),
  CONSTRAINT `tickets_event_id_foreign` FOREIGN KEY (`event_id`) REFERENCES `events` (`id`) ON DELETE CASCADE,
  CONSTRAINT `tickets_reservation_id_foreign` FOREIGN KEY (`reservation_id`) REFERENCES `reservations` (`id`) ON DELETE CASCADE,
  CONSTRAINT `tickets_user_id_foreign` FOREIGN KEY (`user_id`) REFERENCES `users` (`id`) ON DELETE CASCADE
) ENGINE=InnoDB AUTO_INCREMENT=7 DEFAULT CHARSET=utf8mb4 COLLATE=utf8mb4_unicode_ci;

CREATE TABLE `venues` (
  `id` bigint unsigned NOT NULL AUTO_INCREMENT,
  `name` varchar(255) CHARACTER SET utf8mb4 COLLATE utf8mb4_unicode_ci NOT NULL,
  `address` text CHARACTER SET utf8mb4 COLLATE utf8mb4_unicode_ci,
  `map_image` varchar(255) CHARACTER SET utf8mb4 COLLATE utf8mb4_unicode_ci DEFAULT NULL,
  `created_at` timestamp NULL DEFAULT NULL,
  `updated_at` timestamp NULL DEFAULT NULL,
  PRIMARY KEY (`id`)
) ENGINE=InnoDB AUTO_INCREMENT=2 DEFAULT CHARSET=utf8mb4 COLLATE=utf8mb4_unicode_ci;

INSERT INTO `check_ins` (`id`, `ticket_id`, `checked_by`, `checked_in_at`, `device_info`, `created_at`, `updated_at`) VALUES
(1, 3, 4, '2026-06-15 14:14:34', 'Verification Script', '2026-06-15 14:14:34', '2026-06-15 14:14:34');

INSERT INTO `events` (`id`, `title`, `slug`, `description`, `event_date`, `venue_id`, `is_active`, `reservation_minutes`, `max_seats_per_user`, `created_at`, `updated_at`) VALUES
(1, 'Ilkogretim Mezuniyet Toreni - Renkli Gece', 'ilkogretim-mezuniyet-2026', 'Terakki Vakfi Ozel Sisli Terakki Lisesi Ilkogretim 2026 Mezuniyet Toreni', '2026-06-22 18:00:00', 1, 1, 30, 5, '2026-06-15 10:27:28', '2026-06-15 10:27:28'),
(2, 'Lise Mezuniyet Toreni - Beyaz Gece', 'lise-mezuniyet-2026', 'Terakki Vakfi Ozel Sisli Terakki Lisesi Lise 2026 Mezuniyet Toreni', '2026-06-23 18:00:00', 1, 1, 30, 5, '2026-06-15 10:27:28', '2026-06-15 10:27:28');

INSERT INTO `migrations` (`id`, `migration`, `batch`) VALUES
(1, '0001_01_01_000000_create_users_table', 1),
(2, '0001_01_01_000001_create_cache_table', 1),
(3, '0001_01_01_000002_create_jobs_table', 1),
(4, '2026_05_15_151711_modify_users_table', 1),
(5, '2026_05_15_151800_create_venues_table', 1),
(6, '2026_05_15_151810_create_sections_table', 1),
(7, '2026_05_15_151820_create_seats_table', 1),
(8, '2026_05_15_151822_create_events_table', 1),
(9, '2026_05_15_151825_create_reservations_table', 1),
(10, '2026_05_15_151830_create_reservation_seats_table', 1),
(11, '2026_05_15_151840_create_tickets_table', 1),
(12, '2026_05_15_151850_create_check_ins_table', 1),
(13, '2026_05_15_151855_create_payments_table', 1),
(14, '2026_05_15_165739_create_personal_access_tokens_table', 1),
(15, '2026_05_17_202556_make_seat_number_and_label_nullable', 1),
(16, '2026_05_17_202701_remove_seat_unique_constraint', 1),
(17, '2026_05_18_103751_add_attendee_name_to_reservation_seats', 1),
(18, '2026_05_18_103833_make_seats_price_nullable', 1),
(19, '2026_05_18_105039_add_attendee_name_to_tickets', 1),
(20, '2026_05_21_154132_add_is_gap_to_seats', 1),
(21, '2026_06_02_000001_add_attendee_tc_to_reservation_seats_and_tickets', 1),
(23, '2026_06_15_125759_update_users_role_enum', 2);

INSERT INTO `reservation_seats` (`id`, `reservation_id`, `seat_id`, `price`, `attendee_name`, `attendee_tc`, `created_at`, `updated_at`) VALUES
(1, 8, 457, 0.00, 'Yusuf Sinan Akpınar', '42541495914', '2026-06-15 10:27:47', '2026-06-15 10:28:22'),
(5, 9, 426, 0.00, NULL, NULL, '2026-06-15 10:30:01', '2026-06-15 10:30:01'),
(9, 9, 400, 0.00, NULL, NULL, '2026-06-15 10:49:50', '2026-06-15 10:49:50'),
(10, 9, 401, 0.00, NULL, NULL, '2026-06-15 10:49:51', '2026-06-15 10:49:51'),
(11, 9, 313, 0.00, NULL, NULL, '2026-06-15 10:51:04', '2026-06-15 10:51:04'),
(12, 10, 163, 0.00, NULL, NULL, '2026-06-15 11:34:13', '2026-06-15 11:34:13'),
(18, 10, 94, 0.00, NULL, NULL, '2026-06-15 11:41:58', '2026-06-15 11:41:58'),
(19, 10, 455, 0.00, NULL, NULL, '2026-06-15 11:46:07', '2026-06-15 11:46:07'),
(20, 10, 456, 0.00, NULL, NULL, '2026-06-15 11:46:08', '2026-06-15 11:46:08'),
(21, 10, 428, 0.00, NULL, NULL, '2026-06-15 11:46:09', '2026-06-15 11:46:09'),
(27, 11, 411, 0.00, 'deneme', '42541495914', '2026-06-15 12:40:09', '2026-06-15 12:40:19'),
(28, 12, 375, 0.00, 'Yusuf Sinan', '42541495914', '2026-06-15 12:42:55', '2026-06-15 12:45:29'),
(39, 15, 196, 0.00, NULL, NULL, '2026-06-15 14:38:41', '2026-06-15 14:38:41'),
(41, 17, 72, 0.00, NULL, NULL, '2026-06-15 14:47:45', '2026-06-15 14:47:45');

INSERT INTO `reservations` (`id`, `user_id`, `event_id`, `status`, `expires_at`, `total_price`, `payment_started_at`, `created_at`, `updated_at`) VALUES
(1, 1, 1, 'pending', '2026-06-15 09:35:38', 500.00, NULL, '2026-06-15 09:25:38', '2026-06-15 09:25:38'),
(2, 2, 1, 'paid', '2026-06-15 09:35:58', 1000.00, NULL, '2026-06-15 09:25:57', '2026-06-15 09:26:39'),
(6, 2, 1, 'paid', '2026-06-15 10:43:17', 0.00, NULL, '2026-06-15 10:13:17', '2026-06-15 10:13:28'),
(7, 2, 1, 'pending', '2026-06-15 10:45:24', 0.00, NULL, '2026-06-15 10:14:37', '2026-06-15 10:15:24'),
(8, 1, 1, 'paid', '2026-06-15 10:57:59', 0.00, NULL, '2026-06-15 10:17:46', '2026-06-15 10:28:22'),
(9, 1, 1, 'pending', '2026-06-15 11:21:04', 0.00, NULL, '2026-06-15 10:29:55', '2026-06-15 10:51:04'),
(10, 2, 1, 'pending', '2026-06-15 12:16:09', 0.00, NULL, '2026-06-15 11:34:13', '2026-06-15 11:46:09'),
(11, 2, 1, 'paid', '2026-06-15 13:10:09', 0.00, NULL, '2026-06-15 12:22:15', '2026-06-15 12:40:19'),
(12, 2, 1, 'paid', '2026-06-15 13:14:44', 0.00, NULL, '2026-06-15 12:42:55', '2026-06-15 12:45:29'),
(15, 2, 1, 'pending', '2026-06-15 15:08:41', 0.00, NULL, '2026-06-15 14:38:41', '2026-06-15 14:38:41'),
(17, 4, 1, 'pending', '2026-06-15 15:17:45', 0.00, NULL, '2026-06-15 14:47:45', '2026-06-15 14:47:45');

INSERT INTO `seats` (`id`, `venue_id`, `section_id`, `row_label`, `seat_number`, `label`, `x_position`, `y_position`, `price`, `type`, `is_gap`, `status`, `created_at`, `updated_at`) VALUES
(1, 1, 1, 'A', 1, 'A1', 0, 150, 0.00, 'standard', 0, 'available', '2026-06-15 10:27:28', '2026-06-15 10:27:28'),
(2, 1, 1, 'A', 2, 'A2', 50, 150, 0.00, 'standard', 0, 'available', '2026-06-15 10:27:28', '2026-06-15 10:27:28'),
(3, 1, 1, 'A', 3, 'A3', 100, 150, 0.00, 'standard', 0, 'available', '2026-06-15 10:27:28', '2026-06-15 10:27:28'),
(4, 1, 1, 'A', 4, 'A4', 150, 150, 0.00, 'standard', 0, 'available', '2026-06-15 10:27:28', '2026-06-15 10:27:28'),
(5, 1, 1, 'A', 5, 'A5', 200, 150, 0.00, 'standard', 0, 'available', '2026-06-15 10:27:28', '2026-06-15 10:27:28'),
(6, 1, 1, 'A', 6, 'A6', 250, 150, 0.00, 'standard', 0, 'available', '2026-06-15 10:27:28', '2026-06-15 10:27:28'),
(7, 1, 1, 'A', 7, 'A7', 300, 150, 0.00, 'standard', 0, 'available', '2026-06-15 10:27:28', '2026-06-15 10:27:28'),
(8, 1, 1, 'A', 8, 'A8', 350, 150, 0.00, 'standard', 0, 'available', '2026-06-15 10:27:28', '2026-06-15 10:27:28'),
(9, 1, 1, 'A', 9, 'A9', 400, 150, 0.00, 'standard', 0, 'available', '2026-06-15 10:27:28', '2026-06-15 10:27:28'),
(10, 1, 1, 'A', 10, 'A10', 450, 150, 0.00, 'standard', 0, 'available', '2026-06-15 10:27:28', '2026-06-15 10:27:28'),
(11, 1, 1, 'A', 11, 'A11', 500, 150, 0.00, 'standard', 0, 'available', '2026-06-15 10:27:28', '2026-06-15 10:27:28'),
(12, 1, 1, 'A', 12, 'A12', 550, 150, 0.00, 'standard', 0, 'available', '2026-06-15 10:27:28', '2026-06-15 10:27:28'),
(13, 1, 1, 'A', 13, 'A13', 600, 150, 0.00, 'standard', 0, 'available', '2026-06-15 10:27:28', '2026-06-15 10:27:28'),
(14, 1, 1, 'A', 14, 'A14', 650, 150, 0.00, 'standard', 0, 'available', '2026-06-15 10:27:28', '2026-06-15 10:27:28'),
(15, 1, 1, 'A', 15, 'A15', 700, 150, 0.00, 'standard', 0, 'available', '2026-06-15 10:27:28', '2026-06-15 10:27:28'),
(16, 1, 1, 'A', 16, 'A16', 750, 150, 0.00, 'standard', 0, 'available', '2026-06-15 10:27:28', '2026-06-15 10:27:28'),
(17, 1, 1, 'A', 17, 'A17', 800, 150, 0.00, 'standard', 0, 'available', '2026-06-15 10:27:28', '2026-06-15 10:27:28'),
(18, 1, 1, 'A', 18, 'A18', 850, 150, 0.00, 'standard', 0, 'available', '2026-06-15 10:27:28', '2026-06-15 10:27:28'),
(19, 1, 1, 'A', 19, 'A19', 900, 150, 0.00, 'standard', 0, 'available', '2026-06-15 10:27:28', '2026-06-15 10:27:28'),
(20, 1, 1, 'A', 20, 'A20', 950, 150, 0.00, 'standard', 0, 'available', '2026-06-15 10:27:28', '2026-06-15 10:27:28'),
(21, 1, 1, 'A', 21, 'A21', 1000, 150, 0.00, 'standard', 0, 'available', '2026-06-15 10:27:28', '2026-06-15 10:27:28'),
(22, 1, 1, 'A', 22, 'A22', 1050, 150, 0.00, 'standard', 0, 'available', '2026-06-15 10:27:28', '2026-06-15 10:27:28'),
(23, 1, 1, 'A', 23, 'A23', 1100, 150, 0.00, 'standard', 0, 'available', '2026-06-15 10:27:28', '2026-06-15 10:27:28'),
(24, 1, 1, 'A', 24, 'A24', 1150, 150, 0.00, 'standard', 0, 'available', '2026-06-15 10:27:28', '2026-06-15 10:27:28'),
(25, 1, 1, 'B', 1, 'B1', 0, 186, 0.00, 'standard', 0, 'available', '2026-06-15 10:27:28', '2026-06-15 10:27:28'),
(26, 1, 1, 'B', 2, 'B2', 50, 186, 0.00, 'standard', 0, 'available', '2026-06-15 10:27:28', '2026-06-15 10:27:28'),
(27, 1, 1, 'B', 3, 'B3', 100, 186, 0.00, 'standard', 0, 'available', '2026-06-15 10:27:28', '2026-06-15 10:27:28'),
(28, 1, 1, 'B', 4, 'B4', 150, 186, 0.00, 'standard', 0, 'available', '2026-06-15 10:27:28', '2026-06-15 10:27:28'),
(29, 1, 1, 'B', 5, 'B5', 200, 186, 0.00, 'standard', 0, 'available', '2026-06-15 10:27:28', '2026-06-15 10:27:28'),
(30, 1, 1, 'B', 6, 'B6', 250, 186, 0.00, 'standard', 0, 'available', '2026-06-15 10:27:28', '2026-06-15 10:27:28'),
(31, 1, 1, 'B', 7, 'B7', 300, 186, 0.00, 'standard', 0, 'available', '2026-06-15 10:27:28', '2026-06-15 10:27:28'),
(32, 1, 1, 'B', 8, 'B8', 350, 186, 0.00, 'standard', 0, 'available', '2026-06-15 10:27:28', '2026-06-15 10:27:28'),
(33, 1, 1, 'B', 9, 'B9', 400, 186, 0.00, 'standard', 0, 'available', '2026-06-15 10:27:28', '2026-06-15 10:27:28'),
(34, 1, 1, 'B', 10, 'B10', 450, 186, 0.00, 'standard', 0, 'available', '2026-06-15 10:27:28', '2026-06-15 10:27:28'),
(35, 1, 1, 'B', 11, 'B11', 500, 186, 0.00, 'standard', 0, 'available', '2026-06-15 10:27:28', '2026-06-15 10:27:28'),
(36, 1, 1, 'B', 12, 'B12', 550, 186, 0.00, 'standard', 0, 'available', '2026-06-15 10:27:28', '2026-06-15 10:27:28'),
(37, 1, 1, 'B', 13, 'B13', 600, 186, 0.00, 'standard', 0, 'available', '2026-06-15 10:27:28', '2026-06-15 10:27:28'),
(38, 1, 1, 'B', 14, 'B14', 650, 186, 0.00, 'standard', 0, 'available', '2026-06-15 10:27:28', '2026-06-15 10:27:28'),
(39, 1, 1, 'B', 15, 'B15', 700, 186, 0.00, 'standard', 0, 'available', '2026-06-15 10:27:28', '2026-06-15 10:27:28'),
(40, 1, 1, 'B', 16, 'B16', 750, 186, 0.00, 'standard', 0, 'available', '2026-06-15 10:27:28', '2026-06-15 10:27:28'),
(41, 1, 1, 'B', 17, 'B17', 800, 186, 0.00, 'standard', 0, 'available', '2026-06-15 10:27:28', '2026-06-15 10:27:28'),
(42, 1, 1, 'B', 18, 'B18', 850, 186, 0.00, 'standard', 0, 'available', '2026-06-15 10:27:28', '2026-06-15 10:27:28'),
(43, 1, 1, 'B', 19, 'B19', 900, 186, 0.00, 'standard', 0, 'available', '2026-06-15 10:27:28', '2026-06-15 10:27:28'),
(44, 1, 1, 'B', 20, 'B20', 950, 186, 0.00, 'standard', 0, 'available', '2026-06-15 10:27:28', '2026-06-15 10:27:28'),
(45, 1, 1, 'B', 21, 'B21', 1000, 186, 0.00, 'standard', 0, 'available', '2026-06-15 10:27:28', '2026-06-15 10:27:28'),
(46, 1, 1, 'B', 22, 'B22', 1050, 186, 0.00, 'standard', 0, 'available', '2026-06-15 10:27:28', '2026-06-15 10:27:28'),
(47, 1, 1, 'B', 23, 'B23', 1100, 186, 0.00, 'standard', 0, 'available', '2026-06-15 10:27:28', '2026-06-15 10:27:28'),
(48, 1, 1, 'B', 24, 'B24', 1150, 186, 0.00, 'standard', 0, 'available', '2026-06-15 10:27:28', '2026-06-15 10:27:28'),
(49, 1, 1, 'C', 1, 'C1', 0, 222, 0.00, 'standard', 0, 'available', '2026-06-15 10:27:28', '2026-06-15 10:27:28'),
(50, 1, 1, 'C', 2, 'C2', 50, 222, 0.00, 'standard', 0, 'available', '2026-06-15 10:27:28', '2026-06-15 10:27:28'),
(51, 1, 1, 'C', 3, 'C3', 100, 222, 0.00, 'standard', 0, 'available', '2026-06-15 10:27:28', '2026-06-15 10:27:28'),
(52, 1, 1, 'C', 4, 'C4', 150, 222, 0.00, 'standard', 0, 'available', '2026-06-15 10:27:28', '2026-06-15 10:27:28'),
(53, 1, 1, 'C', 5, 'C5', 200, 222, 0.00, 'standard', 0, 'available', '2026-06-15 10:27:28', '2026-06-15 10:27:28'),
(54, 1, 1, 'C', 6, 'C6', 250, 222, 0.00, 'standard', 0, 'available', '2026-06-15 10:27:28', '2026-06-15 10:27:28'),
(55, 1, 1, 'C', 7, 'C7', 300, 222, 0.00, 'standard', 0, 'available', '2026-06-15 10:27:28', '2026-06-15 10:27:28'),
(56, 1, 1, 'C', 8, 'C8', 350, 222, 0.00, 'standard', 0, 'available', '2026-06-15 10:27:28', '2026-06-15 10:27:28'),
(57, 1, 1, 'C', 9, 'C9', 400, 222, 0.00, 'standard', 0, 'available', '2026-06-15 10:27:28', '2026-06-15 10:27:28'),
(58, 1, 1, 'C', 10, 'C10', 450, 222, 0.00, 'standard', 0, 'available', '2026-06-15 10:27:28', '2026-06-15 10:27:28'),
(59, 1, 1, 'C', 11, 'C11', 500, 222, 0.00, 'standard', 0, 'available', '2026-06-15 10:27:28', '2026-06-15 10:27:28'),
(60, 1, 1, 'C', 12, 'C12', 550, 222, 0.00, 'standard', 0, 'available', '2026-06-15 10:27:28', '2026-06-15 10:27:28'),
(61, 1, 1, 'C', 13, 'C13', 600, 222, 0.00, 'standard', 0, 'available', '2026-06-15 10:27:28', '2026-06-15 10:27:28'),
(62, 1, 1, 'C', 14, 'C14', 650, 222, 0.00, 'standard', 0, 'available', '2026-06-15 10:27:28', '2026-06-15 10:27:28'),
(63, 1, 1, 'C', 15, 'C15', 700, 222, 0.00, 'standard', 0, 'available', '2026-06-15 10:27:28', '2026-06-15 10:27:28'),
(64, 1, 1, 'C', 16, 'C16', 750, 222, 0.00, 'standard', 0, 'available', '2026-06-15 10:27:28', '2026-06-15 10:27:28'),
(65, 1, 1, 'C', 17, 'C17', 800, 222, 0.00, 'standard', 0, 'available', '2026-06-15 10:27:28', '2026-06-15 10:27:28'),
(66, 1, 1, 'C', 18, 'C18', 850, 222, 0.00, 'standard', 0, 'available', '2026-06-15 10:27:28', '2026-06-15 10:27:28'),
(67, 1, 1, 'C', 19, 'C19', 900, 222, 0.00, 'standard', 0, 'available', '2026-06-15 10:27:28', '2026-06-15 10:27:28'),
(68, 1, 1, 'C', 20, 'C20', 950, 222, 0.00, 'standard', 0, 'available', '2026-06-15 10:27:28', '2026-06-15 10:27:28'),
(69, 1, 1, 'C', 21, 'C21', 1000, 222, 0.00, 'standard', 0, 'available', '2026-06-15 10:27:28', '2026-06-15 10:27:28'),
(70, 1, 1, 'C', 22, 'C22', 1050, 222, 0.00, 'standard', 0, 'available', '2026-06-15 10:27:28', '2026-06-15 10:27:28'),
(71, 1, 1, 'C', 23, 'C23', 1100, 222, 0.00, 'standard', 0, 'available', '2026-06-15 10:27:28', '2026-06-15 10:27:28'),
(72, 1, 1, 'C', 24, 'C24', 1150, 222, 0.00, 'standard', 0, 'available', '2026-06-15 10:27:28', '2026-06-15 10:27:28'),
(73, 1, 1, 'D', 1, 'D1', 0, 258, 0.00, 'standard', 0, 'available', '2026-06-15 10:27:28', '2026-06-15 10:27:28'),
(74, 1, 1, 'D', 2, 'D2', 50, 258, 0.00, 'standard', 0, 'available', '2026-06-15 10:27:28', '2026-06-15 10:27:28'),
(75, 1, 1, 'D', 3, 'D3', 100, 258, 0.00, 'standard', 0, 'available', '2026-06-15 10:27:28', '2026-06-15 10:27:28'),
(76, 1, 1, 'D', 4, 'D4', 150, 258, 0.00, 'standard', 0, 'available', '2026-06-15 10:27:28', '2026-06-15 10:27:28'),
(77, 1, 1, 'D', 5, 'D5', 200, 258, 0.00, 'standard', 0, 'available', '2026-06-15 10:27:28', '2026-06-15 10:27:28'),
(78, 1, 1, 'D', 6, 'D6', 250, 258, 0.00, 'standard', 0, 'available', '2026-06-15 10:27:28', '2026-06-15 10:27:28'),
(79, 1, 1, 'D', 7, 'D7', 300, 258, 0.00, 'standard', 0, 'available', '2026-06-15 10:27:28', '2026-06-15 10:27:28'),
(80, 1, 1, 'D', 8, 'D8', 350, 258, 0.00, 'standard', 0, 'available', '2026-06-15 10:27:28', '2026-06-15 10:27:28'),
(81, 1, 1, 'D', 9, 'D9', 400, 258, 0.00, 'standard', 0, 'available', '2026-06-15 10:27:28', '2026-06-15 10:27:28'),
(82, 1, 1, 'D', 10, 'D10', 450, 258, 0.00, 'standard', 0, 'available', '2026-06-15 10:27:28', '2026-06-15 10:27:28'),
(83, 1, 1, 'D', 11, 'D11', 500, 258, 0.00, 'standard', 0, 'available', '2026-06-15 10:27:28', '2026-06-15 10:27:28'),
(84, 1, 1, 'D', 12, 'D12', 550, 258, 0.00, 'standard', 0, 'available', '2026-06-15 10:27:28', '2026-06-15 10:27:28'),
(85, 1, 1, 'D', 13, 'D13', 600, 258, 0.00, 'standard', 0, 'available', '2026-06-15 10:27:28', '2026-06-15 10:27:28'),
(86, 1, 1, 'D', 14, 'D14', 650, 258, 0.00, 'standard', 0, 'available', '2026-06-15 10:27:28', '2026-06-15 10:27:28'),
(87, 1, 1, 'D', 15, 'D15', 700, 258, 0.00, 'standard', 0, 'available', '2026-06-15 10:27:28', '2026-06-15 10:27:28'),
(88, 1, 1, 'D', 16, 'D16', 750, 258, 0.00, 'standard', 0, 'available', '2026-06-15 10:27:28', '2026-06-15 10:27:28'),
(89, 1, 1, 'D', 17, 'D17', 800, 258, 0.00, 'standard', 0, 'available', '2026-06-15 10:27:28', '2026-06-15 10:27:28'),
(90, 1, 1, 'D', 18, 'D18', 850, 258, 0.00, 'standard', 0, 'available', '2026-06-15 10:27:28', '2026-06-15 10:27:28'),
(91, 1, 1, 'D', 19, 'D19', 900, 258, 0.00, 'standard', 0, 'available', '2026-06-15 10:27:28', '2026-06-15 10:27:28'),
(92, 1, 1, 'D', 20, 'D20', 950, 258, 0.00, 'standard', 0, 'available', '2026-06-15 10:27:28', '2026-06-15 10:27:28'),
(93, 1, 1, 'D', 21, 'D21', 1000, 258, 0.00, 'standard', 0, 'available', '2026-06-15 10:27:28', '2026-06-15 10:27:28'),
(94, 1, 1, 'D', 22, 'D22', 1050, 258, 0.00, 'standard', 0, 'available', '2026-06-15 10:27:28', '2026-06-15 10:27:28'),
(95, 1, 1, 'D', 23, 'D23', 1100, 258, 0.00, 'standard', 0, 'available', '2026-06-15 10:27:28', '2026-06-15 10:27:28'),
(96, 1, 1, 'D', 24, 'D24', 1150, 258, 0.00, 'standard', 0, 'available', '2026-06-15 10:27:28', '2026-06-15 10:27:28'),
(97, 1, 1, 'E', 1, 'E1', 0, 294, 0.00, 'standard', 0, 'available', '2026-06-15 10:27:28', '2026-06-15 10:27:28'),
(98, 1, 1, 'E', 2, 'E2', 50, 294, 0.00, 'standard', 0, 'available', '2026-06-15 10:27:28', '2026-06-15 10:27:28'),
(99, 1, 1, 'E', 3, 'E3', 100, 294, 0.00, 'standard', 0, 'available', '2026-06-15 10:27:28', '2026-06-15 10:27:28'),
(100, 1, 1, 'E', 4, 'E4', 150, 294, 0.00, 'standard', 0, 'available', '2026-06-15 10:27:28', '2026-06-15 10:27:28'),
(101, 1, 1, 'E', 5, 'E5', 200, 294, 0.00, 'standard', 0, 'available', '2026-06-15 10:27:28', '2026-06-15 10:27:28'),
(102, 1, 1, 'E', 6, 'E6', 250, 294, 0.00, 'standard', 0, 'available', '2026-06-15 10:27:28', '2026-06-15 10:27:28'),
(103, 1, 1, 'E', 7, 'E7', 300, 294, 0.00, 'standard', 0, 'available', '2026-06-15 10:27:28', '2026-06-15 10:27:28'),
(104, 1, 1, 'E', 8, 'E8', 350, 294, 0.00, 'standard', 0, 'available', '2026-06-15 10:27:28', '2026-06-15 10:27:28'),
(105, 1, 1, 'E', 9, 'E9', 400, 294, 0.00, 'standard', 0, 'available', '2026-06-15 10:27:28', '2026-06-15 10:27:28'),
(106, 1, 1, 'E', 10, 'E10', 450, 294, 0.00, 'standard', 0, 'available', '2026-06-15 10:27:28', '2026-06-15 10:27:28'),
(107, 1, 1, 'E', 11, 'E11', 500, 294, 0.00, 'standard', 0, 'available', '2026-06-15 10:27:28', '2026-06-15 10:27:28'),
(108, 1, 1, 'E', 12, 'E12', 550, 294, 0.00, 'standard', 0, 'available', '2026-06-15 10:27:28', '2026-06-15 10:27:28'),
(109, 1, 1, 'E', 13, 'E13', 600, 294, 0.00, 'standard', 0, 'available', '2026-06-15 10:27:28', '2026-06-15 10:27:28'),
(110, 1, 1, 'E', 14, 'E14', 650, 294, 0.00, 'standard', 0, 'available', '2026-06-15 10:27:28', '2026-06-15 10:27:28'),
(111, 1, 1, 'E', 15, 'E15', 700, 294, 0.00, 'standard', 0, 'available', '2026-06-15 10:27:28', '2026-06-15 10:27:28'),
(112, 1, 1, 'E', 16, 'E16', 750, 294, 0.00, 'standard', 0, 'available', '2026-06-15 10:27:28', '2026-06-15 10:27:28'),
(113, 1, 1, 'E', 17, 'E17', 800, 294, 0.00, 'standard', 0, 'available', '2026-06-15 10:27:28', '2026-06-15 10:27:28'),
(114, 1, 1, 'E', 18, 'E18', 850, 294, 0.00, 'standard', 0, 'available', '2026-06-15 10:27:28', '2026-06-15 10:27:28'),
(115, 1, 1, 'E', 19, 'E19', 900, 294, 0.00, 'standard', 0, 'available', '2026-06-15 10:27:28', '2026-06-15 10:27:28'),
(116, 1, 1, 'E', 20, 'E20', 950, 294, 0.00, 'standard', 0, 'available', '2026-06-15 10:27:28', '2026-06-15 10:27:28'),
(117, 1, 1, 'E', 21, 'E21', 1000, 294, 0.00, 'standard', 0, 'available', '2026-06-15 10:27:28', '2026-06-15 10:27:28'),
(118, 1, 1, 'E', 22, 'E22', 1050, 294, 0.00, 'standard', 0, 'available', '2026-06-15 10:27:28', '2026-06-15 10:27:28'),
(119, 1, 1, 'E', 23, 'E23', 1100, 294, 0.00, 'standard', 0, 'available', '2026-06-15 10:27:28', '2026-06-15 10:27:28'),
(120, 1, 1, 'E', 24, 'E24', 1150, 294, 0.00, 'standard', 0, 'available', '2026-06-15 10:27:28', '2026-06-15 10:27:28'),
(121, 1, 1, 'F', 1, 'F1', 0, 330, 0.00, 'standard', 0, 'available', '2026-06-15 10:27:28', '2026-06-15 10:27:28'),
(122, 1, 1, 'F', 2, 'F2', 50, 330, 0.00, 'standard', 0, 'available', '2026-06-15 10:27:28', '2026-06-15 10:27:28'),
(123, 1, 1, 'F', 3, 'F3', 100, 330, 0.00, 'standard', 0, 'available', '2026-06-15 10:27:28', '2026-06-15 10:27:28'),
(124, 1, 1, 'F', 4, 'F4', 150, 330, 0.00, 'standard', 0, 'available', '2026-06-15 10:27:28', '2026-06-15 10:27:28'),
(125, 1, 1, 'F', 5, 'F5', 200, 330, 0.00, 'standard', 0, 'available', '2026-06-15 10:27:28', '2026-06-15 10:27:28'),
(126, 1, 1, 'F', 6, 'F6', 250, 330, 0.00, 'standard', 0, 'available', '2026-06-15 10:27:28', '2026-06-15 10:27:28'),
(127, 1, 1, 'F', 7, 'F7', 300, 330, 0.00, 'standard', 0, 'available', '2026-06-15 10:27:28', '2026-06-15 10:27:28'),
(128, 1, 1, 'F', 8, 'F8', 350, 330, 0.00, 'standard', 0, 'available', '2026-06-15 10:27:28', '2026-06-15 10:27:28'),
(129, 1, 1, 'F', 9, 'F9', 400, 330, 0.00, 'standard', 0, 'available', '2026-06-15 10:27:28', '2026-06-15 10:27:28'),
(130, 1, 1, 'F', 10, 'F10', 450, 330, 0.00, 'standard', 0, 'available', '2026-06-15 10:27:28', '2026-06-15 10:27:28'),
(131, 1, 1, 'F', 11, 'F11', 500, 330, 0.00, 'standard', 0, 'available', '2026-06-15 10:27:28', '2026-06-15 10:27:28'),
(132, 1, 1, 'F', 12, 'F12', 550, 330, 0.00, 'standard', 0, 'available', '2026-06-15 10:27:28', '2026-06-15 10:27:28'),
(133, 1, 1, 'F', 13, 'F13', 600, 330, 0.00, 'standard', 0, 'available', '2026-06-15 10:27:28', '2026-06-15 10:27:28'),
(134, 1, 1, 'F', 14, 'F14', 650, 330, 0.00, 'standard', 0, 'available', '2026-06-15 10:27:28', '2026-06-15 10:27:28'),
(135, 1, 1, 'F', 15, 'F15', 700, 330, 0.00, 'standard', 0, 'available', '2026-06-15 10:27:28', '2026-06-15 10:27:28'),
(136, 1, 1, 'F', 16, 'F16', 750, 330, 0.00, 'standard', 0, 'available', '2026-06-15 10:27:28', '2026-06-15 10:27:28'),
(137, 1, 1, 'F', 17, 'F17', 800, 330, 0.00, 'standard', 0, 'available', '2026-06-15 10:27:28', '2026-06-15 10:27:28'),
(138, 1, 1, 'F', 18, 'F18', 850, 330, 0.00, 'standard', 0, 'available', '2026-06-15 10:27:28', '2026-06-15 10:27:28'),
(139, 1, 1, 'F', 19, 'F19', 900, 330, 0.00, 'standard', 0, 'available', '2026-06-15 10:27:28', '2026-06-15 10:27:28'),
(140, 1, 1, 'F', 20, 'F20', 950, 330, 0.00, 'standard', 0, 'available', '2026-06-15 10:27:28', '2026-06-15 10:27:28'),
(141, 1, 1, 'F', 21, 'F21', 1000, 330, 0.00, 'standard', 0, 'available', '2026-06-15 10:27:28', '2026-06-15 10:27:28'),
(142, 1, 1, 'F', 22, 'F22', 1050, 330, 0.00, 'standard', 0, 'available', '2026-06-15 10:27:28', '2026-06-15 10:27:28'),
(143, 1, 1, 'F', 23, 'F23', 1100, 330, 0.00, 'standard', 0, 'available', '2026-06-15 10:27:28', '2026-06-15 10:27:28'),
(144, 1, 1, 'F', 24, 'F24', 1150, 330, 0.00, 'standard', 0, 'available', '2026-06-15 10:27:28', '2026-06-15 10:27:28'),
(145, 1, 1, 'G', 1, 'G1', 0, 366, 0.00, 'standard', 0, 'available', '2026-06-15 10:27:28', '2026-06-15 10:27:28'),
(146, 1, 1, 'G', 2, 'G2', 50, 366, 0.00, 'standard', 0, 'available', '2026-06-15 10:27:28', '2026-06-15 10:27:28'),
(147, 1, 1, 'G', 3, 'G3', 100, 366, 0.00, 'standard', 0, 'available', '2026-06-15 10:27:28', '2026-06-15 10:27:28'),
(148, 1, 1, 'G', 4, 'G4', 150, 366, 0.00, 'standard', 0, 'available', '2026-06-15 10:27:28', '2026-06-15 10:27:28'),
(149, 1, 1, 'G', 5, 'G5', 200, 366, 0.00, 'standard', 0, 'available', '2026-06-15 10:27:28', '2026-06-15 10:27:28'),
(150, 1, 1, 'G', 6, 'G6', 250, 366, 0.00, 'standard', 0, 'available', '2026-06-15 10:27:28', '2026-06-15 10:27:28'),
(151, 1, 1, 'G', 7, 'G7', 300, 366, 0.00, 'standard', 0, 'available', '2026-06-15 10:27:28', '2026-06-15 10:27:28'),
(152, 1, 1, 'G', 8, 'G8', 350, 366, 0.00, 'standard', 0, 'available', '2026-06-15 10:27:28', '2026-06-15 10:27:28'),
(153, 1, 1, 'G', 9, 'G9', 400, 366, 0.00, 'standard', 0, 'available', '2026-06-15 10:27:28', '2026-06-15 10:27:28'),
(154, 1, 1, 'G', 10, 'G10', 450, 366, 0.00, 'standard', 0, 'available', '2026-06-15 10:27:28', '2026-06-15 10:27:28'),
(155, 1, 1, 'G', 11, 'G11', 500, 366, 0.00, 'standard', 0, 'available', '2026-06-15 10:27:28', '2026-06-15 10:27:28'),
(156, 1, 1, 'G', 12, 'G12', 550, 366, 0.00, 'standard', 0, 'available', '2026-06-15 10:27:28', '2026-06-15 10:27:28'),
(157, 1, 1, 'G', 13, 'G13', 600, 366, 0.00, 'standard', 0, 'available', '2026-06-15 10:27:28', '2026-06-15 10:27:28'),
(158, 1, 1, 'G', 14, 'G14', 650, 366, 0.00, 'standard', 0, 'available', '2026-06-15 10:27:28', '2026-06-15 10:27:28'),
(159, 1, 1, 'G', 15, 'G15', 700, 366, 0.00, 'standard', 0, 'available', '2026-06-15 10:27:28', '2026-06-15 10:27:28'),
(160, 1, 1, 'G', 16, 'G16', 750, 366, 0.00, 'standard', 0, 'available', '2026-06-15 10:27:28', '2026-06-15 10:27:28'),
(161, 1, 1, 'G', 17, 'G17', 800, 366, 0.00, 'standard', 0, 'available', '2026-06-15 10:27:28', '2026-06-15 10:27:28'),
(162, 1, 1, 'G', 18, 'G18', 850, 366, 0.00, 'standard', 0, 'available', '2026-06-15 10:27:28', '2026-06-15 10:27:28'),
(163, 1, 1, 'G', 19, 'G19', 900, 366, 0.00, 'standard', 0, 'available', '2026-06-15 10:27:28', '2026-06-15 10:27:28'),
(164, 1, 1, 'G', 20, 'G20', 950, 366, 0.00, 'standard', 0, 'available', '2026-06-15 10:27:28', '2026-06-15 10:27:28'),
(165, 1, 1, 'G', 21, 'G21', 1000, 366, 0.00, 'standard', 0, 'available', '2026-06-15 10:27:28', '2026-06-15 10:27:28'),
(166, 1, 1, 'G', 22, 'G22', 1050, 366, 0.00, 'standard', 0, 'available', '2026-06-15 10:27:28', '2026-06-15 10:27:28'),
(167, 1, 1, 'G', 23, 'G23', 1100, 366, 0.00, 'standard', 0, 'available', '2026-06-15 10:27:28', '2026-06-15 10:27:28'),
(168, 1, 1, 'G', 24, 'G24', 1150, 366, 0.00, 'standard', 0, 'available', '2026-06-15 10:27:28', '2026-06-15 10:27:28'),
(169, 1, 1, 'H', 1, 'H1', 0, 402, 0.00, 'standard', 0, 'available', '2026-06-15 10:27:28', '2026-06-15 10:27:28'),
(170, 1, 1, 'H', 2, 'H2', 50, 402, 0.00, 'standard', 0, 'available', '2026-06-15 10:27:28', '2026-06-15 10:27:28'),
(171, 1, 1, 'H', 3, 'H3', 100, 402, 0.00, 'standard', 0, 'available', '2026-06-15 10:27:28', '2026-06-15 10:27:28'),
(172, 1, 1, 'H', 4, 'H4', 150, 402, 0.00, 'standard', 0, 'available', '2026-06-15 10:27:28', '2026-06-15 10:27:28'),
(173, 1, 1, 'H', 5, 'H5', 200, 402, 0.00, 'standard', 0, 'available', '2026-06-15 10:27:28', '2026-06-15 10:27:28'),
(174, 1, 1, 'H', 6, 'H6', 250, 402, 0.00, 'standard', 0, 'available', '2026-06-15 10:27:28', '2026-06-15 10:27:28'),
(175, 1, 1, 'H', 7, 'H7', 300, 402, 0.00, 'standard', 0, 'available', '2026-06-15 10:27:28', '2026-06-15 10:27:28'),
(176, 1, 1, 'H', 8, 'H8', 350, 402, 0.00, 'standard', 0, 'available', '2026-06-15 10:27:28', '2026-06-15 10:27:28'),
(177, 1, 1, 'H', 9, 'H9', 400, 402, 0.00, 'standard', 0, 'available', '2026-06-15 10:27:28', '2026-06-15 10:27:28'),
(178, 1, 1, 'H', 10, 'H10', 450, 402, 0.00, 'standard', 0, 'available', '2026-06-15 10:27:28', '2026-06-15 10:27:28'),
(179, 1, 1, 'H', 11, 'H11', 500, 402, 0.00, 'standard', 0, 'available', '2026-06-15 10:27:28', '2026-06-15 10:27:28'),
(180, 1, 1, 'H', 12, 'H12', 550, 402, 0.00, 'standard', 0, 'available', '2026-06-15 10:27:28', '2026-06-15 10:27:28'),
(181, 1, 1, 'H', 13, 'H13', 600, 402, 0.00, 'standard', 0, 'available', '2026-06-15 10:27:28', '2026-06-15 10:27:28'),
(182, 1, 1, 'H', 14, 'H14', 650, 402, 0.00, 'standard', 0, 'available', '2026-06-15 10:27:28', '2026-06-15 10:27:28'),
(183, 1, 1, 'H', 15, 'H15', 700, 402, 0.00, 'standard', 0, 'available', '2026-06-15 10:27:28', '2026-06-15 10:27:28'),
(184, 1, 1, 'H', 16, 'H16', 750, 402, 0.00, 'standard', 0, 'available', '2026-06-15 10:27:28', '2026-06-15 10:27:28'),
(185, 1, 1, 'H', 17, 'H17', 800, 402, 0.00, 'standard', 0, 'available', '2026-06-15 10:27:28', '2026-06-15 10:27:28'),
(186, 1, 1, 'H', 18, 'H18', 850, 402, 0.00, 'standard', 0, 'available', '2026-06-15 10:27:28', '2026-06-15 10:27:28'),
(187, 1, 1, 'H', 19, 'H19', 900, 402, 0.00, 'standard', 0, 'available', '2026-06-15 10:27:28', '2026-06-15 10:27:28'),
(188, 1, 1, 'H', 20, 'H20', 950, 402, 0.00, 'standard', 0, 'available', '2026-06-15 10:27:28', '2026-06-15 10:27:28'),
(189, 1, 1, 'H', 21, 'H21', 1000, 402, 0.00, 'standard', 0, 'available', '2026-06-15 10:27:28', '2026-06-15 10:27:28'),
(190, 1, 1, 'H', 22, 'H22', 1050, 402, 0.00, 'standard', 0, 'available', '2026-06-15 10:27:28', '2026-06-15 10:27:28'),
(191, 1, 1, 'H', 23, 'H23', 1100, 402, 0.00, 'standard', 0, 'available', '2026-06-15 10:27:28', '2026-06-15 10:27:28'),
(192, 1, 1, 'H', 24, 'H24', 1150, 402, 0.00, 'standard', 0, 'available', '2026-06-15 10:27:28', '2026-06-15 10:27:28'),
(193, 1, 1, 'I', 1, 'I1', 0, 438, 0.00, 'standard', 0, 'available', '2026-06-15 10:27:28', '2026-06-15 10:27:28'),
(194, 1, 1, 'I', 2, 'I2', 50, 438, 0.00, 'standard', 0, 'available', '2026-06-15 10:27:28', '2026-06-15 10:27:28'),
(195, 1, 1, 'I', 3, 'I3', 100, 438, 0.00, 'standard', 0, 'available', '2026-06-15 10:27:28', '2026-06-15 10:27:28'),
(196, 1, 1, 'I', 4, 'I4', 150, 438, 0.00, 'standard', 0, 'available', '2026-06-15 10:27:28', '2026-06-15 10:27:28'),
(197, 1, 1, 'I', 5, 'I5', 200, 438, 0.00, 'standard', 0, 'available', '2026-06-15 10:27:28', '2026-06-15 10:27:28'),
(198, 1, 1, 'I', 6, 'I6', 250, 438, 0.00, 'standard', 0, 'available', '2026-06-15 10:27:28', '2026-06-15 10:27:28'),
(199, 1, 1, 'I', 7, 'I7', 300, 438, 0.00, 'standard', 0, 'available', '2026-06-15 10:27:28', '2026-06-15 10:27:28'),
(200, 1, 1, 'I', 8, 'I8', 350, 438, 0.00, 'standard', 0, 'available', '2026-06-15 10:27:28', '2026-06-15 10:27:28'),
(201, 1, 1, 'I', 9, 'I9', 400, 438, 0.00, 'standard', 0, 'available', '2026-06-15 10:27:28', '2026-06-15 10:27:28'),
(202, 1, 1, 'I', 10, 'I10', 450, 438, 0.00, 'standard', 0, 'available', '2026-06-15 10:27:28', '2026-06-15 10:27:28'),
(203, 1, 1, 'I', 11, 'I11', 500, 438, 0.00, 'standard', 0, 'available', '2026-06-15 10:27:28', '2026-06-15 10:27:28'),
(204, 1, 1, 'I', 12, 'I12', 550, 438, 0.00, 'standard', 0, 'available', '2026-06-15 10:27:28', '2026-06-15 10:27:28'),
(205, 1, 1, 'I', 13, 'I13', 600, 438, 0.00, 'standard', 0, 'available', '2026-06-15 10:27:28', '2026-06-15 10:27:28'),
(206, 1, 1, 'I', 14, 'I14', 650, 438, 0.00, 'standard', 0, 'available', '2026-06-15 10:27:28', '2026-06-15 10:27:28'),
(207, 1, 1, 'I', 15, 'I15', 700, 438, 0.00, 'standard', 0, 'available', '2026-06-15 10:27:28', '2026-06-15 10:27:28'),
(208, 1, 1, 'I', 16, 'I16', 750, 438, 0.00, 'standard', 0, 'available', '2026-06-15 10:27:28', '2026-06-15 10:27:28'),
(209, 1, 1, 'I', 17, 'I17', 800, 438, 0.00, 'standard', 0, 'available', '2026-06-15 10:27:28', '2026-06-15 10:27:28'),
(210, 1, 1, 'I', 18, 'I18', 850, 438, 0.00, 'standard', 0, 'available', '2026-06-15 10:27:28', '2026-06-15 10:27:28'),
(211, 1, 1, 'I', 19, 'I19', 900, 438, 0.00, 'standard', 0, 'available', '2026-06-15 10:27:28', '2026-06-15 10:27:28'),
(212, 1, 1, 'I', 20, 'I20', 950, 438, 0.00, 'standard', 0, 'available', '2026-06-15 10:27:28', '2026-06-15 10:27:28'),
(213, 1, 1, 'I', 21, 'I21', 1000, 438, 0.00, 'standard', 0, 'available', '2026-06-15 10:27:28', '2026-06-15 10:27:28'),
(214, 1, 1, 'I', 22, 'I22', 1050, 438, 0.00, 'standard', 0, 'available', '2026-06-15 10:27:28', '2026-06-15 10:27:28'),
(215, 1, 1, 'I', 23, 'I23', 1100, 438, 0.00, 'standard', 0, 'available', '2026-06-15 10:27:28', '2026-06-15 10:27:28'),
(216, 1, 1, 'I', 24, 'I24', 1150, 438, 0.00, 'standard', 0, 'available', '2026-06-15 10:27:28', '2026-06-15 10:27:28'),
(217, 1, 1, 'J', 1, 'J1', 0, 474, 0.00, 'standard', 0, 'available', '2026-06-15 10:27:28', '2026-06-15 10:27:28'),
(218, 1, 1, 'J', 2, 'J2', 50, 474, 0.00, 'standard', 0, 'available', '2026-06-15 10:27:28', '2026-06-15 10:27:28'),
(219, 1, 1, 'J', 3, 'J3', 100, 474, 0.00, 'standard', 0, 'available', '2026-06-15 10:27:28', '2026-06-15 10:27:28'),
(220, 1, 1, 'J', 4, 'J4', 150, 474, 0.00, 'standard', 0, 'available', '2026-06-15 10:27:28', '2026-06-15 10:27:28'),
(221, 1, 1, 'J', 5, 'J5', 200, 474, 0.00, 'standard', 0, 'available', '2026-06-15 10:27:28', '2026-06-15 10:27:28'),
(222, 1, 1, 'J', 6, 'J6', 250, 474, 0.00, 'standard', 0, 'available', '2026-06-15 10:27:28', '2026-06-15 10:27:28'),
(223, 1, 1, 'J', 7, 'J7', 300, 474, 0.00, 'standard', 0, 'available', '2026-06-15 10:27:28', '2026-06-15 10:27:28'),
(224, 1, 1, 'J', 8, 'J8', 350, 474, 0.00, 'standard', 0, 'available', '2026-06-15 10:27:28', '2026-06-15 10:27:28'),
(225, 1, 1, 'J', 9, 'J9', 400, 474, 0.00, 'standard', 0, 'available', '2026-06-15 10:27:28', '2026-06-15 10:27:28'),
(226, 1, 1, 'J', 10, 'J10', 450, 474, 0.00, 'standard', 0, 'available', '2026-06-15 10:27:28', '2026-06-15 10:27:28'),
(227, 1, 1, 'J', 11, 'J11', 500, 474, 0.00, 'standard', 0, 'available', '2026-06-15 10:27:28', '2026-06-15 10:27:28'),
(228, 1, 1, 'J', 12, 'J12', 550, 474, 0.00, 'standard', 0, 'available', '2026-06-15 10:27:28', '2026-06-15 10:27:28'),
(229, 1, 1, 'J', 13, 'J13', 600, 474, 0.00, 'standard', 0, 'available', '2026-06-15 10:27:28', '2026-06-15 10:27:28'),
(230, 1, 1, 'J', 14, 'J14', 650, 474, 0.00, 'standard', 0, 'available', '2026-06-15 10:27:28', '2026-06-15 10:27:28'),
(231, 1, 1, 'J', 15, 'J15', 700, 474, 0.00, 'standard', 0, 'available', '2026-06-15 10:27:28', '2026-06-15 10:27:28'),
(232, 1, 1, 'J', 16, 'J16', 750, 474, 0.00, 'standard', 0, 'available', '2026-06-15 10:27:28', '2026-06-15 10:27:28'),
(233, 1, 1, 'J', 17, 'J17', 800, 474, 0.00, 'standard', 0, 'available', '2026-06-15 10:27:28', '2026-06-15 10:27:28'),
(234, 1, 1, 'J', 18, 'J18', 850, 474, 0.00, 'standard', 0, 'available', '2026-06-15 10:27:28', '2026-06-15 10:27:28'),
(235, 1, 1, 'J', 19, 'J19', 900, 474, 0.00, 'standard', 0, 'available', '2026-06-15 10:27:28', '2026-06-15 10:27:28'),
(236, 1, 1, 'J', 20, 'J20', 950, 474, 0.00, 'standard', 0, 'available', '2026-06-15 10:27:28', '2026-06-15 10:27:28'),
(237, 1, 1, 'J', 21, 'J21', 1000, 474, 0.00, 'standard', 0, 'available', '2026-06-15 10:27:28', '2026-06-15 10:27:28'),
(238, 1, 1, 'J', 22, 'J22', 1050, 474, 0.00, 'standard', 0, 'available', '2026-06-15 10:27:28', '2026-06-15 10:27:28'),
(239, 1, 1, 'J', 23, 'J23', 1100, 474, 0.00, 'standard', 0, 'available', '2026-06-15 10:27:28', '2026-06-15 10:27:28'),
(240, 1, 1, 'J', 24, 'J24', 1150, 474, 0.00, 'standard', 0, 'available', '2026-06-15 10:27:28', '2026-06-15 10:27:28'),
(241, 1, 1, 'K', 1, 'K1', 0, 510, 0.00, 'standard', 0, 'available', '2026-06-15 10:27:28', '2026-06-15 10:27:28'),
(242, 1, 1, 'K', 2, 'K2', 50, 510, 0.00, 'standard', 0, 'available', '2026-06-15 10:27:28', '2026-06-15 10:27:28'),
(243, 1, 1, 'K', 3, 'K3', 100, 510, 0.00, 'standard', 0, 'available', '2026-06-15 10:27:28', '2026-06-15 10:27:28'),
(244, 1, 1, 'K', 4, 'K4', 150, 510, 0.00, 'standard', 0, 'available', '2026-06-15 10:27:28', '2026-06-15 10:27:28'),
(245, 1, 1, 'K', 5, 'K5', 200, 510, 0.00, 'standard', 0, 'available', '2026-06-15 10:27:28', '2026-06-15 10:27:28'),
(246, 1, 1, 'K', 6, 'K6', 250, 510, 0.00, 'standard', 0, 'available', '2026-06-15 10:27:28', '2026-06-15 10:27:28'),
(247, 1, 1, 'K', 7, 'K7', 300, 510, 0.00, 'standard', 0, 'available', '2026-06-15 10:27:28', '2026-06-15 10:27:28'),
(248, 1, 1, 'K', 8, 'K8', 350, 510, 0.00, 'standard', 0, 'available', '2026-06-15 10:27:28', '2026-06-15 10:27:28'),
(249, 1, 1, 'K', 9, 'K9', 400, 510, 0.00, 'standard', 0, 'available', '2026-06-15 10:27:28', '2026-06-15 10:27:28'),
(250, 1, 1, 'K', 10, 'K10', 450, 510, 0.00, 'standard', 0, 'available', '2026-06-15 10:27:28', '2026-06-15 10:27:28'),
(251, 1, 1, 'K', 11, 'K11', 500, 510, 0.00, 'standard', 0, 'available', '2026-06-15 10:27:28', '2026-06-15 10:27:28'),
(252, 1, 1, 'K', 12, 'K12', 550, 510, 0.00, 'standard', 0, 'available', '2026-06-15 10:27:28', '2026-06-15 10:27:28'),
(253, 1, 1, 'K', 13, 'K13', 600, 510, 0.00, 'standard', 0, 'available', '2026-06-15 10:27:28', '2026-06-15 10:27:28'),
(254, 1, 1, 'K', 14, 'K14', 650, 510, 0.00, 'standard', 0, 'available', '2026-06-15 10:27:28', '2026-06-15 10:27:28'),
(255, 1, 1, 'K', 15, 'K15', 700, 510, 0.00, 'standard', 0, 'available', '2026-06-15 10:27:28', '2026-06-15 10:27:28'),
(256, 1, 1, 'K', 16, 'K16', 750, 510, 0.00, 'standard', 0, 'available', '2026-06-15 10:27:28', '2026-06-15 10:27:28'),
(257, 1, 1, 'K', 17, 'K17', 800, 510, 0.00, 'standard', 0, 'available', '2026-06-15 10:27:28', '2026-06-15 10:27:28'),
(258, 1, 1, 'K', 18, 'K18', 850, 510, 0.00, 'standard', 0, 'available', '2026-06-15 10:27:28', '2026-06-15 10:27:28'),
(259, 1, 1, 'K', 19, 'K19', 900, 510, 0.00, 'standard', 0, 'available', '2026-06-15 10:27:28', '2026-06-15 10:27:28'),
(260, 1, 1, 'K', 20, 'K20', 950, 510, 0.00, 'standard', 0, 'available', '2026-06-15 10:27:28', '2026-06-15 10:27:28'),
(261, 1, 1, 'K', 21, 'K21', 1000, 510, 0.00, 'standard', 0, 'available', '2026-06-15 10:27:28', '2026-06-15 10:27:28'),
(262, 1, 1, 'K', 22, 'K22', 1050, 510, 0.00, 'standard', 0, 'available', '2026-06-15 10:27:28', '2026-06-15 10:27:28'),
(263, 1, 1, 'K', 23, 'K23', 1100, 510, 0.00, 'standard', 0, 'available', '2026-06-15 10:27:28', '2026-06-15 10:27:28'),
(264, 1, 1, 'K', 24, 'K24', 1150, 510, 0.00, 'standard', 0, 'available', '2026-06-15 10:27:28', '2026-06-15 10:27:28'),
(265, 1, 1, 'L', 1, 'L1', 0, 546, 0.00, 'standard', 0, 'available', '2026-06-15 10:27:28', '2026-06-15 10:27:28'),
(266, 1, 1, 'L', 2, 'L2', 50, 546, 0.00, 'standard', 0, 'available', '2026-06-15 10:27:28', '2026-06-15 10:27:28'),
(267, 1, 1, 'L', 3, 'L3', 100, 546, 0.00, 'standard', 0, 'available', '2026-06-15 10:27:28', '2026-06-15 10:27:28'),
(268, 1, 1, 'L', 4, 'L4', 150, 546, 0.00, 'standard', 0, 'available', '2026-06-15 10:27:28', '2026-06-15 10:27:28'),
(269, 1, 1, 'L', 5, 'L5', 200, 546, 0.00, 'standard', 0, 'available', '2026-06-15 10:27:28', '2026-06-15 10:27:28'),
(270, 1, 1, 'L', 6, 'L6', 250, 546, 0.00, 'standard', 0, 'available', '2026-06-15 10:27:28', '2026-06-15 10:27:28'),
(271, 1, 1, 'L', 7, 'L7', 300, 546, 0.00, 'standard', 0, 'available', '2026-06-15 10:27:28', '2026-06-15 10:27:28'),
(272, 1, 1, 'L', 8, 'L8', 350, 546, 0.00, 'standard', 0, 'available', '2026-06-15 10:27:28', '2026-06-15 10:27:28'),
(273, 1, 1, 'L', 9, 'L9', 400, 546, 0.00, 'standard', 0, 'available', '2026-06-15 10:27:28', '2026-06-15 10:27:28'),
(274, 1, 1, 'L', 10, 'L10', 450, 546, 0.00, 'standard', 0, 'available', '2026-06-15 10:27:28', '2026-06-15 10:27:28'),
(275, 1, 1, 'L', 11, 'L11', 500, 546, 0.00, 'standard', 0, 'available', '2026-06-15 10:27:28', '2026-06-15 10:27:28'),
(276, 1, 1, 'L', 12, 'L12', 550, 546, 0.00, 'standard', 0, 'available', '2026-06-15 10:27:28', '2026-06-15 10:27:28'),
(277, 1, 1, 'L', 13, 'L13', 600, 546, 0.00, 'standard', 0, 'available', '2026-06-15 10:27:28', '2026-06-15 10:27:28'),
(278, 1, 1, 'L', 14, 'L14', 650, 546, 0.00, 'standard', 0, 'available', '2026-06-15 10:27:28', '2026-06-15 10:27:28'),
(279, 1, 1, 'L', 15, 'L15', 700, 546, 0.00, 'standard', 0, 'available', '2026-06-15 10:27:28', '2026-06-15 10:27:28'),
(280, 1, 1, 'L', 16, 'L16', 750, 546, 0.00, 'standard', 0, 'available', '2026-06-15 10:27:28', '2026-06-15 10:27:28'),
(281, 1, 1, 'L', 17, 'L17', 800, 546, 0.00, 'standard', 0, 'available', '2026-06-15 10:27:28', '2026-06-15 10:27:28'),
(282, 1, 1, 'L', 18, 'L18', 850, 546, 0.00, 'standard', 0, 'available', '2026-06-15 10:27:28', '2026-06-15 10:27:28'),
(283, 1, 1, 'L', 19, 'L19', 900, 546, 0.00, 'standard', 0, 'available', '2026-06-15 10:27:28', '2026-06-15 10:27:28'),
(284, 1, 1, 'L', 20, 'L20', 950, 546, 0.00, 'standard', 0, 'available', '2026-06-15 10:27:28', '2026-06-15 10:27:28'),
(285, 1, 1, 'L', 21, 'L21', 1000, 546, 0.00, 'standard', 0, 'available', '2026-06-15 10:27:28', '2026-06-15 10:27:28'),
(286, 1, 1, 'L', 22, 'L22', 1050, 546, 0.00, 'standard', 0, 'available', '2026-06-15 10:27:28', '2026-06-15 10:27:28'),
(287, 1, 1, 'L', 23, 'L23', 1100, 546, 0.00, 'standard', 0, 'available', '2026-06-15 10:27:28', '2026-06-15 10:27:28'),
(288, 1, 1, 'L', 24, 'L24', 1150, 546, 0.00, 'standard', 0, 'available', '2026-06-15 10:27:28', '2026-06-15 10:27:28'),
(289, 1, 1, 'M', 1, 'M1', 0, 582, 0.00, 'standard', 0, 'available', '2026-06-15 10:27:28', '2026-06-15 10:27:28'),
(290, 1, 1, 'M', 2, 'M2', 50, 582, 0.00, 'standard', 0, 'available', '2026-06-15 10:27:28', '2026-06-15 10:27:28'),
(291, 1, 1, 'M', 3, 'M3', 100, 582, 0.00, 'standard', 0, 'available', '2026-06-15 10:27:28', '2026-06-15 10:27:28'),
(292, 1, 1, 'M', 4, 'M4', 150, 582, 0.00, 'standard', 0, 'available', '2026-06-15 10:27:28', '2026-06-15 10:27:28'),
(293, 1, 1, 'M', 5, 'M5', 200, 582, 0.00, 'standard', 0, 'available', '2026-06-15 10:27:28', '2026-06-15 10:27:28'),
(294, 1, 1, 'M', 6, 'M6', 250, 582, 0.00, 'standard', 0, 'available', '2026-06-15 10:27:28', '2026-06-15 10:27:28'),
(295, 1, 1, 'M', 7, 'M7', 300, 582, 0.00, 'standard', 0, 'available', '2026-06-15 10:27:28', '2026-06-15 10:27:28'),
(296, 1, 1, 'M', 8, 'M8', 350, 582, 0.00, 'standard', 0, 'available', '2026-06-15 10:27:28', '2026-06-15 10:27:28'),
(297, 1, 1, 'M', 9, 'M9', 400, 582, 0.00, 'standard', 0, 'available', '2026-06-15 10:27:28', '2026-06-15 10:27:28'),
(298, 1, 1, 'M', 10, 'M10', 450, 582, 0.00, 'standard', 0, 'available', '2026-06-15 10:27:28', '2026-06-15 10:27:28'),
(299, 1, 1, 'M', 11, 'M11', 500, 582, 0.00, 'standard', 0, 'available', '2026-06-15 10:27:28', '2026-06-15 10:27:28'),
(300, 1, 1, 'M', 12, 'M12', 550, 582, 0.00, 'standard', 0, 'available', '2026-06-15 10:27:28', '2026-06-15 10:27:28'),
(301, 1, 1, 'M', 13, 'M13', 600, 582, 0.00, 'standard', 0, 'available', '2026-06-15 10:27:28', '2026-06-15 10:27:28'),
(302, 1, 1, 'M', 14, 'M14', 650, 582, 0.00, 'standard', 0, 'available', '2026-06-15 10:27:28', '2026-06-15 10:27:28'),
(303, 1, 1, 'M', 15, 'M15', 700, 582, 0.00, 'standard', 0, 'available', '2026-06-15 10:27:28', '2026-06-15 10:27:28'),
(304, 1, 1, 'M', 16, 'M16', 750, 582, 0.00, 'standard', 0, 'available', '2026-06-15 10:27:28', '2026-06-15 10:27:28'),
(305, 1, 1, 'M', 17, 'M17', 800, 582, 0.00, 'standard', 0, 'available', '2026-06-15 10:27:28', '2026-06-15 10:27:28'),
(306, 1, 1, 'M', 18, 'M18', 850, 582, 0.00, 'standard', 0, 'available', '2026-06-15 10:27:28', '2026-06-15 10:27:28'),
(307, 1, 1, 'M', 19, 'M19', 900, 582, 0.00, 'standard', 0, 'available', '2026-06-15 10:27:28', '2026-06-15 10:27:28'),
(308, 1, 1, 'M', 20, 'M20', 950, 582, 0.00, 'standard', 0, 'available', '2026-06-15 10:27:28', '2026-06-15 10:27:28'),
(309, 1, 1, 'M', 21, 'M21', 1000, 582, 0.00, 'standard', 0, 'available', '2026-06-15 10:27:28', '2026-06-15 10:27:28'),
(310, 1, 1, 'M', 22, 'M22', 1050, 582, 0.00, 'standard', 0, 'available', '2026-06-15 10:27:28', '2026-06-15 10:27:28'),
(311, 1, 1, 'M', 23, 'M23', 1100, 582, 0.00, 'standard', 0, 'available', '2026-06-15 10:27:28', '2026-06-15 10:27:28'),
(312, 1, 1, 'M', 24, 'M24', 1150, 582, 0.00, 'standard', 0, 'available', '2026-06-15 10:27:28', '2026-06-15 10:27:28'),
(313, 1, 2, 'A', 1, 'A25', 1300, 150, 0.00, 'standard', 0, 'available', '2026-06-15 10:27:28', '2026-06-15 10:27:28'),
(314, 1, 2, 'A', 2, 'A26', 1350, 150, 0.00, 'standard', 0, 'available', '2026-06-15 10:27:28', '2026-06-15 10:27:28'),
(315, 1, 2, 'A', 3, 'A27', 1400, 150, 0.00, 'standard', 0, 'available', '2026-06-15 10:27:28', '2026-06-15 10:27:28'),
(316, 1, 2, 'A', 4, 'A28', 1450, 150, 0.00, 'standard', 0, 'available', '2026-06-15 10:27:28', '2026-06-15 10:27:28'),
(317, 1, 2, 'A', 5, 'A29', 1500, 150, 0.00, 'standard', 0, 'available', '2026-06-15 10:27:28', '2026-06-15 10:27:28'),
(318, 1, 2, 'A', 6, 'A30', 1550, 150, 0.00, 'standard', 0, 'available', '2026-06-15 10:27:28', '2026-06-15 10:27:28'),
(319, 1, 2, 'A', 7, 'A31', 1600, 150, 0.00, 'standard', 0, 'available', '2026-06-15 10:27:28', '2026-06-15 10:27:28'),
(320, 1, 2, 'A', 8, 'A32', 1650, 150, 0.00, 'standard', 0, 'available', '2026-06-15 10:27:28', '2026-06-15 10:27:28'),
(321, 1, 2, 'A', 9, 'A33', 1700, 150, 0.00, 'standard', 0, 'available', '2026-06-15 10:27:28', '2026-06-15 10:27:28'),
(322, 1, 2, 'A', 10, 'A34', 1750, 150, 0.00, 'standard', 0, 'available', '2026-06-15 10:27:28', '2026-06-15 10:27:28'),
(323, 1, 2, 'A', 11, 'A35', 1800, 150, 0.00, 'standard', 0, 'available', '2026-06-15 10:27:28', '2026-06-15 10:27:28'),
(324, 1, 2, 'A', 12, 'A36', 1850, 150, 0.00, 'standard', 0, 'available', '2026-06-15 10:27:28', '2026-06-15 10:27:28'),
(325, 1, 2, 'A', 13, 'A37', 1900, 150, 0.00, 'standard', 0, 'available', '2026-06-15 10:27:28', '2026-06-15 10:27:28'),
(326, 1, 2, 'A', 14, 'A38', 1950, 150, 0.00, 'standard', 0, 'available', '2026-06-15 10:27:28', '2026-06-15 10:27:28'),
(327, 1, 2, 'A', 15, 'A39', 2000, 150, 0.00, 'standard', 0, 'available', '2026-06-15 10:27:28', '2026-06-15 10:27:28'),
(328, 1, 2, 'A', 16, 'A40', 2050, 150, 0.00, 'standard', 0, 'available', '2026-06-15 10:27:28', '2026-06-15 10:27:28'),
(329, 1, 2, 'A', 17, 'A41', 2100, 150, 0.00, 'standard', 0, 'available', '2026-06-15 10:27:28', '2026-06-15 10:27:28'),
(330, 1, 2, 'A', 18, 'A42', 2150, 150, 0.00, 'standard', 0, 'available', '2026-06-15 10:27:28', '2026-06-15 10:27:28'),
(331, 1, 2, 'A', 19, 'A43', 2200, 150, 0.00, 'standard', 0, 'available', '2026-06-15 10:27:28', '2026-06-15 10:27:28'),
(332, 1, 2, 'A', 20, 'A44', 2250, 150, 0.00, 'standard', 0, 'available', '2026-06-15 10:27:28', '2026-06-15 10:27:28'),
(333, 1, 2, 'A', 21, 'A45', 2300, 150, 0.00, 'standard', 0, 'available', '2026-06-15 10:27:28', '2026-06-15 10:27:28'),
(334, 1, 2, 'A', 22, 'A46', 2350, 150, 0.00, 'standard', 0, 'available', '2026-06-15 10:27:28', '2026-06-15 10:27:28'),
(335, 1, 2, 'A', 23, 'A47', 2400, 150, 0.00, 'standard', 0, 'available', '2026-06-15 10:27:28', '2026-06-15 10:27:28'),
(336, 1, 2, 'A', 24, 'A48', 2450, 150, 0.00, 'standard', 0, 'available', '2026-06-15 10:27:28', '2026-06-15 10:27:28'),
(337, 1, 2, 'A', 25, 'A49', 2500, 150, 0.00, 'standard', 0, 'available', '2026-06-15 10:27:28', '2026-06-15 10:27:28'),
(338, 1, 2, 'A', 26, 'A50', 2550, 150, 0.00, 'standard', 0, 'available', '2026-06-15 10:27:28', '2026-06-15 10:27:28'),
(339, 1, 2, 'A', 27, 'A51', 2600, 150, 0.00, 'standard', 0, 'available', '2026-06-15 10:27:28', '2026-06-15 10:27:28'),
(340, 1, 2, 'A', 28, 'A52', 2650, 150, 0.00, 'standard', 0, 'available', '2026-06-15 10:27:28', '2026-06-15 10:27:28'),
(341, 1, 2, 'B', 1, 'B25', 1300, 186, 0.00, 'standard', 0, 'available', '2026-06-15 10:27:28', '2026-06-15 10:27:28'),
(342, 1, 2, 'B', 2, 'B26', 1350, 186, 0.00, 'standard', 0, 'available', '2026-06-15 10:27:28', '2026-06-15 10:27:28'),
(343, 1, 2, 'B', 3, 'B27', 1400, 186, 0.00, 'standard', 0, 'available', '2026-06-15 10:27:28', '2026-06-15 10:27:28'),
(344, 1, 2, 'B', 4, 'B28', 1450, 186, 0.00, 'standard', 0, 'available', '2026-06-15 10:27:28', '2026-06-15 10:27:28'),
(345, 1, 2, 'B', 5, 'B29', 1500, 186, 0.00, 'standard', 0, 'available', '2026-06-15 10:27:28', '2026-06-15 10:27:28'),
(346, 1, 2, 'B', 6, 'B30', 1550, 186, 0.00, 'standard', 0, 'available', '2026-06-15 10:27:28', '2026-06-15 10:27:28'),
(347, 1, 2, 'B', 7, 'B31', 1600, 186, 0.00, 'standard', 0, 'available', '2026-06-15 10:27:28', '2026-06-15 10:27:28'),
(348, 1, 2, 'B', 8, 'B32', 1650, 186, 0.00, 'standard', 0, 'available', '2026-06-15 10:27:28', '2026-06-15 10:27:28'),
(349, 1, 2, 'B', 9, 'B33', 1700, 186, 0.00, 'standard', 0, 'available', '2026-06-15 10:27:28', '2026-06-15 10:27:28'),
(350, 1, 2, 'B', 10, 'B34', 1750, 186, 0.00, 'standard', 0, 'available', '2026-06-15 10:27:28', '2026-06-15 10:27:28'),
(351, 1, 2, 'B', 11, 'B35', 1800, 186, 0.00, 'standard', 0, 'available', '2026-06-15 10:27:28', '2026-06-15 10:27:28'),
(352, 1, 2, 'B', 12, 'B36', 1850, 186, 0.00, 'standard', 0, 'available', '2026-06-15 10:27:28', '2026-06-15 10:27:28'),
(353, 1, 2, 'B', 13, 'B37', 1900, 186, 0.00, 'standard', 0, 'available', '2026-06-15 10:27:28', '2026-06-15 10:27:28'),
(354, 1, 2, 'B', 14, 'B38', 1950, 186, 0.00, 'standard', 0, 'available', '2026-06-15 10:27:28', '2026-06-15 10:27:28'),
(355, 1, 2, 'B', 15, 'B39', 2000, 186, 0.00, 'standard', 0, 'available', '2026-06-15 10:27:28', '2026-06-15 10:27:28'),
(356, 1, 2, 'B', 16, 'B40', 2050, 186, 0.00, 'standard', 0, 'available', '2026-06-15 10:27:28', '2026-06-15 10:27:28'),
(357, 1, 2, 'B', 17, 'B41', 2100, 186, 0.00, 'standard', 0, 'available', '2026-06-15 10:27:28', '2026-06-15 10:27:28'),
(358, 1, 2, 'B', 18, 'B42', 2150, 186, 0.00, 'standard', 0, 'available', '2026-06-15 10:27:28', '2026-06-15 10:27:28'),
(359, 1, 2, 'B', 19, 'B43', 2200, 186, 0.00, 'standard', 0, 'available', '2026-06-15 10:27:28', '2026-06-15 10:27:28'),
(360, 1, 2, 'B', 20, 'B44', 2250, 186, 0.00, 'standard', 0, 'available', '2026-06-15 10:27:28', '2026-06-15 10:27:28'),
(361, 1, 2, 'B', 21, 'B45', 2300, 186, 0.00, 'standard', 0, 'available', '2026-06-15 10:27:28', '2026-06-15 10:27:28'),
(362, 1, 2, 'B', 22, 'B46', 2350, 186, 0.00, 'standard', 0, 'available', '2026-06-15 10:27:28', '2026-06-15 10:27:28'),
(363, 1, 2, 'B', 23, 'B47', 2400, 186, 0.00, 'standard', 0, 'available', '2026-06-15 10:27:28', '2026-06-15 10:27:28'),
(364, 1, 2, 'B', 24, 'B48', 2450, 186, 0.00, 'standard', 0, 'available', '2026-06-15 10:27:28', '2026-06-15 10:27:28'),
(365, 1, 2, 'B', 25, 'B49', 2500, 186, 0.00, 'standard', 0, 'available', '2026-06-15 10:27:28', '2026-06-15 10:27:28'),
(366, 1, 2, 'B', 26, 'B50', 2550, 186, 0.00, 'standard', 0, 'available', '2026-06-15 10:27:28', '2026-06-15 10:27:28'),
(367, 1, 2, 'B', 27, 'B51', 2600, 186, 0.00, 'standard', 0, 'available', '2026-06-15 10:27:28', '2026-06-15 10:27:28'),
(368, 1, 2, 'B', 28, 'B52', 2650, 186, 0.00, 'standard', 0, 'available', '2026-06-15 10:27:28', '2026-06-15 10:27:28'),
(369, 1, 2, 'C', 1, 'C25', 1300, 222, 0.00, 'standard', 0, 'available', '2026-06-15 10:27:28', '2026-06-15 10:27:28'),
(370, 1, 2, 'C', 2, 'C26', 1350, 222, 0.00, 'standard', 0, 'available', '2026-06-15 10:27:28', '2026-06-15 10:27:28'),
(371, 1, 2, 'C', 3, 'C27', 1400, 222, 0.00, 'standard', 0, 'available', '2026-06-15 10:27:28', '2026-06-15 10:27:28'),
(372, 1, 2, 'C', 4, 'C28', 1450, 222, 0.00, 'standard', 0, 'available', '2026-06-15 10:27:28', '2026-06-15 10:27:28'),
(373, 1, 2, 'C', 5, 'C29', 1500, 222, 0.00, 'standard', 0, 'available', '2026-06-15 10:27:28', '2026-06-15 10:27:28'),
(374, 1, 2, 'C', 6, 'C30', 1550, 222, 0.00, 'standard', 0, 'available', '2026-06-15 10:27:28', '2026-06-15 10:27:28'),
(375, 1, 2, 'C', 7, 'C31', 1600, 222, 0.00, 'standard', 0, 'sold', '2026-06-15 10:27:28', '2026-06-15 12:45:29'),
(376, 1, 2, 'C', 8, 'C32', 1650, 222, 0.00, 'standard', 0, 'available', '2026-06-15 10:27:28', '2026-06-15 10:27:28'),
(377, 1, 2, 'C', 9, 'C33', 1700, 222, 0.00, 'standard', 0, 'available', '2026-06-15 10:27:28', '2026-06-15 10:27:28'),
(378, 1, 2, 'C', 10, 'C34', 1750, 222, 0.00, 'standard', 0, 'available', '2026-06-15 10:27:28', '2026-06-15 10:27:28'),
(379, 1, 2, 'C', 11, 'C35', 1800, 222, 0.00, 'standard', 0, 'available', '2026-06-15 10:27:28', '2026-06-15 10:27:28'),
(380, 1, 2, 'C', 12, 'C36', 1850, 222, 0.00, 'standard', 0, 'available', '2026-06-15 10:27:28', '2026-06-15 10:27:28'),
(381, 1, 2, 'C', 13, 'C37', 1900, 222, 0.00, 'standard', 0, 'available', '2026-06-15 10:27:28', '2026-06-15 10:27:28'),
(382, 1, 2, 'C', 14, 'C38', 1950, 222, 0.00, 'standard', 0, 'available', '2026-06-15 10:27:28', '2026-06-15 10:27:28'),
(383, 1, 2, 'C', 15, 'C39', 2000, 222, 0.00, 'standard', 0, 'available', '2026-06-15 10:27:28', '2026-06-15 10:27:28'),
(384, 1, 2, 'C', 16, 'C40', 2050, 222, 0.00, 'standard', 0, 'available', '2026-06-15 10:27:28', '2026-06-15 10:27:28'),
(385, 1, 2, 'C', 17, 'C41', 2100, 222, 0.00, 'standard', 0, 'available', '2026-06-15 10:27:28', '2026-06-15 10:27:28'),
(386, 1, 2, 'C', 18, 'C42', 2150, 222, 0.00, 'standard', 0, 'available', '2026-06-15 10:27:28', '2026-06-15 10:27:28'),
(387, 1, 2, 'C', 19, 'C43', 2200, 222, 0.00, 'standard', 0, 'available', '2026-06-15 10:27:28', '2026-06-15 10:27:28'),
(388, 1, 2, 'C', 20, 'C44', 2250, 222, 0.00, 'standard', 0, 'available', '2026-06-15 10:27:28', '2026-06-15 10:27:28'),
(389, 1, 2, 'C', 21, 'C45', 2300, 222, 0.00, 'standard', 0, 'available', '2026-06-15 10:27:28', '2026-06-15 10:27:28'),
(390, 1, 2, 'C', 22, 'C46', 2350, 222, 0.00, 'standard', 0, 'available', '2026-06-15 10:27:28', '2026-06-15 10:27:28'),
(391, 1, 2, 'C', 23, 'C47', 2400, 222, 0.00, 'standard', 0, 'available', '2026-06-15 10:27:28', '2026-06-15 10:27:28'),
(392, 1, 2, 'C', 24, 'C48', 2450, 222, 0.00, 'standard', 0, 'available', '2026-06-15 10:27:28', '2026-06-15 10:27:28'),
(393, 1, 2, 'C', 25, 'C49', 2500, 222, 0.00, 'standard', 0, 'available', '2026-06-15 10:27:28', '2026-06-15 10:27:28'),
(394, 1, 2, 'C', 26, 'C50', 2550, 222, 0.00, 'standard', 0, 'available', '2026-06-15 10:27:28', '2026-06-15 10:27:28'),
(395, 1, 2, 'C', 27, 'C51', 2600, 222, 0.00, 'standard', 0, 'available', '2026-06-15 10:27:28', '2026-06-15 10:27:28'),
(396, 1, 2, 'C', 28, 'C52', 2650, 222, 0.00, 'standard', 0, 'available', '2026-06-15 10:27:28', '2026-06-15 10:27:28'),
(397, 1, 2, 'D', 1, 'D25', 1300, 258, 0.00, 'standard', 0, 'available', '2026-06-15 10:27:28', '2026-06-15 10:27:28'),
(398, 1, 2, 'D', 2, 'D26', 1350, 258, 0.00, 'standard', 0, 'available', '2026-06-15 10:27:28', '2026-06-15 10:27:28'),
(399, 1, 2, 'D', 3, 'D27', 1400, 258, 0.00, 'standard', 0, 'available', '2026-06-15 10:27:28', '2026-06-15 10:27:28'),
(400, 1, 2, 'D', 4, 'D28', 1450, 258, 0.00, 'standard', 0, 'available', '2026-06-15 10:27:28', '2026-06-15 10:27:28'),
(401, 1, 2, 'D', 5, 'D29', 1500, 258, 0.00, 'standard', 0, 'available', '2026-06-15 10:27:28', '2026-06-15 10:27:28'),
(402, 1, 2, 'D', 6, 'D30', 1550, 258, 0.00, 'standard', 0, 'available', '2026-06-15 10:27:28', '2026-06-15 10:27:28'),
(403, 1, 2, 'D', 7, 'D31', 1600, 258, 0.00, 'standard', 0, 'available', '2026-06-15 10:27:28', '2026-06-15 10:27:28'),
(404, 1, 2, 'D', 8, 'D32', 1650, 258, 0.00, 'standard', 0, 'available', '2026-06-15 10:27:28', '2026-06-15 10:27:28'),
(405, 1, 2, 'D', 9, 'D33', 1700, 258, 0.00, 'standard', 0, 'available', '2026-06-15 10:27:28', '2026-06-15 10:27:28'),
(406, 1, 2, 'D', 10, 'D34', 1750, 258, 0.00, 'standard', 0, 'available', '2026-06-15 10:27:28', '2026-06-15 10:27:28'),
(407, 1, 2, 'D', 11, 'D35', 1800, 258, 0.00, 'standard', 0, 'available', '2026-06-15 10:27:28', '2026-06-15 10:27:28'),
(408, 1, 2, 'D', 12, 'D36', 1850, 258, 0.00, 'standard', 0, 'available', '2026-06-15 10:27:28', '2026-06-15 10:27:28'),
(409, 1, 2, 'D', 13, 'D37', 1900, 258, 0.00, 'standard', 0, 'available', '2026-06-15 10:27:28', '2026-06-15 10:27:28'),
(410, 1, 2, 'D', 14, 'D38', 1950, 258, 0.00, 'standard', 0, 'available', '2026-06-15 10:27:28', '2026-06-15 10:27:28'),
(411, 1, 2, 'D', 15, 'D39', 2000, 258, 0.00, 'standard', 0, 'sold', '2026-06-15 10:27:28', '2026-06-15 12:40:19'),
(412, 1, 2, 'D', 16, 'D40', 2050, 258, 0.00, 'standard', 0, 'available', '2026-06-15 10:27:28', '2026-06-15 10:27:28'),
(413, 1, 2, 'D', 17, 'D41', 2100, 258, 0.00, 'standard', 0, 'available', '2026-06-15 10:27:28', '2026-06-15 10:27:28'),
(414, 1, 2, 'D', 18, 'D42', 2150, 258, 0.00, 'standard', 0, 'available', '2026-06-15 10:27:28', '2026-06-15 10:27:28'),
(415, 1, 2, 'D', 19, 'D43', 2200, 258, 0.00, 'standard', 0, 'available', '2026-06-15 10:27:28', '2026-06-15 10:27:28'),
(416, 1, 2, 'D', 20, 'D44', 2250, 258, 0.00, 'standard', 0, 'available', '2026-06-15 10:27:28', '2026-06-15 10:27:28'),
(417, 1, 2, 'D', 21, 'D45', 2300, 258, 0.00, 'standard', 0, 'available', '2026-06-15 10:27:28', '2026-06-15 10:27:28'),
(418, 1, 2, 'D', 22, 'D46', 2350, 258, 0.00, 'standard', 0, 'available', '2026-06-15 10:27:28', '2026-06-15 10:27:28'),
(419, 1, 2, 'D', 23, 'D47', 2400, 258, 0.00, 'standard', 0, 'available', '2026-06-15 10:27:28', '2026-06-15 10:27:28'),
(420, 1, 2, 'D', 24, 'D48', 2450, 258, 0.00, 'standard', 0, 'available', '2026-06-15 10:27:28', '2026-06-15 10:27:28'),
(421, 1, 2, 'D', 25, 'D49', 2500, 258, 0.00, 'standard', 0, 'available', '2026-06-15 10:27:28', '2026-06-15 10:27:28'),
(422, 1, 2, 'D', 26, 'D50', 2550, 258, 0.00, 'standard', 0, 'available', '2026-06-15 10:27:28', '2026-06-15 10:27:28'),
(423, 1, 2, 'D', 27, 'D51', 2600, 258, 0.00, 'standard', 0, 'available', '2026-06-15 10:27:28', '2026-06-15 10:27:28'),
(424, 1, 2, 'D', 28, 'D52', 2650, 258, 0.00, 'standard', 0, 'available', '2026-06-15 10:27:28', '2026-06-15 10:27:28'),
(425, 1, 2, 'E', 1, 'E25', 1300, 294, 0.00, 'standard', 0, 'available', '2026-06-15 10:27:28', '2026-06-15 10:27:28'),
(426, 1, 2, 'E', 2, 'E26', 1350, 294, 0.00, 'standard', 0, 'available', '2026-06-15 10:27:28', '2026-06-15 10:27:28'),
(427, 1, 2, 'E', 3, 'E27', 1400, 294, 0.00, 'standard', 0, 'available', '2026-06-15 10:27:28', '2026-06-15 10:27:28'),
(428, 1, 2, 'E', 4, 'E28', 1450, 294, 0.00, 'standard', 0, 'available', '2026-06-15 10:27:28', '2026-06-15 10:27:28'),
(429, 1, 2, 'E', 5, 'E29', 1500, 294, 0.00, 'standard', 0, 'available', '2026-06-15 10:27:28', '2026-06-15 10:27:28'),
(430, 1, 2, 'E', 6, 'E30', 1550, 294, 0.00, 'standard', 0, 'available', '2026-06-15 10:27:28', '2026-06-15 10:27:28'),
(431, 1, 2, 'E', 7, 'E31', 1600, 294, 0.00, 'standard', 0, 'available', '2026-06-15 10:27:28', '2026-06-15 10:27:28'),
(432, 1, 2, 'E', 8, 'E32', 1650, 294, 0.00, 'standard', 0, 'available', '2026-06-15 10:27:28', '2026-06-15 10:27:28'),
(433, 1, 2, 'E', 9, 'E33', 1700, 294, 0.00, 'standard', 0, 'available', '2026-06-15 10:27:28', '2026-06-15 10:27:28'),
(434, 1, 2, 'E', 10, 'E34', 1750, 294, 0.00, 'standard', 0, 'available', '2026-06-15 10:27:28', '2026-06-15 10:27:28'),
(435, 1, 2, 'E', 11, 'E35', 1800, 294, 0.00, 'standard', 0, 'available', '2026-06-15 10:27:28', '2026-06-15 10:27:28'),
(436, 1, 2, 'E', 12, 'E36', 1850, 294, 0.00, 'standard', 0, 'available', '2026-06-15 10:27:28', '2026-06-15 10:27:28'),
(437, 1, 2, 'E', 13, 'E37', 1900, 294, 0.00, 'standard', 0, 'available', '2026-06-15 10:27:28', '2026-06-15 10:27:28'),
(438, 1, 2, 'E', 14, 'E38', 1950, 294, 0.00, 'standard', 0, 'available', '2026-06-15 10:27:28', '2026-06-15 10:27:28'),
(439, 1, 2, 'E', 15, 'E39', 2000, 294, 0.00, 'standard', 0, 'available', '2026-06-15 10:27:28', '2026-06-15 10:27:28'),
(440, 1, 2, 'E', 16, 'E40', 2050, 294, 0.00, 'standard', 0, 'available', '2026-06-15 10:27:28', '2026-06-15 10:27:28'),
(441, 1, 2, 'E', 17, 'E41', 2100, 294, 0.00, 'standard', 0, 'available', '2026-06-15 10:27:28', '2026-06-15 10:27:28'),
(442, 1, 2, 'E', 18, 'E42', 2150, 294, 0.00, 'standard', 0, 'available', '2026-06-15 10:27:28', '2026-06-15 10:27:28'),
(443, 1, 2, 'E', 19, 'E43', 2200, 294, 0.00, 'standard', 0, 'available', '2026-06-15 10:27:28', '2026-06-15 10:27:28'),
(444, 1, 2, 'E', 20, 'E44', 2250, 294, 0.00, 'standard', 0, 'available', '2026-06-15 10:27:28', '2026-06-15 10:27:28'),
(445, 1, 2, 'E', 21, 'E45', 2300, 294, 0.00, 'standard', 0, 'available', '2026-06-15 10:27:28', '2026-06-15 10:27:28'),
(446, 1, 2, 'E', 22, 'E46', 2350, 294, 0.00, 'standard', 0, 'available', '2026-06-15 10:27:28', '2026-06-15 10:27:28'),
(447, 1, 2, 'E', 23, 'E47', 2400, 294, 0.00, 'standard', 0, 'available', '2026-06-15 10:27:28', '2026-06-15 10:27:28'),
(448, 1, 2, 'E', 24, 'E48', 2450, 294, 0.00, 'standard', 0, 'available', '2026-06-15 10:27:28', '2026-06-15 10:27:28'),
(449, 1, 2, 'E', 25, 'E49', 2500, 294, 0.00, 'standard', 0, 'available', '2026-06-15 10:27:28', '2026-06-15 10:27:28'),
(450, 1, 2, 'E', 26, 'E50', 2550, 294, 0.00, 'standard', 0, 'available', '2026-06-15 10:27:28', '2026-06-15 10:27:28'),
(451, 1, 2, 'E', 27, 'E51', 2600, 294, 0.00, 'standard', 0, 'available', '2026-06-15 10:27:28', '2026-06-15 10:27:28'),
(452, 1, 2, 'E', 28, 'E52', 2650, 294, 0.00, 'standard', 0, 'available', '2026-06-15 10:27:28', '2026-06-15 10:27:28'),
(453, 1, 2, 'F', 1, 'F25', 1300, 330, 0.00, 'standard', 0, 'available', '2026-06-15 10:27:28', '2026-06-15 10:27:28'),
(454, 1, 2, 'F', 2, 'F26', 1350, 330, 0.00, 'standard', 0, 'available', '2026-06-15 10:27:28', '2026-06-15 10:27:28'),
(455, 1, 2, 'F', 3, 'F27', 1400, 330, 0.00, 'standard', 0, 'available', '2026-06-15 10:27:28', '2026-06-15 10:27:28'),
(456, 1, 2, 'F', 4, 'F28', 1450, 330, 0.00, 'standard', 0, 'available', '2026-06-15 10:27:28', '2026-06-15 10:27:28'),
(457, 1, 2, 'F', 5, 'F29', 1500, 330, 0.00, 'standard', 0, 'sold', '2026-06-15 10:27:28', '2026-06-15 10:28:22'),
(458, 1, 2, 'F', 6, 'F30', 1550, 330, 0.00, 'standard', 0, 'available', '2026-06-15 10:27:28', '2026-06-15 10:27:28'),
(459, 1, 2, 'F', 7, 'F31', 1600, 330, 0.00, 'standard', 0, 'available', '2026-06-15 10:27:28', '2026-06-15 10:27:28'),
(460, 1, 2, 'F', 8, 'F32', 1650, 330, 0.00, 'standard', 0, 'available', '2026-06-15 10:27:28', '2026-06-15 10:27:28'),
(461, 1, 2, 'F', 9, 'F33', 1700, 330, 0.00, 'standard', 0, 'available', '2026-06-15 10:27:28', '2026-06-15 10:27:28'),
(462, 1, 2, 'F', 10, 'F34', 1750, 330, 0.00, 'standard', 0, 'available', '2026-06-15 10:27:28', '2026-06-15 10:27:28'),
(463, 1, 2, 'F', 11, 'F35', 1800, 330, 0.00, 'standard', 0, 'available', '2026-06-15 10:27:28', '2026-06-15 10:27:28'),
(464, 1, 2, 'F', 12, 'F36', 1850, 330, 0.00, 'standard', 0, 'available', '2026-06-15 10:27:28', '2026-06-15 10:27:28'),
(465, 1, 2, 'F', 13, 'F37', 1900, 330, 0.00, 'standard', 0, 'available', '2026-06-15 10:27:28', '2026-06-15 10:27:28'),
(466, 1, 2, 'F', 14, 'F38', 1950, 330, 0.00, 'standard', 0, 'available', '2026-06-15 10:27:28', '2026-06-15 10:27:28'),
(467, 1, 2, 'F', 15, 'F39', 2000, 330, 0.00, 'standard', 0, 'available', '2026-06-15 10:27:28', '2026-06-15 10:27:28'),
(468, 1, 2, 'F', 16, 'F40', 2050, 330, 0.00, 'standard', 0, 'available', '2026-06-15 10:27:28', '2026-06-15 10:27:28'),
(469, 1, 2, 'F', 17, 'F41', 2100, 330, 0.00, 'standard', 0, 'available', '2026-06-15 10:27:28', '2026-06-15 10:27:28'),
(470, 1, 2, 'F', 18, 'F42', 2150, 330, 0.00, 'standard', 0, 'available', '2026-06-15 10:27:28', '2026-06-15 10:27:28'),
(471, 1, 2, 'F', 19, 'F43', 2200, 330, 0.00, 'standard', 0, 'available', '2026-06-15 10:27:28', '2026-06-15 10:27:28'),
(472, 1, 2, 'F', 20, 'F44', 2250, 330, 0.00, 'standard', 0, 'available', '2026-06-15 10:27:28', '2026-06-15 10:27:28'),
(473, 1, 2, 'F', 21, 'F45', 2300, 330, 0.00, 'standard', 0, 'available', '2026-06-15 10:27:28', '2026-06-15 10:27:28'),
(474, 1, 2, 'F', 22, 'F46', 2350, 330, 0.00, 'standard', 0, 'available', '2026-06-15 10:27:28', '2026-06-15 10:27:28'),
(475, 1, 2, 'F', 23, 'F47', 2400, 330, 0.00, 'standard', 0, 'available', '2026-06-15 10:27:28', '2026-06-15 10:27:28'),
(476, 1, 2, 'F', 24, 'F48', 2450, 330, 0.00, 'standard', 0, 'available', '2026-06-15 10:27:28', '2026-06-15 10:27:28'),
(477, 1, 2, 'F', 25, 'F49', 2500, 330, 0.00, 'standard', 0, 'available', '2026-06-15 10:27:28', '2026-06-15 10:27:28'),
(478, 1, 2, 'F', 26, 'F50', 2550, 330, 0.00, 'standard', 0, 'available', '2026-06-15 10:27:28', '2026-06-15 10:27:28'),
(479, 1, 2, 'F', 27, 'F51', 2600, 330, 0.00, 'standard', 0, 'available', '2026-06-15 10:27:28', '2026-06-15 10:27:28'),
(480, 1, 2, 'F', 28, 'F52', 2650, 330, 0.00, 'standard', 0, 'available', '2026-06-15 10:27:28', '2026-06-15 10:27:28'),
(481, 1, 2, 'G', 1, 'G25', 1300, 366, 0.00, 'standard', 0, 'available', '2026-06-15 10:27:28', '2026-06-15 10:27:28'),
(482, 1, 2, 'G', 2, 'G26', 1350, 366, 0.00, 'standard', 0, 'available', '2026-06-15 10:27:28', '2026-06-15 10:27:28'),
(483, 1, 2, 'G', 3, 'G27', 1400, 366, 0.00, 'standard', 0, 'available', '2026-06-15 10:27:28', '2026-06-15 10:27:28'),
(484, 1, 2, 'G', 4, 'G28', 1450, 366, 0.00, 'standard', 0, 'available', '2026-06-15 10:27:28', '2026-06-15 10:27:28'),
(485, 1, 2, 'G', 5, 'G29', 1500, 366, 0.00, 'standard', 0, 'available', '2026-06-15 10:27:28', '2026-06-15 10:27:28'),
(486, 1, 2, 'G', 6, 'G30', 1550, 366, 0.00, 'standard', 0, 'available', '2026-06-15 10:27:28', '2026-06-15 10:27:28'),
(487, 1, 2, 'G', 7, 'G31', 1600, 366, 0.00, 'standard', 0, 'available', '2026-06-15 10:27:28', '2026-06-15 10:27:28'),
(488, 1, 2, 'G', 8, 'G32', 1650, 366, 0.00, 'standard', 0, 'available', '2026-06-15 10:27:28', '2026-06-15 10:27:28'),
(489, 1, 2, 'G', 9, 'G33', 1700, 366, 0.00, 'standard', 0, 'available', '2026-06-15 10:27:28', '2026-06-15 10:27:28'),
(490, 1, 2, 'G', 10, 'G34', 1750, 366, 0.00, 'standard', 0, 'available', '2026-06-15 10:27:28', '2026-06-15 10:27:28'),
(491, 1, 2, 'G', 11, 'G35', 1800, 366, 0.00, 'standard', 0, 'available', '2026-06-15 10:27:28', '2026-06-15 10:27:28'),
(492, 1, 2, 'G', 12, 'G36', 1850, 366, 0.00, 'standard', 0, 'available', '2026-06-15 10:27:28', '2026-06-15 10:27:28'),
(493, 1, 2, 'G', 13, 'G37', 1900, 366, 0.00, 'standard', 0, 'available', '2026-06-15 10:27:28', '2026-06-15 10:27:28'),
(494, 1, 2, 'G', 14, 'G38', 1950, 366, 0.00, 'standard', 0, 'available', '2026-06-15 10:27:28', '2026-06-15 10:27:28'),
(495, 1, 2, 'G', 15, 'G39', 2000, 366, 0.00, 'standard', 0, 'available', '2026-06-15 10:27:28', '2026-06-15 10:27:28'),
(496, 1, 2, 'G', 16, 'G40', 2050, 366, 0.00, 'standard', 0, 'available', '2026-06-15 10:27:28', '2026-06-15 10:27:28'),
(497, 1, 2, 'G', 17, 'G41', 2100, 366, 0.00, 'standard', 0, 'available', '2026-06-15 10:27:28', '2026-06-15 10:27:28'),
(498, 1, 2, 'G', 18, 'G42', 2150, 366, 0.00, 'standard', 0, 'available', '2026-06-15 10:27:28', '2026-06-15 10:27:28'),
(499, 1, 2, 'G', 19, 'G43', 2200, 366, 0.00, 'standard', 0, 'available', '2026-06-15 10:27:28', '2026-06-15 10:27:28'),
(500, 1, 2, 'G', 20, 'G44', 2250, 366, 0.00, 'standard', 0, 'available', '2026-06-15 10:27:28', '2026-06-15 10:27:28');

INSERT INTO `seats` (`id`, `venue_id`, `section_id`, `row_label`, `seat_number`, `label`, `x_position`, `y_position`, `price`, `type`, `is_gap`, `status`, `created_at`, `updated_at`) VALUES
(501, 1, 2, 'G', 21, 'G45', 2300, 366, 0.00, 'standard', 0, 'available', '2026-06-15 10:27:28', '2026-06-15 10:27:28'),
(502, 1, 2, 'G', 22, 'G46', 2350, 366, 0.00, 'standard', 0, 'available', '2026-06-15 10:27:28', '2026-06-15 10:27:28'),
(503, 1, 2, 'G', 23, 'G47', 2400, 366, 0.00, 'standard', 0, 'available', '2026-06-15 10:27:28', '2026-06-15 10:27:28'),
(504, 1, 2, 'G', 24, 'G48', 2450, 366, 0.00, 'standard', 0, 'available', '2026-06-15 10:27:28', '2026-06-15 10:27:28'),
(505, 1, 2, 'G', 25, 'G49', 2500, 366, 0.00, 'standard', 0, 'available', '2026-06-15 10:27:28', '2026-06-15 10:27:28'),
(506, 1, 2, 'G', 26, 'G50', 2550, 366, 0.00, 'standard', 0, 'available', '2026-06-15 10:27:28', '2026-06-15 10:27:28'),
(507, 1, 2, 'G', 27, 'G51', 2600, 366, 0.00, 'standard', 0, 'available', '2026-06-15 10:27:28', '2026-06-15 10:27:28'),
(508, 1, 2, 'G', 28, 'G52', 2650, 366, 0.00, 'standard', 0, 'available', '2026-06-15 10:27:28', '2026-06-15 10:27:28'),
(509, 1, 2, 'H', 1, 'H25', 1300, 402, 0.00, 'standard', 0, 'available', '2026-06-15 10:27:28', '2026-06-15 10:27:28'),
(510, 1, 2, 'H', 2, 'H26', 1350, 402, 0.00, 'standard', 0, 'available', '2026-06-15 10:27:28', '2026-06-15 10:27:28'),
(511, 1, 2, 'H', 3, 'H27', 1400, 402, 0.00, 'standard', 0, 'available', '2026-06-15 10:27:28', '2026-06-15 10:27:28'),
(512, 1, 2, 'H', 4, 'H28', 1450, 402, 0.00, 'standard', 0, 'available', '2026-06-15 10:27:28', '2026-06-15 10:27:28'),
(513, 1, 2, 'H', 5, 'H29', 1500, 402, 0.00, 'standard', 0, 'available', '2026-06-15 10:27:28', '2026-06-15 10:27:28'),
(514, 1, 2, 'H', 6, 'H30', 1550, 402, 0.00, 'standard', 0, 'available', '2026-06-15 10:27:28', '2026-06-15 10:27:28'),
(515, 1, 2, 'H', 7, 'H31', 1600, 402, 0.00, 'standard', 0, 'available', '2026-06-15 10:27:28', '2026-06-15 10:27:28'),
(516, 1, 2, 'H', 8, 'H32', 1650, 402, 0.00, 'standard', 0, 'available', '2026-06-15 10:27:28', '2026-06-15 10:27:28'),
(517, 1, 2, 'H', 9, 'H33', 1700, 402, 0.00, 'standard', 0, 'available', '2026-06-15 10:27:28', '2026-06-15 10:27:28'),
(518, 1, 2, 'H', 10, 'H34', 1750, 402, 0.00, 'standard', 0, 'available', '2026-06-15 10:27:28', '2026-06-15 10:27:28'),
(519, 1, 2, 'H', 11, 'H35', 1800, 402, 0.00, 'standard', 0, 'available', '2026-06-15 10:27:28', '2026-06-15 10:27:28'),
(520, 1, 2, 'H', 12, 'H36', 1850, 402, 0.00, 'standard', 0, 'available', '2026-06-15 10:27:28', '2026-06-15 10:27:28'),
(521, 1, 2, 'H', 13, 'H37', 1900, 402, 0.00, 'standard', 0, 'available', '2026-06-15 10:27:28', '2026-06-15 10:27:28'),
(522, 1, 2, 'H', 14, 'H38', 1950, 402, 0.00, 'standard', 0, 'available', '2026-06-15 10:27:28', '2026-06-15 10:27:28'),
(523, 1, 2, 'H', 15, 'H39', 2000, 402, 0.00, 'standard', 0, 'available', '2026-06-15 10:27:28', '2026-06-15 10:27:28'),
(524, 1, 2, 'H', 16, 'H40', 2050, 402, 0.00, 'standard', 0, 'available', '2026-06-15 10:27:28', '2026-06-15 10:27:28'),
(525, 1, 2, 'H', 17, 'H41', 2100, 402, 0.00, 'standard', 0, 'available', '2026-06-15 10:27:28', '2026-06-15 10:27:28'),
(526, 1, 2, 'H', 18, 'H42', 2150, 402, 0.00, 'standard', 0, 'available', '2026-06-15 10:27:28', '2026-06-15 10:27:28'),
(527, 1, 2, 'H', 19, 'H43', 2200, 402, 0.00, 'standard', 0, 'available', '2026-06-15 10:27:28', '2026-06-15 10:27:28'),
(528, 1, 2, 'H', 20, 'H44', 2250, 402, 0.00, 'standard', 0, 'available', '2026-06-15 10:27:28', '2026-06-15 10:27:28'),
(529, 1, 2, 'H', 21, 'H45', 2300, 402, 0.00, 'standard', 0, 'available', '2026-06-15 10:27:28', '2026-06-15 10:27:28'),
(530, 1, 2, 'H', 22, 'H46', 2350, 402, 0.00, 'standard', 0, 'available', '2026-06-15 10:27:28', '2026-06-15 10:27:28'),
(531, 1, 2, 'H', 23, 'H47', 2400, 402, 0.00, 'standard', 0, 'available', '2026-06-15 10:27:28', '2026-06-15 10:27:28'),
(532, 1, 2, 'H', 24, 'H48', 2450, 402, 0.00, 'standard', 0, 'available', '2026-06-15 10:27:28', '2026-06-15 10:27:28'),
(533, 1, 2, 'H', 25, 'H49', 2500, 402, 0.00, 'standard', 0, 'available', '2026-06-15 10:27:28', '2026-06-15 10:27:28'),
(534, 1, 2, 'H', 26, 'H50', 2550, 402, 0.00, 'standard', 0, 'available', '2026-06-15 10:27:28', '2026-06-15 10:27:28'),
(535, 1, 2, 'H', 27, 'H51', 2600, 402, 0.00, 'standard', 0, 'available', '2026-06-15 10:27:28', '2026-06-15 10:27:28'),
(536, 1, 2, 'H', 28, 'H52', 2650, 402, 0.00, 'standard', 0, 'available', '2026-06-15 10:27:28', '2026-06-15 10:27:28'),
(537, 1, 2, 'I', 1, 'I25', 1300, 438, 0.00, 'standard', 0, 'available', '2026-06-15 10:27:28', '2026-06-15 10:27:28'),
(538, 1, 2, 'I', 2, 'I26', 1350, 438, 0.00, 'standard', 0, 'available', '2026-06-15 10:27:28', '2026-06-15 10:27:28'),
(539, 1, 2, 'I', 3, 'I27', 1400, 438, 0.00, 'standard', 0, 'available', '2026-06-15 10:27:28', '2026-06-15 10:27:28'),
(540, 1, 2, 'I', 4, 'I28', 1450, 438, 0.00, 'standard', 0, 'available', '2026-06-15 10:27:28', '2026-06-15 10:27:28'),
(541, 1, 2, 'I', 5, 'I29', 1500, 438, 0.00, 'standard', 0, 'available', '2026-06-15 10:27:28', '2026-06-15 10:27:28'),
(542, 1, 2, 'I', 6, 'I30', 1550, 438, 0.00, 'standard', 0, 'available', '2026-06-15 10:27:28', '2026-06-15 10:27:28'),
(543, 1, 2, 'I', 7, 'I31', 1600, 438, 0.00, 'standard', 0, 'available', '2026-06-15 10:27:28', '2026-06-15 10:27:28'),
(544, 1, 2, 'I', 8, 'I32', 1650, 438, 0.00, 'standard', 0, 'available', '2026-06-15 10:27:28', '2026-06-15 10:27:28'),
(545, 1, 2, 'I', 9, 'I33', 1700, 438, 0.00, 'standard', 0, 'available', '2026-06-15 10:27:28', '2026-06-15 10:27:28'),
(546, 1, 2, 'I', 10, 'I34', 1750, 438, 0.00, 'standard', 0, 'available', '2026-06-15 10:27:28', '2026-06-15 10:27:28'),
(547, 1, 2, 'I', 11, 'I35', 1800, 438, 0.00, 'standard', 0, 'available', '2026-06-15 10:27:28', '2026-06-15 10:27:28'),
(548, 1, 2, 'I', 12, 'I36', 1850, 438, 0.00, 'standard', 0, 'available', '2026-06-15 10:27:28', '2026-06-15 10:27:28'),
(549, 1, 2, 'I', 13, 'I37', 1900, 438, 0.00, 'standard', 0, 'available', '2026-06-15 10:27:28', '2026-06-15 10:27:28'),
(550, 1, 2, 'I', 14, 'I38', 1950, 438, 0.00, 'standard', 0, 'available', '2026-06-15 10:27:28', '2026-06-15 10:27:28'),
(551, 1, 2, 'I', 15, 'I39', 2000, 438, 0.00, 'standard', 0, 'available', '2026-06-15 10:27:28', '2026-06-15 10:27:28'),
(552, 1, 2, 'I', 16, 'I40', 2050, 438, 0.00, 'standard', 0, 'available', '2026-06-15 10:27:28', '2026-06-15 10:27:28'),
(553, 1, 2, 'I', 17, 'I41', 2100, 438, 0.00, 'standard', 0, 'available', '2026-06-15 10:27:28', '2026-06-15 10:27:28'),
(554, 1, 2, 'I', 18, 'I42', 2150, 438, 0.00, 'standard', 0, 'available', '2026-06-15 10:27:28', '2026-06-15 10:27:28'),
(555, 1, 2, 'I', 19, 'I43', 2200, 438, 0.00, 'standard', 0, 'available', '2026-06-15 10:27:28', '2026-06-15 10:27:28'),
(556, 1, 2, 'I', 20, 'I44', 2250, 438, 0.00, 'standard', 0, 'available', '2026-06-15 10:27:28', '2026-06-15 10:27:28'),
(557, 1, 2, 'I', 21, 'I45', 2300, 438, 0.00, 'standard', 0, 'available', '2026-06-15 10:27:28', '2026-06-15 10:27:28'),
(558, 1, 2, 'I', 22, 'I46', 2350, 438, 0.00, 'standard', 0, 'available', '2026-06-15 10:27:28', '2026-06-15 10:27:28'),
(559, 1, 2, 'I', 23, 'I47', 2400, 438, 0.00, 'standard', 0, 'available', '2026-06-15 10:27:28', '2026-06-15 10:27:28'),
(560, 1, 2, 'I', 24, 'I48', 2450, 438, 0.00, 'standard', 0, 'available', '2026-06-15 10:27:28', '2026-06-15 10:27:28'),
(561, 1, 2, 'I', 25, 'I49', 2500, 438, 0.00, 'standard', 0, 'available', '2026-06-15 10:27:28', '2026-06-15 10:27:28'),
(562, 1, 2, 'I', 26, 'I50', 2550, 438, 0.00, 'standard', 0, 'available', '2026-06-15 10:27:28', '2026-06-15 10:27:28'),
(563, 1, 2, 'I', 27, 'I51', 2600, 438, 0.00, 'standard', 0, 'available', '2026-06-15 10:27:28', '2026-06-15 10:27:28'),
(564, 1, 2, 'I', 28, 'I52', 2650, 438, 0.00, 'standard', 0, 'available', '2026-06-15 10:27:28', '2026-06-15 10:27:28'),
(565, 1, 2, 'J', 1, 'J25', 1300, 474, 0.00, 'standard', 0, 'available', '2026-06-15 10:27:28', '2026-06-15 10:27:28'),
(566, 1, 2, 'J', 2, 'J26', 1350, 474, 0.00, 'standard', 0, 'available', '2026-06-15 10:27:28', '2026-06-15 10:27:28'),
(567, 1, 2, 'J', 3, 'J27', 1400, 474, 0.00, 'standard', 0, 'available', '2026-06-15 10:27:28', '2026-06-15 10:27:28'),
(568, 1, 2, 'J', 4, 'J28', 1450, 474, 0.00, 'standard', 0, 'available', '2026-06-15 10:27:28', '2026-06-15 10:27:28'),
(569, 1, 2, 'J', 5, 'J29', 1500, 474, 0.00, 'standard', 0, 'available', '2026-06-15 10:27:28', '2026-06-15 10:27:28'),
(570, 1, 2, 'J', 6, 'J30', 1550, 474, 0.00, 'standard', 0, 'available', '2026-06-15 10:27:28', '2026-06-15 10:27:28'),
(571, 1, 2, 'J', 7, 'J31', 1600, 474, 0.00, 'standard', 0, 'available', '2026-06-15 10:27:28', '2026-06-15 10:27:28'),
(572, 1, 2, 'J', 8, 'J32', 1650, 474, 0.00, 'standard', 0, 'available', '2026-06-15 10:27:28', '2026-06-15 10:27:28'),
(573, 1, 2, 'J', 9, 'J33', 1700, 474, 0.00, 'standard', 0, 'available', '2026-06-15 10:27:28', '2026-06-15 10:27:28'),
(574, 1, 2, 'J', 10, 'J34', 1750, 474, 0.00, 'standard', 0, 'available', '2026-06-15 10:27:28', '2026-06-15 10:27:28'),
(575, 1, 2, 'J', 11, 'J35', 1800, 474, 0.00, 'standard', 0, 'available', '2026-06-15 10:27:28', '2026-06-15 10:27:28'),
(576, 1, 2, 'J', 12, 'J36', 1850, 474, 0.00, 'standard', 0, 'available', '2026-06-15 10:27:28', '2026-06-15 10:27:28'),
(577, 1, 2, 'J', 13, 'J37', 1900, 474, 0.00, 'standard', 0, 'available', '2026-06-15 10:27:28', '2026-06-15 10:27:28'),
(578, 1, 2, 'J', 14, 'J38', 1950, 474, 0.00, 'standard', 0, 'available', '2026-06-15 10:27:28', '2026-06-15 10:27:28'),
(579, 1, 2, 'J', 15, 'J39', 2000, 474, 0.00, 'standard', 0, 'available', '2026-06-15 10:27:28', '2026-06-15 10:27:28'),
(580, 1, 2, 'J', 16, 'J40', 2050, 474, 0.00, 'standard', 0, 'available', '2026-06-15 10:27:28', '2026-06-15 10:27:28'),
(581, 1, 2, 'J', 17, 'J41', 2100, 474, 0.00, 'standard', 0, 'available', '2026-06-15 10:27:28', '2026-06-15 10:27:28'),
(582, 1, 2, 'J', 18, 'J42', 2150, 474, 0.00, 'standard', 0, 'available', '2026-06-15 10:27:28', '2026-06-15 10:27:28'),
(583, 1, 2, 'J', 19, 'J43', 2200, 474, 0.00, 'standard', 0, 'available', '2026-06-15 10:27:28', '2026-06-15 10:27:28'),
(584, 1, 2, 'J', 20, 'J44', 2250, 474, 0.00, 'standard', 0, 'available', '2026-06-15 10:27:28', '2026-06-15 10:27:28'),
(585, 1, 2, 'J', 21, 'J45', 2300, 474, 0.00, 'standard', 0, 'available', '2026-06-15 10:27:28', '2026-06-15 10:27:28'),
(586, 1, 2, 'J', 22, 'J46', 2350, 474, 0.00, 'standard', 0, 'available', '2026-06-15 10:27:28', '2026-06-15 10:27:28'),
(587, 1, 2, 'J', 23, 'J47', 2400, 474, 0.00, 'standard', 0, 'available', '2026-06-15 10:27:28', '2026-06-15 10:27:28'),
(588, 1, 2, 'J', 24, 'J48', 2450, 474, 0.00, 'standard', 0, 'available', '2026-06-15 10:27:28', '2026-06-15 10:27:28'),
(589, 1, 2, 'J', 25, 'J49', 2500, 474, 0.00, 'standard', 0, 'available', '2026-06-15 10:27:28', '2026-06-15 10:27:28'),
(590, 1, 2, 'J', 26, 'J50', 2550, 474, 0.00, 'standard', 0, 'available', '2026-06-15 10:27:28', '2026-06-15 10:27:28'),
(591, 1, 2, 'J', 27, 'J51', 2600, 474, 0.00, 'standard', 0, 'available', '2026-06-15 10:27:28', '2026-06-15 10:27:28'),
(592, 1, 2, 'J', 28, 'J52', 2650, 474, 0.00, 'standard', 0, 'available', '2026-06-15 10:27:28', '2026-06-15 10:27:28'),
(593, 1, 2, 'K', 1, 'K25', 1300, 510, 0.00, 'standard', 0, 'available', '2026-06-15 10:27:28', '2026-06-15 10:27:28'),
(594, 1, 2, 'K', 2, 'K26', 1350, 510, 0.00, 'standard', 0, 'available', '2026-06-15 10:27:28', '2026-06-15 10:27:28'),
(595, 1, 2, 'K', 3, 'K27', 1400, 510, 0.00, 'standard', 0, 'available', '2026-06-15 10:27:28', '2026-06-15 10:27:28'),
(596, 1, 2, 'K', 4, 'K28', 1450, 510, 0.00, 'standard', 0, 'available', '2026-06-15 10:27:28', '2026-06-15 10:27:28'),
(597, 1, 2, 'K', 5, 'K29', 1500, 510, 0.00, 'standard', 0, 'available', '2026-06-15 10:27:28', '2026-06-15 10:27:28'),
(598, 1, 2, 'K', 6, 'K30', 1550, 510, 0.00, 'standard', 0, 'available', '2026-06-15 10:27:28', '2026-06-15 10:27:28'),
(599, 1, 2, 'K', 7, 'K31', 1600, 510, 0.00, 'standard', 0, 'available', '2026-06-15 10:27:28', '2026-06-15 10:27:28'),
(600, 1, 2, 'K', 8, 'K32', 1650, 510, 0.00, 'standard', 0, 'available', '2026-06-15 10:27:28', '2026-06-15 10:27:28'),
(601, 1, 2, 'K', 9, 'K33', 1700, 510, 0.00, 'standard', 0, 'available', '2026-06-15 10:27:28', '2026-06-15 10:27:28'),
(602, 1, 2, 'K', 10, 'K34', 1750, 510, 0.00, 'standard', 0, 'available', '2026-06-15 10:27:28', '2026-06-15 10:27:28'),
(603, 1, 2, 'K', 11, 'K35', 1800, 510, 0.00, 'standard', 0, 'available', '2026-06-15 10:27:28', '2026-06-15 10:27:28'),
(604, 1, 2, 'K', 12, 'K36', 1850, 510, 0.00, 'standard', 0, 'available', '2026-06-15 10:27:28', '2026-06-15 10:27:28'),
(605, 1, 2, 'K', 13, 'K37', 1900, 510, 0.00, 'standard', 0, 'available', '2026-06-15 10:27:28', '2026-06-15 10:27:28'),
(606, 1, 2, 'K', 14, 'K38', 1950, 510, 0.00, 'standard', 0, 'available', '2026-06-15 10:27:28', '2026-06-15 10:27:28'),
(607, 1, 2, 'K', 15, 'K39', 2000, 510, 0.00, 'standard', 0, 'available', '2026-06-15 10:27:28', '2026-06-15 10:27:28'),
(608, 1, 2, 'K', 16, 'K40', 2050, 510, 0.00, 'standard', 0, 'available', '2026-06-15 10:27:28', '2026-06-15 10:27:28'),
(609, 1, 2, 'K', 17, 'K41', 2100, 510, 0.00, 'standard', 0, 'available', '2026-06-15 10:27:28', '2026-06-15 10:27:28'),
(610, 1, 2, 'K', 18, 'K42', 2150, 510, 0.00, 'standard', 0, 'available', '2026-06-15 10:27:28', '2026-06-15 10:27:28'),
(611, 1, 2, 'K', 19, 'K43', 2200, 510, 0.00, 'standard', 0, 'available', '2026-06-15 10:27:28', '2026-06-15 10:27:28'),
(612, 1, 2, 'K', 20, 'K44', 2250, 510, 0.00, 'standard', 0, 'available', '2026-06-15 10:27:28', '2026-06-15 10:27:28'),
(613, 1, 2, 'K', 21, 'K45', 2300, 510, 0.00, 'standard', 0, 'available', '2026-06-15 10:27:28', '2026-06-15 10:27:28'),
(614, 1, 2, 'K', 22, 'K46', 2350, 510, 0.00, 'standard', 0, 'available', '2026-06-15 10:27:28', '2026-06-15 10:27:28'),
(615, 1, 2, 'K', 23, 'K47', 2400, 510, 0.00, 'standard', 0, 'available', '2026-06-15 10:27:28', '2026-06-15 10:27:28'),
(616, 1, 2, 'K', 24, 'K48', 2450, 510, 0.00, 'standard', 0, 'available', '2026-06-15 10:27:28', '2026-06-15 10:27:28'),
(617, 1, 2, 'K', 25, 'K49', 2500, 510, 0.00, 'standard', 0, 'available', '2026-06-15 10:27:28', '2026-06-15 10:27:28'),
(618, 1, 2, 'K', 26, 'K50', 2550, 510, 0.00, 'standard', 0, 'available', '2026-06-15 10:27:28', '2026-06-15 10:27:28'),
(619, 1, 2, 'K', 27, 'K51', 2600, 510, 0.00, 'standard', 0, 'available', '2026-06-15 10:27:28', '2026-06-15 10:27:28'),
(620, 1, 2, 'K', 28, 'K52', 2650, 510, 0.00, 'standard', 0, 'available', '2026-06-15 10:27:28', '2026-06-15 10:27:28'),
(621, 1, 2, 'L', 1, 'L25', 1300, 546, 0.00, 'standard', 0, 'available', '2026-06-15 10:27:28', '2026-06-15 10:27:28'),
(622, 1, 2, 'L', 2, 'L26', 1350, 546, 0.00, 'standard', 0, 'available', '2026-06-15 10:27:28', '2026-06-15 10:27:28'),
(623, 1, 2, 'L', 3, 'L27', 1400, 546, 0.00, 'standard', 0, 'available', '2026-06-15 10:27:28', '2026-06-15 10:27:28'),
(624, 1, 2, 'L', 4, 'L28', 1450, 546, 0.00, 'standard', 0, 'available', '2026-06-15 10:27:28', '2026-06-15 10:27:28'),
(625, 1, 2, 'L', 5, 'L29', 1500, 546, 0.00, 'standard', 0, 'available', '2026-06-15 10:27:28', '2026-06-15 10:27:28'),
(626, 1, 2, 'L', 6, 'L30', 1550, 546, 0.00, 'standard', 0, 'available', '2026-06-15 10:27:28', '2026-06-15 10:27:28'),
(627, 1, 2, 'L', 7, 'L31', 1600, 546, 0.00, 'standard', 0, 'available', '2026-06-15 10:27:28', '2026-06-15 10:27:28'),
(628, 1, 2, 'L', 8, 'L32', 1650, 546, 0.00, 'standard', 0, 'available', '2026-06-15 10:27:28', '2026-06-15 10:27:28'),
(629, 1, 2, 'L', 9, 'L33', 1700, 546, 0.00, 'standard', 0, 'available', '2026-06-15 10:27:28', '2026-06-15 10:27:28'),
(630, 1, 2, 'L', 10, 'L34', 1750, 546, 0.00, 'standard', 0, 'available', '2026-06-15 10:27:28', '2026-06-15 10:27:28'),
(631, 1, 2, 'L', 11, 'L35', 1800, 546, 0.00, 'standard', 0, 'available', '2026-06-15 10:27:28', '2026-06-15 10:27:28'),
(632, 1, 2, 'L', 12, 'L36', 1850, 546, 0.00, 'standard', 0, 'available', '2026-06-15 10:27:28', '2026-06-15 10:27:28'),
(633, 1, 2, 'L', 13, 'L37', 1900, 546, 0.00, 'standard', 0, 'available', '2026-06-15 10:27:28', '2026-06-15 10:27:28'),
(634, 1, 2, 'L', 14, 'L38', 1950, 546, 0.00, 'standard', 0, 'available', '2026-06-15 10:27:28', '2026-06-15 10:27:28'),
(635, 1, 2, 'L', 15, 'L39', 2000, 546, 0.00, 'standard', 0, 'available', '2026-06-15 10:27:28', '2026-06-15 10:27:28'),
(636, 1, 2, 'L', 16, 'L40', 2050, 546, 0.00, 'standard', 0, 'available', '2026-06-15 10:27:28', '2026-06-15 10:27:28'),
(637, 1, 2, 'L', 17, 'L41', 2100, 546, 0.00, 'standard', 0, 'available', '2026-06-15 10:27:28', '2026-06-15 10:27:28'),
(638, 1, 2, 'L', 18, 'L42', 2150, 546, 0.00, 'standard', 0, 'available', '2026-06-15 10:27:28', '2026-06-15 10:27:28'),
(639, 1, 2, 'L', 19, 'L43', 2200, 546, 0.00, 'standard', 0, 'available', '2026-06-15 10:27:28', '2026-06-15 10:27:28'),
(640, 1, 2, 'L', 20, 'L44', 2250, 546, 0.00, 'standard', 0, 'available', '2026-06-15 10:27:28', '2026-06-15 10:27:28'),
(641, 1, 2, 'L', 21, 'L45', 2300, 546, 0.00, 'standard', 0, 'available', '2026-06-15 10:27:28', '2026-06-15 10:27:28'),
(642, 1, 2, 'L', 22, 'L46', 2350, 546, 0.00, 'standard', 0, 'available', '2026-06-15 10:27:28', '2026-06-15 10:27:28'),
(643, 1, 2, 'L', 23, 'L47', 2400, 546, 0.00, 'standard', 0, 'available', '2026-06-15 10:27:28', '2026-06-15 10:27:28'),
(644, 1, 2, 'L', 24, 'L48', 2450, 546, 0.00, 'standard', 0, 'available', '2026-06-15 10:27:28', '2026-06-15 10:27:28'),
(645, 1, 2, 'L', 25, 'L49', 2500, 546, 0.00, 'standard', 0, 'available', '2026-06-15 10:27:28', '2026-06-15 10:27:28'),
(646, 1, 2, 'L', 26, 'L50', 2550, 546, 0.00, 'standard', 0, 'available', '2026-06-15 10:27:28', '2026-06-15 10:27:28'),
(647, 1, 2, 'L', 27, 'L51', 2600, 546, 0.00, 'standard', 0, 'available', '2026-06-15 10:27:28', '2026-06-15 10:27:28'),
(648, 1, 2, 'L', 28, 'L52', 2650, 546, 0.00, 'standard', 0, 'available', '2026-06-15 10:27:28', '2026-06-15 10:27:28'),
(649, 1, 2, 'M', 1, 'M25', 1300, 582, 0.00, 'standard', 0, 'available', '2026-06-15 10:27:28', '2026-06-15 10:27:28'),
(650, 1, 2, 'M', 2, 'M26', 1350, 582, 0.00, 'standard', 0, 'available', '2026-06-15 10:27:28', '2026-06-15 10:27:28'),
(651, 1, 2, 'M', 3, 'M27', 1400, 582, 0.00, 'standard', 0, 'available', '2026-06-15 10:27:28', '2026-06-15 10:27:28'),
(652, 1, 2, 'M', 4, 'M28', 1450, 582, 0.00, 'standard', 0, 'available', '2026-06-15 10:27:28', '2026-06-15 10:27:28'),
(653, 1, 2, 'M', 5, 'M29', 1500, 582, 0.00, 'standard', 0, 'available', '2026-06-15 10:27:28', '2026-06-15 10:27:28'),
(654, 1, 2, 'M', 6, 'M30', 1550, 582, 0.00, 'standard', 0, 'available', '2026-06-15 10:27:28', '2026-06-15 10:27:28'),
(655, 1, 2, 'M', 7, 'M31', 1600, 582, 0.00, 'standard', 0, 'available', '2026-06-15 10:27:28', '2026-06-15 10:27:28'),
(656, 1, 2, 'M', 8, 'M32', 1650, 582, 0.00, 'standard', 0, 'available', '2026-06-15 10:27:28', '2026-06-15 10:27:28'),
(657, 1, 2, 'M', 9, 'M33', 1700, 582, 0.00, 'standard', 0, 'available', '2026-06-15 10:27:28', '2026-06-15 10:27:28'),
(658, 1, 2, 'M', 10, 'M34', 1750, 582, 0.00, 'standard', 0, 'available', '2026-06-15 10:27:28', '2026-06-15 10:27:28'),
(659, 1, 2, 'M', 11, 'M35', 1800, 582, 0.00, 'standard', 0, 'available', '2026-06-15 10:27:28', '2026-06-15 10:27:28'),
(660, 1, 2, 'M', 12, 'M36', 1850, 582, 0.00, 'standard', 0, 'available', '2026-06-15 10:27:28', '2026-06-15 10:27:28'),
(661, 1, 2, 'M', 13, 'M37', 1900, 582, 0.00, 'standard', 0, 'available', '2026-06-15 10:27:28', '2026-06-15 10:27:28'),
(662, 1, 2, 'M', 14, 'M38', 1950, 582, 0.00, 'standard', 0, 'available', '2026-06-15 10:27:28', '2026-06-15 10:27:28'),
(663, 1, 2, 'M', 15, 'M39', 2000, 582, 0.00, 'standard', 0, 'available', '2026-06-15 10:27:28', '2026-06-15 10:27:28'),
(664, 1, 2, 'M', 16, 'M40', 2050, 582, 0.00, 'standard', 0, 'available', '2026-06-15 10:27:28', '2026-06-15 10:27:28'),
(665, 1, 2, 'M', 17, 'M41', 2100, 582, 0.00, 'standard', 0, 'available', '2026-06-15 10:27:28', '2026-06-15 10:27:28'),
(666, 1, 2, 'M', 18, 'M42', 2150, 582, 0.00, 'standard', 0, 'available', '2026-06-15 10:27:28', '2026-06-15 10:27:28'),
(667, 1, 2, 'M', 19, 'M43', 2200, 582, 0.00, 'standard', 0, 'available', '2026-06-15 10:27:28', '2026-06-15 10:27:28'),
(668, 1, 2, 'M', 20, 'M44', 2250, 582, 0.00, 'standard', 0, 'available', '2026-06-15 10:27:28', '2026-06-15 10:27:28'),
(669, 1, 2, 'M', 21, 'M45', 2300, 582, 0.00, 'standard', 0, 'available', '2026-06-15 10:27:28', '2026-06-15 10:27:28'),
(670, 1, 2, 'M', 22, 'M46', 2350, 582, 0.00, 'standard', 0, 'available', '2026-06-15 10:27:28', '2026-06-15 10:27:28'),
(671, 1, 2, 'M', 23, 'M47', 2400, 582, 0.00, 'standard', 0, 'available', '2026-06-15 10:27:28', '2026-06-15 10:27:28'),
(672, 1, 2, 'M', 24, 'M48', 2450, 582, 0.00, 'standard', 0, 'available', '2026-06-15 10:27:28', '2026-06-15 10:27:28'),
(673, 1, 2, 'M', 25, 'M49', 2500, 582, 0.00, 'standard', 0, 'available', '2026-06-15 10:27:28', '2026-06-15 10:27:28'),
(674, 1, 2, 'M', 26, 'M50', 2550, 582, 0.00, 'standard', 0, 'available', '2026-06-15 10:27:28', '2026-06-15 10:27:28'),
(675, 1, 2, 'M', 27, 'M51', 2600, 582, 0.00, 'standard', 0, 'available', '2026-06-15 10:27:28', '2026-06-15 10:27:28'),
(676, 1, 2, 'M', 28, 'M52', 2650, 582, 0.00, 'standard', 0, 'available', '2026-06-15 10:27:28', '2026-06-15 10:27:28'),
(699, 1, 3, 'SAHNE', 1, NULL, 171573, 0, 0.00, 'disabled', 0, 'blocked', '2026-06-15 10:27:28', '2026-06-15 10:27:28'),
(700, 1, 3, 'SAHNE', 1, NULL, 171818, 0, 0.00, 'disabled', 0, 'blocked', '2026-06-15 10:27:28', '2026-06-15 10:27:28'),
(701, 1, 3, 'SAHNE', 1, NULL, 172064, 0, 0.00, 'disabled', 0, 'blocked', '2026-06-15 10:27:28', '2026-06-15 10:27:28'),
(702, 1, 3, 'SAHNE', 1, NULL, 172309, 0, 0.00, 'disabled', 0, 'blocked', '2026-06-15 10:27:28', '2026-06-15 10:27:28'),
(703, 1, 3, 'SAHNE', 1, NULL, 172555, 0, 0.00, 'disabled', 0, 'blocked', '2026-06-15 10:27:28', '2026-06-15 10:27:28'),
(704, 1, 3, 'SAHNE', 1, NULL, 172800, 0, 0.00, 'disabled', 0, 'blocked', '2026-06-15 10:27:28', '2026-06-15 10:27:28'),
(705, 1, 3, 'SAHNE', 1, NULL, 173045, 0, 0.00, 'disabled', 0, 'blocked', '2026-06-15 10:27:28', '2026-06-15 10:27:28'),
(706, 1, 3, 'SAHNE', 1, NULL, 173291, 0, 0.00, 'disabled', 0, 'blocked', '2026-06-15 10:27:28', '2026-06-15 10:27:28'),
(707, 1, 3, 'SAHNE', 1, NULL, 173536, 0, 0.00, 'disabled', 0, 'blocked', '2026-06-15 10:27:28', '2026-06-15 10:27:28'),
(708, 1, 3, 'SAHNE', 1, NULL, 173782, 0, 0.00, 'disabled', 0, 'blocked', '2026-06-15 10:27:28', '2026-06-15 10:27:28');

INSERT INTO `sections` (`id`, `venue_id`, `name`, `sort_order`, `created_at`, `updated_at`) VALUES
(1, 1, 'SOL BLOK', 1, '2026-06-15 10:27:28', '2026-06-15 10:27:28'),
(2, 1, 'SAG BLOK', 2, '2026-06-15 10:27:28', '2026-06-15 10:27:28'),
(3, 1, 'SAHNE', 3, '2026-06-15 10:27:28', '2026-06-15 10:27:28'),
(4, 1, 'HALI', 4, '2026-06-15 10:27:28', '2026-06-15 10:27:28');

INSERT INTO `sessions` (`id`, `user_id`, `ip_address`, `user_agent`, `payload`, `last_activity`) VALUES
('2XE2DOrRXj1JbMEzmG9jwsER8itwo2LJmTjV4uAy', NULL, '127.0.0.1', 'Mozilla/5.0 (Macintosh; Intel Mac OS X 10_15_7) AppleWebKit/537.36 (KHTML, like Gecko) Chrome/149.0.0.0 Safari/537.36', 'eyJfdG9rZW4iOiJGczdCYjg2aVRjMDV6M05YMmRPeXpwbGI3YmM5ZVRCQTlzSERjMXVSIiwiX2ZsYXNoIjp7Im9sZCI6W10sIm5ldyI6W119fQ==', 1781535012),
('81Zh8cPb95uwlUCK4paoobwPhVyWTzN6AeWBDlDM', NULL, '127.0.0.1', 'curl/8.7.1', 'eyJfdG9rZW4iOiJIdUdtTGs3dGowSmJTTlU1andKMUxnOTZiWjk5R0NLZmlMV01xUExLIiwiX2ZsYXNoIjp7Im9sZCI6W10sIm5ldyI6W119fQ==', 1781532825),
('CszWMLy1b55yIYaWlvVVoTpYtwBqFQuX0b3C86eK', 2, '127.0.0.1', 'Mozilla/5.0 (Macintosh; Intel Mac OS X 10_15_7) AppleWebKit/537.36 (KHTML, like Gecko) Chrome/149.0.0.0 Safari/537.36', 'eyJfdG9rZW4iOiJnaUpQUlpsZzV6QVBOU0NDU0Iyc0M2dDVuY3A2MUFZdEVVMnZvN0xiIiwiX2ZsYXNoIjp7Im9sZCI6W10sIm5ldyI6W119LCJfcHJldmlvdXMiOnsidXJsIjoiaHR0cDpcL1wvMTI3LjAuMC4xOjgwMDBcL2V2ZW50c1wvaWxrb2dyZXRpbS1tZXp1bml5ZXQtMjAyNiIsInJvdXRlIjoiZXZlbnRzLnNob3cifSwibG9naW5fd2ViXzU5YmEzNmFkZGMyYjJmOTQwMTU4MGYwMTRjN2Y1OGVhNGUzMDk4OWQiOjJ9', 1781529072),
('KZXt6Hf4QyXy0sMFtoXs6UhkCN5r9m74EFpJiclW', 4, '127.0.0.1', 'Mozilla/5.0 (Macintosh; Intel Mac OS X 10_15_7) AppleWebKit/537.36 (KHTML, like Gecko) Chrome/149.0.0.0 Safari/537.36', 'eyJfdG9rZW4iOiJ2VWY0T044Q2s3ZVZIR216eUNBajZ1amEzZVZ4OVdvNU90c0U1V0tLIiwiX2ZsYXNoIjp7Im9sZCI6W10sIm5ldyI6W119LCJfcHJldmlvdXMiOnsidXJsIjoiaHR0cDpcL1wvMTI3LjAuMC4xOjgwMDBcL2V2ZW50c1wvaWxrb2dyZXRpbS1tZXp1bml5ZXQtMjAyNiIsInJvdXRlIjoiZXZlbnRzLnNob3cifSwibG9naW5fd2ViXzU5YmEzNmFkZGMyYjJmOTQwMTU4MGYwMTRjN2Y1OGVhNGUzMDk4OWQiOjR9', 1781535012),
('SxVrdZxAoKYYvChpa6fJH4ExOgoUa6CrEk9QpPnA', 4, '127.0.0.1', 'Mozilla/5.0 (Macintosh; Intel Mac OS X 10_15_7) AppleWebKit/537.36 (KHTML, like Gecko) Chrome/149.0.0.0 Safari/537.36', 'eyJfdG9rZW4iOiJEYkllWlN4RU13RUlTTmtlMDhaOUpDb1lVV0VEaXRrOUZERFkzVXpTIiwiX2ZsYXNoIjp7Im9sZCI6W10sIm5ldyI6W119LCJfcHJldmlvdXMiOnsidXJsIjoiaHR0cDpcL1wvMTI3LjAuMC4xOjgwMDBcL3NlY3VyaXR5XC90aWNrZXRzXC9TQ0FOIiwicm91dGUiOiJzZWN1cml0eS5zaG93In0sImxvZ2luX3dlYl81OWJhMzZhZGRjMmIyZjk0MDE1ODBmMDE0YzdmNThlYTRlMzA5ODlkIjo0fQ==', 1781528658);

INSERT INTO `tickets` (`id`, `reservation_id`, `user_id`, `event_id`, `ticket_code`, `qr_code_path`, `status`, `attendee_name`, `attendee_tc`, `checked_in_at`, `created_at`, `updated_at`) VALUES
(1, 2, 2, 1, 'AREL-2026-ORZEQJ', 'qrcodes/AREL-2026-ORZEQJ.svg', 'active', 'Yusuf Sinan Akpınar', '42541495914', NULL, '2026-06-15 09:26:39', '2026-06-15 09:26:39'),
(2, 2, 2, 1, 'AREL-2026-X1VO7Y', 'qrcodes/AREL-2026-X1VO7Y.svg', 'active', 'Nuriye Akpınar', '51226473550', NULL, '2026-06-15 09:26:39', '2026-06-15 09:26:39'),
(3, 6, 2, 1, 'AREL-2026-DVJWSQ', 'qrcodes/AREL-2026-DVJWSQ.svg', 'used', 'Yusuf Sinan Akpınar', '42541495914', '2026-06-15 14:14:34', '2026-06-15 10:13:28', '2026-06-15 14:14:34'),
(4, 8, 1, 1, 'AREL-2026-SKA3KK', 'qrcodes/AREL-2026-SKA3KK.svg', 'active', 'Yusuf Sinan Akpınar', '42541495914', NULL, '2026-06-15 10:28:22', '2026-06-15 10:28:22'),
(5, 11, 2, 1, 'AREL-2026-LVTBHD', 'qrcodes/AREL-2026-LVTBHD.svg', 'active', 'deneme', '42541495914', NULL, '2026-06-15 12:40:19', '2026-06-15 12:40:19'),
(6, 12, 2, 1, 'AREL-2026-ZQOCRV', 'qrcodes/AREL-2026-ZQOCRV.svg', 'active', 'Yusuf Sinan', '42541495914', NULL, '2026-06-15 12:45:29', '2026-06-15 12:45:29');

INSERT INTO `venues` (`id`, `name`, `address`, `map_image`, `created_at`, `updated_at`) VALUES
(1, 'Terakki Levent Kampusu - Sahne Salonu', 'Terakki Vakfi Ozel Sisli Terakki Lisesi, Levent Kampusu', NULL, '2026-06-15 10:27:28', '2026-06-15 10:27:28');



